{"id":288,"date":"2018-12-17T16:41:04","date_gmt":"2018-12-17T16:41:04","guid":{"rendered":"http:\/\/ppediciones.cl\/?page_id=288"},"modified":"2024-07-16T14:18:58","modified_gmt":"2024-07-16T14:18:58","slug":"auto-draft","status":"publish","type":"page","link":"https:\/\/ppediciones.cl\/?page_id=288","title":{"rendered":"Nuestro Equipo"},"content":{"rendered":"\n  <div id=\"page-header-1774559759\" class=\"page-header-wrapper\">\n  <div class=\"page-title dark featured-title\">\n\n        <div class=\"page-title-bg\">\n      <div class=\"title-bg fill bg-fill\"\n        data-parallax-container=\".page-title\"\n        data-parallax-background\n        data-parallax=\"-\">\n      <\/div>\n      <div class=\"title-overlay fill\"><\/div>\n    <\/div>\n    \n    <div class=\"page-title-inner container align-center flex-row medium-flex-wrap\" >\n              <div class=\"title-wrapper flex-col text-left medium-text-center\">\n          <h1 class=\"entry-title mb-0\">\n            Nuestro Equipo          <\/h1>\n        <\/div>\n                    <div class=\"title-content flex-col flex-right text-right medium-text-center\">\n        <div class=\"title-breadcrumbs pb-half pt-half\"><nav class=\"woocommerce-breadcrumb breadcrumbs uppercase\">Inicio<\/nav><\/div>      <\/div>\n    <\/div>\n\n     \n<style>\n#page-header-1774559759 .title-bg {\n  background-image: url(https:\/\/ppediciones.cl\/wp-content\/uploads\/2018\/12\/tree-304181_640.png);\n}\n<\/style>\n  <\/div>\n    <\/div>\n  \n\n\t<div id=\"gap-931924355\" class=\"gap-element clearfix\" style=\"display:block; height:auto;\">\n\t\t\n<style>\n#gap-931924355 {\n  padding-top: 30px;\n}\n<\/style>\n\t<\/div>\n\t\n\n<div class=\"row\"  id=\"row-523233930\">\n\n\n\t<div id=\"col-296676772\" class=\"col medium-6 small-12 large-6\"  >\n\t\t\t\t<div class=\"col-inner\" style=\"background-color:rgb(255, 246, 246);\" >\n\t\t\t\n\t\t\t\n\n    <div class=\"box has-hover has-hover box-text-bottom\" >\n\n                  <div class=\"box-image \" style=\"width:42%;\">\n           <div class=\"box-image-inner image-cover\" style=\"border-radius:100%;padding-top:101%;\">\n              <img loading=\"lazy\" decoding=\"async\" width=\"886\" height=\"916\" src=\"https:\/\/ppediciones.cl\/wp-content\/uploads\/2024\/07\/IMG-20240714-WA0023.jpg\" class=\"attachment- size-\" alt=\"\" srcset=\"https:\/\/ppediciones.cl\/wp-content\/uploads\/2024\/07\/IMG-20240714-WA0023.jpg 886w, https:\/\/ppediciones.cl\/wp-content\/uploads\/2024\/07\/IMG-20240714-WA0023-387x400.jpg 387w, https:\/\/ppediciones.cl\/wp-content\/uploads\/2024\/07\/IMG-20240714-WA0023-774x800.jpg 774w, https:\/\/ppediciones.cl\/wp-content\/uploads\/2024\/07\/IMG-20240714-WA0023-768x794.jpg 768w, https:\/\/ppediciones.cl\/wp-content\/uploads\/2024\/07\/IMG-20240714-WA0023-858x887.jpg 858w, https:\/\/ppediciones.cl\/wp-content\/uploads\/2024\/07\/IMG-20240714-WA0023-537x555.jpg 537w, https:\/\/ppediciones.cl\/wp-content\/uploads\/2024\/07\/IMG-20240714-WA0023-97x100.jpg 97w\" sizes=\"auto, (max-width: 886px) 100vw, 886px\" \/>              <div class=\"overlay\" style=\"background-color:rgba(255, 255, 255, 0)\"><\/div>           <\/div>\n          <\/div>\n         \n          <div class=\"box-text text-center\" style=\"background-color:rgba(255, 255, 255, 0);\">\n                <div class=\"box-text-inner\">\n                  <h4 class=\"uppercase\">\n                    <span class=\"person-name\">PATRICIO VIDAL TORO (PAVITO)<\/span><br\/>\n                    <span class=\"person-title is-small thin-font op-7\">\n                      Editor y Representante legal                    <\/span>\n                  <\/h4>\n                                  \n\n\t<div id=\"text-2563564439\" class=\"text\">\n\t\t\n\n<p style=\"text-align: justify;\">Naci\u00f3 en Coya, Machal\u00ed, el 17 de enero de 1978. Escritor, editor, gestor cultural y Conductor y creador del programa de tv Palabras del autor. En noviembre de 2001 crea la editorial Primeros Pasos, con el fin de facilitar la publicaci\u00f3n de las obras de autores de la regi\u00f3n de O\u2019Higgins as\u00ed como del resto del pa\u00eds. Diplomado en Ediciones y Publicaciones de la Universidad Cat\u00f3lica de Chile, como escritor ha publicado m\u00e1s de una decena de libros entre los que destacan \u201cPaVadas Ilustradas\u201d (2009) y \u201cEl tercer hijo\u201d (2014).<\/p>\n\t\t\n<style>\n#text-2563564439 {\n  text-align: center;\n}\n<\/style>\n\t<\/div>\n\t\n\n                <\/div>\n          <\/div>\n    <\/div>\n\n    \n    \n\n\t\t<\/div>\n\t\t\t\t\t<\/div>\n\n\t\n\n\t<div id=\"col-1435535618\" class=\"col medium-6 small-12 large-6\"  >\n\t\t\t\t<div class=\"col-inner\"  >\n\t\t\t\n\t\t\t\n\n    <div class=\"box has-hover has-hover box-text-bottom\" >\n\n                  <div class=\"box-image \" style=\"width:42%;\">\n           <div class=\"box-image-inner image-cover\" style=\"border-radius:100%;padding-top:100%;\">\n              <img loading=\"lazy\" decoding=\"async\" width=\"296\" height=\"326\" src=\"https:\/\/ppediciones.cl\/wp-content\/uploads\/2024\/07\/EEDFG.jpg\" class=\"attachment- size-\" alt=\"\" srcset=\"https:\/\/ppediciones.cl\/wp-content\/uploads\/2024\/07\/EEDFG.jpg 296w, https:\/\/ppediciones.cl\/wp-content\/uploads\/2024\/07\/EEDFG-91x100.jpg 91w\" sizes=\"auto, (max-width: 296px) 100vw, 296px\" \/>                         <\/div>\n          <\/div>\n         \n          <div class=\"box-text text-center\" >\n                <div class=\"box-text-inner\">\n                  <h4 class=\"uppercase\">\n                    <span class=\"person-name\">\u00c1NGEL VIDAL JIR\u00d3N<\/span><br\/>\n                    <span class=\"person-title is-small thin-font op-7\">\n                      DISE\u00d1O Y REDES SOCIALES                    <\/span>\n                  <\/h4>\n                                  \n\n\t<div id=\"text-3070285685\" class=\"text\">\n\t\t\n\n<p style=\"text-align: justify;\">\u00c1ngel Vidal, naci\u00f3 el 8 de diciembre del 2001 en Rancagua, O&#8217;higgins. Actualmente est\u00e1 estudiando publicidad, desarroll\u00e1ndose en el \u00e1rea de direcci\u00f3n de arte. Lleva 2 a\u00f1os siendo activista LGBT+ en Tiktok bajo el nombre de @elangelitonobinario, donde tiene m\u00e1s de 100 mil seguidores.<\/p>\n\t\t\n<style>\n#text-3070285685 {\n  text-align: center;\n}\n<\/style>\n\t<\/div>\n\t\n\n                <\/div>\n          <\/div>\n    <\/div>\n\n    \n    \n\n\t\t<\/div>\n\t\t\t\t\t<\/div>\n\n\t\n\n<\/div>\n<div class=\"row\"  id=\"row-180309630\">\n\n\n\t<div id=\"col-1180271308\" class=\"col medium-6 small-12 large-6\"  >\n\t\t\t\t<div class=\"col-inner\"  >\n\t\t\t\n\t\t\t\n\n    <div class=\"box has-hover has-hover box-text-bottom\" >\n\n                  <div class=\"box-image \" style=\"width:42%;\">\n           <div class=\"box-image-inner image-cover\" style=\"border-radius:100%;padding-top:100%;\">\n              <img loading=\"lazy\" decoding=\"async\" width=\"720\" height=\"1179\" src=\"https:\/\/ppediciones.cl\/wp-content\/uploads\/2023\/06\/Imagen-de-WhatsApp-2023-04-20-a-las-22.43.27.jpg\" class=\"attachment- size-\" alt=\"\" srcset=\"https:\/\/ppediciones.cl\/wp-content\/uploads\/2023\/06\/Imagen-de-WhatsApp-2023-04-20-a-las-22.43.27.jpg 720w, https:\/\/ppediciones.cl\/wp-content\/uploads\/2023\/06\/Imagen-de-WhatsApp-2023-04-20-a-las-22.43.27-555x909.jpg 555w, https:\/\/ppediciones.cl\/wp-content\/uploads\/2023\/06\/Imagen-de-WhatsApp-2023-04-20-a-las-22.43.27-244x400.jpg 244w, https:\/\/ppediciones.cl\/wp-content\/uploads\/2023\/06\/Imagen-de-WhatsApp-2023-04-20-a-las-22.43.27-489x800.jpg 489w\" sizes=\"auto, (max-width: 720px) 100vw, 720px\" \/>                         <\/div>\n          <\/div>\n         \n          <div class=\"box-text text-center\" >\n                <div class=\"box-text-inner\">\n                  <h4 class=\"uppercase\">\n                    <span class=\"person-name\">H\u00e9ctor g\u00f3mez<\/span><br\/>\n                    <span class=\"person-title is-small thin-font op-7\">\n                      P\u00c1GINA WEB Y DIRECCI\u00d3N TELEVISIVA                    <\/span>\n                  <\/h4>\n                 <div class=\"social-icons follow-icons\" ><a href=\"https:\/\/www.linkedin.com\/in\/h%C3%A9ctor-g-b3300b32\/\" target=\"_blank\" rel=\"noopener noreferrer nofollow\" data-label=\"LinkedIn\" class=\"icon primary button circle  linkedin tooltip\" title=\"Follow on LinkedIn\" aria-label=\"Follow on LinkedIn\"><i class=\"icon-linkedin\" ><\/i><\/a><\/div>                 \n\n<p>Ingeniero en inform\u00e1tica y comunicador audiovisual, fot\u00f3grafo y camar\u00f3grafo, Dise\u00f1ador web, community manager, Ha trabajado en producciones como \u201cEl Giornalista\u201d de Canal 13C, realizador de comerciales para TV y Radio, creador de contenido, asesor digital de empresas y m\u00e1s. Due\u00f1o de agencia digital 2\u00d73, es el director del programa Palabras del autor de la editorial.<\/p>\n\n                <\/div>\n          <\/div>\n    <\/div>\n\n    \n    \n\n\t\t<\/div>\n\t\t\t\t\t<\/div>\n\n\t\n\n\t<div id=\"col-908313318\" class=\"col medium-6 small-12 large-6\"  >\n\t\t\t\t<div class=\"col-inner\" style=\"background-color:rgb(255, 244, 244);\" >\n\t\t\t\n\t\t\t\n\n    <div class=\"box has-hover has-hover box-text-bottom\" >\n\n                  <div class=\"box-image \" style=\"width:42%;\">\n           <div class=\"box-image-inner image-cover\" style=\"border-radius:100%;padding-top:100%;\">\n              <img loading=\"lazy\" decoding=\"async\" width=\"1600\" height=\"1200\" src=\"https:\/\/ppediciones.cl\/wp-content\/uploads\/2024\/07\/IMG-20240712-WA0044.jpg\" class=\"attachment- size-\" alt=\"\" srcset=\"https:\/\/ppediciones.cl\/wp-content\/uploads\/2024\/07\/IMG-20240712-WA0044.jpg 1600w, https:\/\/ppediciones.cl\/wp-content\/uploads\/2024\/07\/IMG-20240712-WA0044-533x400.jpg 533w, https:\/\/ppediciones.cl\/wp-content\/uploads\/2024\/07\/IMG-20240712-WA0044-1067x800.jpg 1067w, https:\/\/ppediciones.cl\/wp-content\/uploads\/2024\/07\/IMG-20240712-WA0044-768x576.jpg 768w, https:\/\/ppediciones.cl\/wp-content\/uploads\/2024\/07\/IMG-20240712-WA0044-1536x1152.jpg 1536w, https:\/\/ppediciones.cl\/wp-content\/uploads\/2024\/07\/IMG-20240712-WA0044-887x665.jpg 887w, https:\/\/ppediciones.cl\/wp-content\/uploads\/2024\/07\/IMG-20240712-WA0044-555x416.jpg 555w, https:\/\/ppediciones.cl\/wp-content\/uploads\/2024\/07\/IMG-20240712-WA0044-100x75.jpg 100w\" sizes=\"auto, (max-width: 1600px) 100vw, 1600px\" \/>                         <\/div>\n          <\/div>\n         \n          <div class=\"box-text text-center\" >\n                <div class=\"box-text-inner\">\n                  <h4 class=\"uppercase\">\n                    <span class=\"person-name\">ALONSO SALAZAR P\u00c9REZ<\/span><br\/>\n                    <span class=\"person-title is-small thin-font op-7\">\n                      Ilustraci\u00f3n y Artes visuales                    <\/span>\n                  <\/h4>\n                                  \n\n<p>Alonso\u00a0Salazar P\u00e9rez, naci\u00f3 el 14 de junio de 1969 en Peumo, regi\u00f3n de O\u2019Higgins. En la actualidad reside en la ciudad de Rancagua, donde trabaja como dise\u00f1ador gr\u00e1fico e ilustrador de textos para importantes editoriales en Chile. Su especialidad es la ilustraci\u00f3n infantil y cient\u00edfica, adem\u00e1s del c\u00f3mic, disciplina con la que se gan\u00f3 el reconocimiento de sus pares, especialmente por su personaje de historietas Sewellman. En la actualidad junto a su esposa Ester Fern\u00e1ndez, recorre congresos y ferias dentro y fuera de Chile, mostrando su trabajo de ilustraci\u00f3n de naturaleza aplicada a diferentes soportes y productos bajo el nombre de &#8220;Aves de Piedra&#8221;.<\/p>\n\n                <\/div>\n          <\/div>\n    <\/div>\n\n    \n    \n\n\t\t<\/div>\n\t\t\t\t\t<\/div>\n\n\t\n\n<\/div>\n<div class=\"row\"  id=\"row-296465693\">\n\n\n\t<div id=\"col-1595848044\" class=\"col medium-3 small-6 large-3\"  >\n\t\t\t\t<div class=\"col-inner\"  >\n\t\t\t\n\t\t\t\n\n\n\t\t<\/div>\n\t\t\t\t\t<\/div>\n\n\t\n\n\t<div id=\"col-1688943453\" class=\"col medium-3 small-6 large-3\"  >\n\t\t\t\t<div class=\"col-inner\"  >\n\t\t\t\n\t\t\t\n\n\n\t\t<\/div>\n\t\t\t\t\t<\/div>\n\n\t\n\n\t<div id=\"col-1566507485\" class=\"col medium-3 small-6 large-3\"  >\n\t\t\t\t<div class=\"col-inner\"  >\n\t\t\t\n\t\t\t\n\n\n\t\t<\/div>\n\t\t\t\t\t<\/div>\n\n\t\n\n\t<div id=\"col-157282560\" class=\"col medium-3 small-6 large-3\"  >\n\t\t\t\t<div class=\"col-inner\"  >\n\t\t\t\n\t\t\t\n\n\n\t\t<\/div>\n\t\t\t\t\t<\/div>\n\n\t\n\n<\/div>\n\n","protected":false},"excerpt":{"rendered":"","protected":false},"author":1,"featured_media":0,"parent":0,"menu_order":0,"comment_status":"closed","ping_status":"closed","template":"page-blank.php","meta":{"footnotes":""},"class_list":["post-288","page","type-page","status-publish","hentry"],"_links":{"self":[{"href":"https:\/\/ppediciones.cl\/index.php?rest_route=\/wp\/v2\/pages\/288","targetHints":{"allow":["GET"]}}],"collection":[{"href":"https:\/\/ppediciones.cl\/index.php?rest_route=\/wp\/v2\/pages"}],"about":[{"href":"https:\/\/ppediciones.cl\/index.php?rest_route=\/wp\/v2\/types\/page"}],"author":[{"embeddable":true,"href":"https:\/\/ppediciones.cl\/index.php?rest_route=\/wp\/v2\/users\/1"}],"replies":[{"embeddable":true,"href":"https:\/\/ppediciones.cl\/index.php?rest_route=%2Fwp%2Fv2%2Fcomments&post=288"}],"version-history":[{"count":17,"href":"https:\/\/ppediciones.cl\/index.php?rest_route=\/wp\/v2\/pages\/288\/revisions"}],"predecessor-version":[{"id":2739,"href":"https:\/\/ppediciones.cl\/index.php?rest_route=\/wp\/v2\/pages\/288\/revisions\/2739"}],"wp:attachment":[{"href":"https:\/\/ppediciones.cl\/index.php?rest_route=%2Fwp%2Fv2%2Fmedia&parent=288"}],"curies":[{"name":"wp","href":"https:\/\/api.w.org\/{rel}","templated":true}]}}

<div id="page-header-1774559759" class="page-header-wrapper">
  <div class="page-title dark featured-title">

        <div class="page-title-bg">
      <div class="title-bg fill bg-fill"
        data-parallax-container=".page-title"
        data-parallax-background
        data-parallax="-">
      </div>
      <div class="title-overlay fill"></div>
    </div>
    
    <div class="page-title-inner container align-center flex-row medium-flex-wrap" >
              <div class="title-wrapper flex-col text-left medium-text-center">
          <h1 class="entry-title mb-0">
            Nuestro Equipo          </h1>
        </div>
                    <div class="title-content flex-col flex-right text-right medium-text-center">
        <div class="title-breadcrumbs pb-half pt-half"><nav class="woocommerce-breadcrumb breadcrumbs uppercase">Inicio</nav></div>      </div>
    </div>

     
<style>
#page-header-1774559759 .title-bg {
  background-image: url(https://ppediciones.cl/wp-content/uploads/2018/12/tree-304181_640.png);
}
</style>
  </div>
    </div>
  

	<div id="gap-931924355" class="gap-element clearfix" style="display:block; height:auto;">
		
<style>
#gap-931924355 {
  padding-top: 30px;
}
</style>
	</div>
	

<div class="row"  id="row-523233930">


	<div id="col-296676772" class="col medium-6 small-12 large-6"  >
				<div class="col-inner" style="background-color:rgb(255, 246, 246);" >
			
			

    <div class="box has-hover has-hover box-text-bottom" >

                  <div class="box-image " style="width:42%;">
           <div class="box-image-inner image-cover" style="border-radius:100%;padding-top:101%;">
              <img loading="lazy" decoding="async" width="886" height="916" src="https://ppediciones.cl/wp-content/uploads/2024/07/IMG-20240714-WA0023.jpg" class="attachment- size-" alt="" srcset="https://ppediciones.cl/wp-content/uploads/2024/07/IMG-20240714-WA0023.jpg 886w, https://ppediciones.cl/wp-content/uploads/2024/07/IMG-20240714-WA0023-387x400.jpg 387w, https://ppediciones.cl/wp-content/uploads/2024/07/IMG-20240714-WA0023-774x800.jpg 774w, https://ppediciones.cl/wp-content/uploads/2024/07/IMG-20240714-WA0023-768x794.jpg 768w, https://ppediciones.cl/wp-content/uploads/2024/07/IMG-20240714-WA0023-858x887.jpg 858w, https://ppediciones.cl/wp-content/uploads/2024/07/IMG-20240714-WA0023-537x555.jpg 537w, https://ppediciones.cl/wp-content/uploads/2024/07/IMG-20240714-WA0023-97x100.jpg 97w" sizes="auto, (max-width: 886px) 100vw, 886px" />              <div class="overlay" style="background-color:rgba(255, 255, 255, 0)"></div>           </div>
          </div>
         
          <div class="box-text text-center" style="background-color:rgba(255, 255, 255, 0);">
                <div class="box-text-inner">
                  <h4 class="uppercase">
                    <span class="person-name">PATRICIO VIDAL TORO (PAVITO)</span><br/>
                    <span class="person-title is-small thin-font op-7">
                      Editor y Representante legal                    </span>
                  </h4>
                                  

	<div id="text-2563564439" class="text">
		

<p style="text-align: justify;">Nació en Coya, Machalí, el 17 de enero de 1978. Escritor, editor, gestor cultural y Conductor y creador del programa de tv Palabras del autor. En noviembre de 2001 crea la editorial Primeros Pasos, con el fin de facilitar la publicación de las obras de autores de la región de O’Higgins así como del resto del país. Diplomado en Ediciones y Publicaciones de la Universidad Católica de Chile, como escritor ha publicado más de una decena de libros entre los que destacan “PaVadas Ilustradas” (2009) y “El tercer hijo” (2014).</p>
		
<style>
#text-2563564439 {
  text-align: center;
}
</style>
	</div>
	

                </div>
          </div>
    </div>

    
    

		</div>
					</div>

	

	<div id="col-1435535618" class="col medium-6 small-12 large-6"  >
				<div class="col-inner"  >
			
			

    <div class="box has-hover has-hover box-text-bottom" >

                  <div class="box-image " style="width:42%;">
           <div class="box-image-inner image-cover" style="border-radius:100%;padding-top:100%;">
              <img loading="lazy" decoding="async" width="296" height="326" src="https://ppediciones.cl/wp-content/uploads/2024/07/EEDFG.jpg" class="attachment- size-" alt="" srcset="https://ppediciones.cl/wp-content/uploads/2024/07/EEDFG.jpg 296w, https://ppediciones.cl/wp-content/uploads/2024/07/EEDFG-91x100.jpg 91w" sizes="auto, (max-width: 296px) 100vw, 296px" />                         </div>
          </div>
         
          <div class="box-text text-center" >
                <div class="box-text-inner">
                  <h4 class="uppercase">
                    <span class="person-name">ÁNGEL VIDAL JIRÓN</span><br/>
                    <span class="person-title is-small thin-font op-7">
                      DISEÑO Y REDES SOCIALES                    </span>
                  </h4>
                                  

	<div id="text-3070285685" class="text">
		

<p style="text-align: justify;">Ángel Vidal, nació el 8 de diciembre del 2001 en Rancagua, O&#8217;higgins. Actualmente está estudiando publicidad, desarrollándose en el área de dirección de arte. Lleva 2 años siendo activista LGBT+ en Tiktok bajo el nombre de @elangelitonobinario, donde tiene más de 100 mil seguidores.</p>
		
<style>
#text-3070285685 {
  text-align: center;
}
</style>
	</div>
	

                </div>
          </div>
    </div>

    
    

		</div>
					</div>

	

</div>
<div class="row"  id="row-180309630">


	<div id="col-1180271308" class="col medium-6 small-12 large-6"  >
				<div class="col-inner"  >
			
			

    <div class="box has-hover has-hover box-text-bottom" >

                  <div class="box-image " style="width:42%;">
           <div class="box-image-inner image-cover" style="border-radius:100%;padding-top:100%;">
              <img loading="lazy" decoding="async" width="720" height="1179" src="https://ppediciones.cl/wp-content/uploads/2023/06/Imagen-de-WhatsApp-2023-04-20-a-las-22.43.27.jpg" class="attachment- size-" alt="" srcset="https://ppediciones.cl/wp-content/uploads/2023/06/Imagen-de-WhatsApp-2023-04-20-a-las-22.43.27.jpg 720w, https://ppediciones.cl/wp-content/uploads/2023/06/Imagen-de-WhatsApp-2023-04-20-a-las-22.43.27-555x909.jpg 555w, https://ppediciones.cl/wp-content/uploads/2023/06/Imagen-de-WhatsApp-2023-04-20-a-las-22.43.27-244x400.jpg 244w, https://ppediciones.cl/wp-content/uploads/2023/06/Imagen-de-WhatsApp-2023-04-20-a-las-22.43.27-489x800.jpg 489w" sizes="auto, (max-width: 720px) 100vw, 720px" />                         </div>
          </div>
         
          <div class="box-text text-center" >
                <div class="box-text-inner">
                  <h4 class="uppercase">
                    <span class="person-name">Héctor gómez</span><br/>
                    <span class="person-title is-small thin-font op-7">
                      PÁGINA WEB Y DIRECCIÓN TELEVISIVA                    </span>
                  </h4>
                 <div class="social-icons follow-icons" ><a href="https://www.linkedin.com/in/h%C3%A9ctor-g-b3300b32/" target="_blank" rel="noopener noreferrer nofollow" data-label="LinkedIn" class="icon primary button circle  linkedin tooltip" title="Follow on LinkedIn" aria-label="Follow on LinkedIn"><i class="icon-linkedin" ></i></a></div>                 

<p>Ingeniero en informática y comunicador audiovisual, fotógrafo y camarógrafo, Diseñador web, community manager, Ha trabajado en producciones como “El Giornalista” de Canal 13C, realizador de comerciales para TV y Radio, creador de contenido, asesor digital de empresas y más. Dueño de agencia digital 2×3, es el director del programa Palabras del autor de la editorial.</p>

                </div>
          </div>
    </div>

    
    

		</div>
					</div>

	

	<div id="col-908313318" class="col medium-6 small-12 large-6"  >
				<div class="col-inner" style="background-color:rgb(255, 244, 244);" >
			
			

    <div class="box has-hover has-hover box-text-bottom" >

                  <div class="box-image " style="width:42%;">
           <div class="box-image-inner image-cover" style="border-radius:100%;padding-top:100%;">
              <img loading="lazy" decoding="async" width="1600" height="1200" src="https://ppediciones.cl/wp-content/uploads/2024/07/IMG-20240712-WA0044.jpg" class="attachment- size-" alt="" srcset="https://ppediciones.cl/wp-content/uploads/2024/07/IMG-20240712-WA0044.jpg 1600w, https://ppediciones.cl/wp-content/uploads/2024/07/IMG-20240712-WA0044-533x400.jpg 533w, https://ppediciones.cl/wp-content/uploads/2024/07/IMG-20240712-WA0044-1067x800.jpg 1067w, https://ppediciones.cl/wp-content/uploads/2024/07/IMG-20240712-WA0044-768x576.jpg 768w, https://ppediciones.cl/wp-content/uploads/2024/07/IMG-20240712-WA0044-1536x1152.jpg 1536w, https://ppediciones.cl/wp-content/uploads/2024/07/IMG-20240712-WA0044-887x665.jpg 887w, https://ppediciones.cl/wp-content/uploads/2024/07/IMG-20240712-WA0044-555x416.jpg 555w, https://ppediciones.cl/wp-content/uploads/2024/07/IMG-20240712-WA0044-100x75.jpg 100w" sizes="auto, (max-width: 1600px) 100vw, 1600px" />                         </div>
          </div>
         
          <div class="box-text text-center" >
                <div class="box-text-inner">
                  <h4 class="uppercase">
                    <span class="person-name">ALONSO SALAZAR PÉREZ</span><br/>
                    <span class="person-title is-small thin-font op-7">
                      Ilustración y Artes visuales                    </span>
                  </h4>
                                  

<p>Alonso Salazar Pérez, nació el 14 de junio de 1969 en Peumo, región de O’Higgins. En la actualidad reside en la ciudad de Rancagua, donde trabaja como diseñador gráfico e ilustrador de textos para importantes editoriales en Chile. Su especialidad es la ilustración infantil y científica, además del cómic, disciplina con la que se ganó el reconocimiento de sus pares, especialmente por su personaje de historietas Sewellman. En la actualidad junto a su esposa Ester Fernández, recorre congresos y ferias dentro y fuera de Chile, mostrando su trabajo de ilustración de naturaleza aplicada a diferentes soportes y productos bajo el nombre de &#8220;Aves de Piedra&#8221;.</p>

                </div>
          </div>
    </div>

    
    

		</div>
					</div>

	

</div>
<div class="row"  id="row-296465693">


	<div id="col-1595848044" class="col medium-3 small-6 large-3"  >
				<div class="col-inner"  >
			
			


		</div>
					</div>

	

	<div id="col-1688943453" class="col medium-3 small-6 large-3"  >
				<div class="col-inner"  >
			
			


		</div>
					</div>

	

	<div id="col-1566507485" class="col medium-3 small-6 large-3"  >
				<div class="col-inner"  >
			
			


		</div>
					</div>

	

	<div id="col-157282560" class="col medium-3 small-6 large-3"  >
				<div class="col-inner"  >
			
			


		</div>
					</div>

	

</div>
