{"id":1084,"date":"2020-01-05T01:32:42","date_gmt":"2020-01-05T01:32:42","guid":{"rendered":"http:\/\/ppediciones.cl\/?post_type=product&#038;p=1084"},"modified":"2024-07-18T05:52:33","modified_gmt":"2024-07-18T05:52:33","slug":"cuentos-de-pachy-2-silvia-valdivia","status":"publish","type":"product","link":"https:\/\/ppediciones.cl\/?product=cuentos-de-pachy-2-silvia-valdivia","title":{"rendered":"Cuentos de pachy 2 | Silvia Valdivia"},"content":{"rendered":"<p>\u201cNac\u00ed en Requ\u00ednoa el 22 de abril de 1960, estudi\u00e9 en un colegio municipal, Escuela n\u00famero 19 de Requ\u00ednoa, ah\u00ed llegu\u00e9 a octavo b\u00e1sico.<\/p>\n<p>En ese periodo fui una chica introvertida, hac\u00eda rabiar a los profesores, jam\u00e1s estudiaba, era la que no segu\u00eda las reglas, normas del colegio, me gustaba pintarme, comer chicle, jam\u00e1s particip\u00e9 de alg\u00fan evento estudiantil.<\/p>\n<p>Cuando termin\u00e9 de estudiar el octavo b\u00e1sico, no quise seguir ya que les ten\u00eda p\u00e1nico a las matem\u00e1ticas.<\/p>\n<p>Mi padre me mand\u00f3 a estudiar sastrer\u00eda y me retir\u00e9 cuando me di cuenta que entraban n\u00fameros.<\/p>\n<p>Con el tiempo me cas\u00e9, tuve dos hijos, y me propuse sacar la ense\u00f1anza media en la escuela nocturna, mi tristeza era dejar a mis hijos solos, pero todo sacrificio vali\u00f3 la pena, aunque no entend\u00eda nada, sobre todo las matem\u00e1ticas. Gracias a Dios los profesores y compa\u00f1eros me ayudaron y pude cumplir mi objetivo.<\/p>\n<p>Hasta que descubr\u00ed que ten\u00eda ideas para escribir,\u00a0 las que fui convirtiendo en cuentos. Uno lo envi\u00e9 a Francia,\u00a0 a un concurso, en 1998.<\/p>\n<p>Cuando hice mi primer libro el 2013 \u201cCuentos de Pachy\u201d, se me abrieron varias puertas y desde entonces me reconocen como escritora del pueblo de Requ\u00ednoa\u201d.<\/p>\n","protected":false},"excerpt":{"rendered":"<p>Fecha publicaci\u00f3n: Diciembre 2019<\/p>\n<p>ISBN: 978-956-401-412-8<\/p>\n<p>P\u00e1ginas: 70<\/p>\n<p>Formato: 14 x 21.5 cms.<\/p>\n<p>Valor: $ \u00a07.140 CLP<\/p>\n","protected":false},"featured_media":1085,"comment_status":"open","ping_status":"closed","template":"","meta":[],"product_brand":[],"product_cat":[119,181],"product_tag":[],"class_list":{"0":"post-1084","1":"product","2":"type-product","3":"status-publish","4":"has-post-thumbnail","6":"product_cat-119","7":"product_cat-catalogo","9":"first","10":"instock","11":"taxable","12":"shipping-taxable","13":"product-type-simple"},"_links":{"self":[{"href":"https:\/\/ppediciones.cl\/index.php?rest_route=\/wp\/v2\/product\/1084","targetHints":{"allow":["GET"]}}],"collection":[{"href":"https:\/\/ppediciones.cl\/index.php?rest_route=\/wp\/v2\/product"}],"about":[{"href":"https:\/\/ppediciones.cl\/index.php?rest_route=\/wp\/v2\/types\/product"}],"replies":[{"embeddable":true,"href":"https:\/\/ppediciones.cl\/index.php?rest_route=%2Fwp%2Fv2%2Fcomments&post=1084"}],"wp:featuredmedia":[{"embeddable":true,"href":"https:\/\/ppediciones.cl\/index.php?rest_route=\/wp\/v2\/media\/1085"}],"wp:attachment":[{"href":"https:\/\/ppediciones.cl\/index.php?rest_route=%2Fwp%2Fv2%2Fmedia&parent=1084"}],"wp:term":[{"taxonomy":"product_brand","embeddable":true,"href":"https:\/\/ppediciones.cl\/index.php?rest_route=%2Fwp%2Fv2%2Fproduct_brand&post=1084"},{"taxonomy":"product_cat","embeddable":true,"href":"https:\/\/ppediciones.cl\/index.php?rest_route=%2Fwp%2Fv2%2Fproduct_cat&post=1084"},{"taxonomy":"product_tag","embeddable":true,"href":"https:\/\/ppediciones.cl\/index.php?rest_route=%2Fwp%2Fv2%2Fproduct_tag&post=1084"}],"curies":[{"name":"wp","href":"https:\/\/api.w.org\/{rel}","templated":true}]}}