{"id":1181,"date":"2020-04-25T03:06:48","date_gmt":"2020-04-25T03:06:48","guid":{"rendered":"http:\/\/ppediciones.cl\/?post_type=product&#038;p=1181"},"modified":"2021-11-24T03:01:33","modified_gmt":"2021-11-24T03:01:33","slug":"almas-libertarias-voces-literarias-femeninas-sexta-region","status":"publish","type":"product","link":"https:\/\/ppediciones.cl\/?product=almas-libertarias-voces-literarias-femeninas-sexta-region","title":{"rendered":"Almas Libertarias | Voces literarias femeninas Sexta Regi\u00f3n"},"content":{"rendered":"<p>&#8220;<strong>\u00a1Henos aqu\u00ed!<\/strong> <span style=\"color: #d83131;\">ALMAS LIBERTARIAS<\/span>, otro 8 de Marzo, de ya, el a\u00f1o 2020. Nos seguimos reuniendo en torno a nuestros ideales y convicciones, y la literatura se vuelve una expresi\u00f3n liberadora de los sucesos de nuestros tiempos. Ya nada es igual. Los ojos est\u00e1n m\u00e1s abiertos que nunca.<\/p>\n<p>Por eso, en estas p\u00e1ginas intentamos descifrar la inc\u00f3gnita a tantos a\u00f1os de silencio, porque aqu\u00ed abrazamos y reclamamos la libertad de las palabras, en donde emergemos con la cara descubierta, sin temor a enfrentar los fantasmas del universo femenino.<\/p>\n<p>Cada una va tejiendo en su propio ritmo, el contrapunto interminable de uni\u00f3n entre Mujeres, de inquebrantable fraternidad entre historias surgidas con la misma fuerza geogr\u00e1fica de nuestra Patria.<\/p>\n<p>Porque en este libro habita cada \u00e1rbol, piedra, volc\u00e1n, r\u00edo, lago y cordillera con cada uno de sus animales y seres alados, y es aqu\u00ed donde se cobijan, \u201cin \u00fatero\u201d los elementos dignificados\u201d.<\/p>\n<div class=\"wp-playlist wp-audio-playlist wp-playlist-light\">\n\t\t\t<div class=\"wp-playlist-current-item\"><\/div>\n\t\t<audio controls=\"controls\" preload=\"none\" width=\"998\"\n\t\t\t><\/audio>\n\t<div class=\"wp-playlist-next\"><\/div>\n\t<div class=\"wp-playlist-prev\"><\/div>\n\t<noscript>\n\t<ol>\n\t\t<li><a href='https:\/\/ppediciones.cl\/wp-content\/uploads\/2020\/04\/WhatsApp-Audio-2020-04-24-at-23.14.32.aac'>Presentaci\u00f3n Almas Libertarias<\/a><\/li>\t<\/ol>\n\t<\/noscript>\n\t<script type=\"application\/json\" class=\"wp-playlist-script\">{\"type\":\"audio\",\"tracklist\":true,\"tracknumbers\":true,\"images\":false,\"artists\":true,\"tracks\":[{\"src\":\"https:\/\/ppediciones.cl\/wp-content\/uploads\/2020\/04\/WhatsApp-Audio-2020-04-24-at-23.14.32.aac\",\"type\":\"audio\/aac\",\"title\":\"Presentaci\\u00f3n Almas Libertarias\",\"caption\":\"Presentaci\\u00f3n del libro para personas con dificultades de visi\\u00f3n\",\"description\":\"Presentaci\\u00f3n del libro para personas con dificultades de visi\\u00f3n\",\"meta\":{\"artist\":\"Primeros Pasos Ediciones\",\"album\":\"Novedades\"},\"image\":{\"src\":\"https:\/\/ppediciones.cl\/wp-includes\/images\/media\/audio.svg\",\"width\":48,\"height\":64},\"thumb\":{\"src\":\"https:\/\/ppediciones.cl\/wp-includes\/images\/media\/audio.svg\",\"width\":48,\"height\":64}}]}<\/script>\n<\/div>\n\t\n","protected":false},"excerpt":{"rendered":"<p>Fecha publicaci\u00f3n: Marzo 2020<\/p>\n<p>ISBN: 978-956-401-616-0<\/p>\n<p>P\u00e1ginas: 140<\/p>\n<p>Formato: 15 x 22 cms.<\/p>\n<p>Valor: $ 14.280 CLP<\/p>\n","protected":false},"featured_media":1182,"comment_status":"open","ping_status":"closed","template":"","meta":[],"product_brand":[],"product_cat":[120,181],"product_tag":[],"class_list":{"0":"post-1181","1":"product","2":"type-product","3":"status-publish","4":"has-post-thumbnail","6":"product_cat-120","7":"product_cat-catalogo","9":"first","10":"instock","11":"taxable","12":"shipping-taxable","13":"product-type-simple"},"_links":{"self":[{"href":"https:\/\/ppediciones.cl\/index.php?rest_route=\/wp\/v2\/product\/1181","targetHints":{"allow":["GET"]}}],"collection":[{"href":"https:\/\/ppediciones.cl\/index.php?rest_route=\/wp\/v2\/product"}],"about":[{"href":"https:\/\/ppediciones.cl\/index.php?rest_route=\/wp\/v2\/types\/product"}],"replies":[{"embeddable":true,"href":"https:\/\/ppediciones.cl\/index.php?rest_route=%2Fwp%2Fv2%2Fcomments&post=1181"}],"wp:featuredmedia":[{"embeddable":true,"href":"https:\/\/ppediciones.cl\/index.php?rest_route=\/wp\/v2\/media\/1182"}],"wp:attachment":[{"href":"https:\/\/ppediciones.cl\/index.php?rest_route=%2Fwp%2Fv2%2Fmedia&parent=1181"}],"wp:term":[{"taxonomy":"product_brand","embeddable":true,"href":"https:\/\/ppediciones.cl\/index.php?rest_route=%2Fwp%2Fv2%2Fproduct_brand&post=1181"},{"taxonomy":"product_cat","embeddable":true,"href":"https:\/\/ppediciones.cl\/index.php?rest_route=%2Fwp%2Fv2%2Fproduct_cat&post=1181"},{"taxonomy":"product_tag","embeddable":true,"href":"https:\/\/ppediciones.cl\/index.php?rest_route=%2Fwp%2Fv2%2Fproduct_tag&post=1181"}],"curies":[{"name":"wp","href":"https:\/\/api.w.org\/{rel}","templated":true}]}}