{"id":1213,"date":"2020-06-28T16:31:01","date_gmt":"2020-06-28T16:31:01","guid":{"rendered":"http:\/\/ppediciones.cl\/?post_type=product&#038;p=1213"},"modified":"2024-09-24T21:23:10","modified_gmt":"2024-09-24T21:23:10","slug":"infierno-espacial-2-ricardo-lopez","status":"publish","type":"product","link":"https:\/\/ppediciones.cl\/?product=infierno-espacial-2-ricardo-lopez","title":{"rendered":"Infierno Espacial 2 | Ricardo L\u00f3pez"},"content":{"rendered":"<p>Continuando los acontecimientos del Volumen 1, la historia sigue 3 arcos principales; la del antiguo piloto de la G\u00e9nesis; Ray Langdon y su incorporaci\u00f3n a la lucha en las fuerzas humanas como piloto de combate, el sucesor de Melany Brown; Richard Larson y sus planes de encubrimiento como causante de la guerra y el devenir de los antiguos sobrevivientes a la tragedia del G\u00e9nesis, rescatados y devueltos a la Tierra.<br \/>\nTodo enmarcado en la guerra interplanetaria sin cuartel de dos razas que chocaron por el dominio de la galaxia y en donde los humanos viven sus horas m\u00e1s desesperadas.<br \/>\nRicardo L\u00f3pez, nacido en 1983, casado, dos hijos, es oriundo de Mostazal. La trilog\u00eda de \u201cInfierno Espacial\u201d es su primera obra y la que lo caracteriz\u00f3 como escritor de ciencia ficci\u00f3n. Sin embargo, ha incursionado en otros g\u00e9neros como el misterio, el amor y la acci\u00f3n, caracteriz\u00e1ndose por poseer un relato r\u00e1pido, sin pausas y con protagonistas que reflejan al antih\u00e9roe.<br \/>\nLos tres tomos de \u201cInfierno Espacial\u201d, \u201cLluvia de Historias\u201d y \u201cCr\u00f3nicas de Pelantaru\u201d, son las obras que ha publicado hasta la fecha, todas bajo el sello de Primeros Pasos Ediciones.<\/p>\n","protected":false},"excerpt":{"rendered":"<p>Fecha publicaci\u00f3n: Mayo 2020<br \/>\nISBN: 978-956-401-786-0<br \/>\nP\u00e1ginas: 264<br \/>\nFormato: 14 x 22 cms.<br \/>\nValor: CLP<\/p>\n","protected":false},"featured_media":1214,"comment_status":"open","ping_status":"closed","template":"","meta":[],"product_brand":[],"product_cat":[120,181],"product_tag":[],"class_list":{"0":"post-1213","1":"product","2":"type-product","3":"status-publish","4":"has-post-thumbnail","6":"product_cat-120","7":"product_cat-catalogo","9":"first","10":"instock","11":"virtual","12":"taxable","13":"product-type-simple"},"_links":{"self":[{"href":"https:\/\/ppediciones.cl\/index.php?rest_route=\/wp\/v2\/product\/1213","targetHints":{"allow":["GET"]}}],"collection":[{"href":"https:\/\/ppediciones.cl\/index.php?rest_route=\/wp\/v2\/product"}],"about":[{"href":"https:\/\/ppediciones.cl\/index.php?rest_route=\/wp\/v2\/types\/product"}],"replies":[{"embeddable":true,"href":"https:\/\/ppediciones.cl\/index.php?rest_route=%2Fwp%2Fv2%2Fcomments&post=1213"}],"wp:featuredmedia":[{"embeddable":true,"href":"https:\/\/ppediciones.cl\/index.php?rest_route=\/wp\/v2\/media\/1214"}],"wp:attachment":[{"href":"https:\/\/ppediciones.cl\/index.php?rest_route=%2Fwp%2Fv2%2Fmedia&parent=1213"}],"wp:term":[{"taxonomy":"product_brand","embeddable":true,"href":"https:\/\/ppediciones.cl\/index.php?rest_route=%2Fwp%2Fv2%2Fproduct_brand&post=1213"},{"taxonomy":"product_cat","embeddable":true,"href":"https:\/\/ppediciones.cl\/index.php?rest_route=%2Fwp%2Fv2%2Fproduct_cat&post=1213"},{"taxonomy":"product_tag","embeddable":true,"href":"https:\/\/ppediciones.cl\/index.php?rest_route=%2Fwp%2Fv2%2Fproduct_tag&post=1213"}],"curies":[{"name":"wp","href":"https:\/\/api.w.org\/{rel}","templated":true}]}}