{"id":1254,"date":"2020-08-28T20:11:28","date_gmt":"2020-08-28T20:11:28","guid":{"rendered":"http:\/\/ppediciones.cl\/?post_type=product&#038;p=1254"},"modified":"2021-11-24T02:53:48","modified_gmt":"2021-11-24T02:53:48","slug":"la-luz-esta-en-chile-beatriz-villar","status":"publish","type":"product","link":"https:\/\/ppediciones.cl\/?product=la-luz-esta-en-chile-beatriz-villar","title":{"rendered":"La luz est\u00e1 en Chile | Beatriz Villar"},"content":{"rendered":"<p>Beatriz Villar naci\u00f3 en la Ciudad de Buenos Aires, Rep\u00fablica Argentina. Profesora de Historia, es adem\u00e1s, cantante de tango y folclore, autora y compositora comprometida con los Derechos Humanos.<\/p>\n<p>Recibe distinciones de la Legislatura de la Ciudad de Buenos Aires por su aporte invalorable a la cultura (2007), y del Concejo Deliberante de Lomas de Zamora (2011), por su labor en favor de la igualdad de g\u00e9nero.<\/p>\n<p>En su octavo libro, &#8220;La luz est\u00e1 en Chile&#8221;, comparte su historia de amor por el pueblo chileno desde la adolescencia, su lucha contra el c\u00e1ncer durante 2019 en el hospital Del Salvador de Santiago, y su compromiso con la revoluci\u00f3n social de Chile, donde vive desde noviembre de 2018.<\/p>\n<p>Poemas y relatos de su autor\u00eda han sido premiados e integran antolog\u00edas publicadas en la Argentina, Paraguay, M\u00e9xi- co, Estados Unidos y Espa\u00f1a.<\/p>\n<p>En febrero de 2020 obtiene, representando a Chile, el Primer premio en el V Concurso de poes\u00eda &#8220;El Color del invierno&#8221;, convocado por Tu Concurso Literario, de Espa\u00f1a. Su poema &#8220;Amanecer inevitable&#8221; da t\u00edtulo a la Antolog\u00eda &#8220;Amanecer&#8221; que integran los poemas seleccionados.<\/p>\n<p>\u201cMe siento indivisible de la gesta heroica del pueblo chileno que el 18 de octubre de 2019 inici\u00f3 una nueva etapa de lucha por su dignidad. Porque sobreviv\u00ed en este Chile que me habita y me atraviesa, hoy puedo ser parte de un hist\u00f3rico movimiento popular en pos de la justicia y de la igualdad.<\/p>\n<p>Aqu\u00ed volv\u00ed a parirme a m\u00ed misma, volv\u00ed a nacer.<\/p>\n<p>La luz est\u00e1 en Chile porque la uni\u00f3n y el coraje son luz, porque nuestros muertos son estrellas que nos gu\u00edan&#8230; luz imperecedera. Porque la esperanza, la resistencia y la revoluci\u00f3n son luz.<\/p>\n<p>Resurjo, renazco de mis propias cenizas, despierto junto a mi Chilito entra\u00f1able y solidario, hasta la victoria final\u201d.<\/p>\n","protected":false},"excerpt":{"rendered":"<p><strong>LA LUZ EST\u00c1 EN CHILE <\/strong><\/p>\n<p><strong>Beatriz Villar<\/strong><\/p>\n<p>Fecha publicaci\u00f3n: Agosto 2020<\/p>\n<p>ISBN: 978-956-401-151-6<\/p>\n<p>P\u00e1ginas: 270<\/p>\n<p>Formato: 15 x 23 cms.<\/p>\n<p>Valor: $ CLP<\/p>\n","protected":false},"featured_media":1255,"comment_status":"open","ping_status":"closed","template":"","meta":[],"product_brand":[],"product_cat":[120,181],"product_tag":[],"class_list":{"0":"post-1254","1":"product","2":"type-product","3":"status-publish","4":"has-post-thumbnail","6":"product_cat-120","7":"product_cat-catalogo","9":"first","10":"instock","11":"virtual","12":"taxable","13":"product-type-simple"},"_links":{"self":[{"href":"https:\/\/ppediciones.cl\/index.php?rest_route=\/wp\/v2\/product\/1254","targetHints":{"allow":["GET"]}}],"collection":[{"href":"https:\/\/ppediciones.cl\/index.php?rest_route=\/wp\/v2\/product"}],"about":[{"href":"https:\/\/ppediciones.cl\/index.php?rest_route=\/wp\/v2\/types\/product"}],"replies":[{"embeddable":true,"href":"https:\/\/ppediciones.cl\/index.php?rest_route=%2Fwp%2Fv2%2Fcomments&post=1254"}],"wp:featuredmedia":[{"embeddable":true,"href":"https:\/\/ppediciones.cl\/index.php?rest_route=\/wp\/v2\/media\/1255"}],"wp:attachment":[{"href":"https:\/\/ppediciones.cl\/index.php?rest_route=%2Fwp%2Fv2%2Fmedia&parent=1254"}],"wp:term":[{"taxonomy":"product_brand","embeddable":true,"href":"https:\/\/ppediciones.cl\/index.php?rest_route=%2Fwp%2Fv2%2Fproduct_brand&post=1254"},{"taxonomy":"product_cat","embeddable":true,"href":"https:\/\/ppediciones.cl\/index.php?rest_route=%2Fwp%2Fv2%2Fproduct_cat&post=1254"},{"taxonomy":"product_tag","embeddable":true,"href":"https:\/\/ppediciones.cl\/index.php?rest_route=%2Fwp%2Fv2%2Fproduct_tag&post=1254"}],"curies":[{"name":"wp","href":"https:\/\/api.w.org\/{rel}","templated":true}]}}

La luz está en Chile | Beatriz Villar

<p>Beatriz Villar nació en la Ciudad de Buenos Aires, República Argentina. Profesora de Historia, es además, cantante de tango y folclore, autora y compositora comprometida con los Derechos Humanos.</p>
<p>Recibe distinciones de la Legislatura de la Ciudad de Buenos Aires por su aporte invalorable a la cultura (2007), y del Concejo Deliberante de Lomas de Zamora (2011), por su labor en favor de la igualdad de género.</p>
<p>En su octavo libro, &#8220;La luz está en Chile&#8221;, comparte su historia de amor por el pueblo chileno desde la adolescencia, su lucha contra el cáncer durante 2019 en el hospital Del Salvador de Santiago, y su compromiso con la revolución social de Chile, donde vive desde noviembre de 2018.</p>
<p>Poemas y relatos de su autoría han sido premiados e integran antologías publicadas en la Argentina, Paraguay, Méxi- co, Estados Unidos y España.</p>
<p>En febrero de 2020 obtiene, representando a Chile, el Primer premio en el V Concurso de poesía &#8220;El Color del invierno&#8221;, convocado por Tu Concurso Literario, de España. Su poema &#8220;Amanecer inevitable&#8221; da título a la Antología &#8220;Amanecer&#8221; que integran los poemas seleccionados.</p>
<p>“Me siento indivisible de la gesta heroica del pueblo chileno que el 18 de octubre de 2019 inició una nueva etapa de lucha por su dignidad. Porque sobreviví en este Chile que me habita y me atraviesa, hoy puedo ser parte de un histórico movimiento popular en pos de la justicia y de la igualdad.</p>
<p>Aquí volví a parirme a mí misma, volví a nacer.</p>
<p>La luz está en Chile porque la unión y el coraje son luz, porque nuestros muertos son estrellas que nos guían&#8230; luz imperecedera. Porque la esperanza, la resistencia y la revolución son luz.</p>
<p>Resurjo, renazco de mis propias cenizas, despierto junto a mi Chilito entrañable y solidario, hasta la victoria final”.</p>

<p><strong>LA LUZ ESTÁ EN CHILE </strong></p>
<p><strong>Beatriz Villar</strong></p>
<p>Fecha publicación: Agosto 2020</p>
<p>ISBN: 978-956-401-151-6</p>
<p>Páginas: 270</p>
<p>Formato: 15 x 23 cms.</p>
<p>Valor: $ CLP</p>
