{"id":1295,"date":"2020-10-05T03:42:21","date_gmt":"2020-10-05T03:42:21","guid":{"rendered":"http:\/\/ppediciones.cl\/?post_type=product&#038;p=1295"},"modified":"2021-11-24T02:50:01","modified_gmt":"2021-11-24T02:50:01","slug":"viene-con-las-nubes-felix-e-lizana-a","status":"publish","type":"product","link":"https:\/\/ppediciones.cl\/?product=viene-con-las-nubes-felix-e-lizana-a","title":{"rendered":"Viene Con Las Nubes | F\u00e9lix E. Lizana A."},"content":{"rendered":"<p>En estas dos primeras d\u00e9cadas del tercer milenio, se han incrementado los peligros de una amenaza global. La humanidad est\u00e1 sufriendo profundas transformaciones y una sucesi\u00f3n de eventos con una celeridad incre\u00edble. Una tercera guerra mundial no declarada, la pandemia del COVID-19, que ha paralizado el ir y venir de los habitantes del planeta, los desastres naturales de los huracanes, terremotos y tsunamis combinados, inundaciones, incendios y otras tragedias continentales. Los resultados devastadores en el eco sistema de la tierra por el calentamiento global, la ira de las naciones en la anarqu\u00eda ciega por alcanzar el bienestar material, en una controversia violenta por la injusticia social. La lucha de las potencias terrenales por la supremac\u00eda hegem\u00f3nica, la mentira, el enga\u00f1o y la corrupci\u00f3n en todos los estamentos de una sociedad reprobada. Los habitantes de un mundo secularizado y hedonista que se aleja cada vez m\u00e1s de su Creador, condenados a un destino tr\u00e1gico como ovejas sin pastor.<\/p>\n<p>VIENE CON LAS NUBES, un libro devocional, inspirado en el Apocalipsis, que intenta exponer el \u00faltimo mensaje de Esperanza en la expectativa de un futuro glorioso para una humanidad sufriente.<\/p>\n<p>\u201cApreciad@ lector, espero que cuando LEAS estos maravillosos mensajes de Dios, venga sobre ti el ESP\u00cdRITU de Verdad (S. Jn.16:13), llene de gozo tu coraz\u00f3n (Jerem\u00edas 15:16), y decidas prepararte para encontrarte con nuestro maravilloso Salvador JES\u00daS, en su Segunda Venida (Apoc.1:7), asegurando la SALVACI\u00d3N y la eternidad en un mundo nuevo, bajo un cielo nuevo y una tierra nueva donde mora la justicia (2 Ped.3:13; Apoc.21:1-5)\u201d.<\/p>\n<p>F. E Lizana A. es investigador privado en teolog\u00eda y homil\u00e9tica cristiana, ha escrito libros y ensayos po\u00e9ticos, de un alto contenido espiritual, que comparte con gozo y esperanza en la finalidad de ser un aporte al crecimiento y desarrollo espiritual de las personas creyentes y no creyentes.<\/p>\n<p>Como escritor independiente ha publicado sus obras en Amazon.com: La Esperanza De Todas Las Gentes, Viene con Las Nubes, Belleza Incomparable, Predique Con \u00c9xito, Ferviente Paciencia.<\/p>\n<p>En Primeros Pasos Ediciones (www.ppediciones.cl): La Esperanza De todas Las gentes (2019); Viene Con Las Nubes (2020).<\/p>\n<p><iframe loading=\"lazy\" src=\"https:\/\/www.youtube.com\/embed\/luxW_VTTXpE?controls=0\" width=\"560\" height=\"315\" frameborder=\"0\" allowfullscreen=\"allowfullscreen\"><\/iframe><\/p>\n","protected":false},"excerpt":{"rendered":"<p>Fecha publicaci\u00f3n: Septiembre 2020<\/p>\n<p>ISBN: 978-179-415-876-4<\/p>\n<p>P\u00e1ginas: 188<\/p>\n<p>Formato: 15 x 22 cms.<\/p>\n<p>Valor: $ CLP<\/p>\n","protected":false},"featured_media":1296,"comment_status":"open","ping_status":"closed","template":"","meta":[],"product_brand":[],"product_cat":[120,181],"product_tag":[],"class_list":{"0":"post-1295","1":"product","2":"type-product","3":"status-publish","4":"has-post-thumbnail","6":"product_cat-120","7":"product_cat-catalogo","9":"first","10":"instock","11":"virtual","12":"taxable","13":"product-type-simple"},"_links":{"self":[{"href":"https:\/\/ppediciones.cl\/index.php?rest_route=\/wp\/v2\/product\/1295","targetHints":{"allow":["GET"]}}],"collection":[{"href":"https:\/\/ppediciones.cl\/index.php?rest_route=\/wp\/v2\/product"}],"about":[{"href":"https:\/\/ppediciones.cl\/index.php?rest_route=\/wp\/v2\/types\/product"}],"replies":[{"embeddable":true,"href":"https:\/\/ppediciones.cl\/index.php?rest_route=%2Fwp%2Fv2%2Fcomments&post=1295"}],"wp:featuredmedia":[{"embeddable":true,"href":"https:\/\/ppediciones.cl\/index.php?rest_route=\/wp\/v2\/media\/1296"}],"wp:attachment":[{"href":"https:\/\/ppediciones.cl\/index.php?rest_route=%2Fwp%2Fv2%2Fmedia&parent=1295"}],"wp:term":[{"taxonomy":"product_brand","embeddable":true,"href":"https:\/\/ppediciones.cl\/index.php?rest_route=%2Fwp%2Fv2%2Fproduct_brand&post=1295"},{"taxonomy":"product_cat","embeddable":true,"href":"https:\/\/ppediciones.cl\/index.php?rest_route=%2Fwp%2Fv2%2Fproduct_cat&post=1295"},{"taxonomy":"product_tag","embeddable":true,"href":"https:\/\/ppediciones.cl\/index.php?rest_route=%2Fwp%2Fv2%2Fproduct_tag&post=1295"}],"curies":[{"name":"wp","href":"https:\/\/api.w.org\/{rel}","templated":true}]}}