{"id":1374,"date":"2020-11-09T12:21:11","date_gmt":"2020-11-09T12:21:11","guid":{"rendered":"http:\/\/ppediciones.cl\/?post_type=product&#038;p=1374"},"modified":"2022-04-06T07:22:06","modified_gmt":"2022-04-06T07:22:06","slug":"asesinato-de-una-vocacion-alejandro-gonzalez","status":"publish","type":"product","link":"https:\/\/ppediciones.cl\/?product=asesinato-de-una-vocacion-alejandro-gonzalez","title":{"rendered":"Asesinato de una vocaci\u00f3n | Alejandro Gonz\u00e1lez"},"content":{"rendered":"<p>Alejandro Andr\u00e9s Gonz\u00e1lez Ibarra, naci\u00f3 el 24 de Octubre de 1988. Oriundo de Rancagua, es Bachiller en Filosof\u00eda y Ciencias Religiosas. Actualmente se encuentra discapacitado y recibe una Pensi\u00f3n B\u00e1sica del Gobierno de Chile. El a\u00f1o 2014, luego de haber estado seis a\u00f1os en el Seminario mayor \u201cCristo Rey\u201d de Rancagua, el 6 de febrero sufri\u00f3 un Accidente Cerebro Vascular, por culpa del estr\u00e9s vivido dentro de dicha casa de formaci\u00f3n. Lo que luego el 19 de Agosto de ese mismo a\u00f1o lo llev\u00f3 a querer terminar con su vida, libre y voluntariamente (Intento de suicidio).<\/p>\n<p>Todo lo que el autor comenta en este libro auto-biogr\u00e1fico es ver\u00eddico y cada suceso resalta su manera de ser, su historia personal, el retiro Ignaciano y su vida dentro de la Casa de Formaci\u00f3n.<\/p>\n","protected":false},"excerpt":{"rendered":"<p>Fecha publicaci\u00f3n: Noviembre 2020<\/p>\n<p>ISBN: 978-956-402-299-4<\/p>\n<p>P\u00e1ginas: 216<\/p>\n<p>Formato: 14 x 21.5 cms.<\/p>\n<p>Valor: $ 17.850<\/p>\n<p>&nbsp;<\/p>\n<p>Valor: $ CLP<\/p>\n","protected":false},"featured_media":1375,"comment_status":"open","ping_status":"closed","template":"","meta":[],"product_brand":[],"product_cat":[120,181],"product_tag":[],"class_list":{"0":"post-1374","1":"product","2":"type-product","3":"status-publish","4":"has-post-thumbnail","6":"product_cat-120","7":"product_cat-catalogo","9":"first","10":"instock","11":"virtual","12":"taxable","13":"product-type-simple"},"_links":{"self":[{"href":"https:\/\/ppediciones.cl\/index.php?rest_route=\/wp\/v2\/product\/1374","targetHints":{"allow":["GET"]}}],"collection":[{"href":"https:\/\/ppediciones.cl\/index.php?rest_route=\/wp\/v2\/product"}],"about":[{"href":"https:\/\/ppediciones.cl\/index.php?rest_route=\/wp\/v2\/types\/product"}],"replies":[{"embeddable":true,"href":"https:\/\/ppediciones.cl\/index.php?rest_route=%2Fwp%2Fv2%2Fcomments&post=1374"}],"wp:featuredmedia":[{"embeddable":true,"href":"https:\/\/ppediciones.cl\/index.php?rest_route=\/wp\/v2\/media\/1375"}],"wp:attachment":[{"href":"https:\/\/ppediciones.cl\/index.php?rest_route=%2Fwp%2Fv2%2Fmedia&parent=1374"}],"wp:term":[{"taxonomy":"product_brand","embeddable":true,"href":"https:\/\/ppediciones.cl\/index.php?rest_route=%2Fwp%2Fv2%2Fproduct_brand&post=1374"},{"taxonomy":"product_cat","embeddable":true,"href":"https:\/\/ppediciones.cl\/index.php?rest_route=%2Fwp%2Fv2%2Fproduct_cat&post=1374"},{"taxonomy":"product_tag","embeddable":true,"href":"https:\/\/ppediciones.cl\/index.php?rest_route=%2Fwp%2Fv2%2Fproduct_tag&post=1374"}],"curies":[{"name":"wp","href":"https:\/\/api.w.org\/{rel}","templated":true}]}}