{"id":1396,"date":"2020-11-24T03:46:44","date_gmt":"2020-11-24T03:46:44","guid":{"rendered":"http:\/\/ppediciones.cl\/?post_type=product&#038;p=1396"},"modified":"2022-06-24T01:19:19","modified_gmt":"2022-06-24T01:19:19","slug":"medicina-literaria-en-el-estallido-social","status":"publish","type":"product","link":"https:\/\/ppediciones.cl\/?product=medicina-literaria-en-el-estallido-social","title":{"rendered":"Medicina literaria en el conflicto social"},"content":{"rendered":"<p><span style=\"font-weight: 400;\">En el conflicto social, es el segundo tomo de la colecci\u00f3n de antolog\u00edas tem\u00e1ticas Medicina Literaria, que re\u00fane a algunos integrantes del grupo Sue\u00f1os de escritores m\u00e9dicos, que han querido asumir el desaf\u00edo de crear en base a temas que irrumpen el cotidiano por su importancia y trascendencia, desde un punto de vista cient\u00edfico pero principalmente creativo y humano.<\/span><\/p>\n<p><span style=\"font-weight: 400;\">La medicina y la literatura se han relacionado desde tiempos remotos, y su dependencia se ha extendido a partir de la intensidad y profundidad de la actividad m\u00e9dica y su estrecha relaci\u00f3n con el bienestar humano, la enfermedad, b\u00fasqueda de la salud, nacimiento y muerte, entre otras experiencias que conllevan a la inspiraci\u00f3n y expresi\u00f3n, que enriquecen y suelen plasmarse en toda creaci\u00f3n literaria.\u00a0\u00a0<\/span><\/p>\n<p><span style=\"font-weight: 400;\">En esta oportunidad, se presentan los escritores m\u00e9dicos Carlos Matamala, Daniel Peluffo, y Amparo Aurora Ram\u00edrez Tamayo, con una mirada muy profunda y desde perspectivas y formas muy dis\u00edmiles, para hablar tanto del conflicto social chileno actual, como de las dificultades que ha generado la pandemia, y que ha obligado a la poblaci\u00f3n mundial a reestructurarse.\u00a0\u00a0<\/span><\/p>\n<p>&nbsp;<\/p>\n","protected":false},"excerpt":{"rendered":"<p><b>Carlos Matamala &#8211; Daniel Peluffo &#8211; Amparo Aurora Ram\u00edrez<\/b><\/p>\n<p><span style=\"font-weight: 400;\">Fecha publicaci\u00f3n: Noviembre 2020<\/span><\/p>\n<p><span style=\"font-weight: 400;\">I.S.B.N: 978-956-402-321-2<\/span><\/p>\n<p><span style=\"font-weight: 400;\">P\u00e1ginas: 46<\/span><\/p>\n<p><span style=\"font-weight: 400;\">Valor: $ 4.000 CLP<\/span><\/p>\n","protected":false},"featured_media":1397,"comment_status":"open","ping_status":"closed","template":"","meta":[],"product_brand":[],"product_cat":[72,121],"product_tag":[],"class_list":{"0":"post-1396","1":"product","2":"type-product","3":"status-publish","4":"has-post-thumbnail","6":"product_cat-coleccion-suenos","7":"product_cat-ebook","9":"first","10":"instock","11":"virtual","12":"taxable","13":"purchasable","14":"product-type-simple"},"_links":{"self":[{"href":"https:\/\/ppediciones.cl\/index.php?rest_route=\/wp\/v2\/product\/1396","targetHints":{"allow":["GET"]}}],"collection":[{"href":"https:\/\/ppediciones.cl\/index.php?rest_route=\/wp\/v2\/product"}],"about":[{"href":"https:\/\/ppediciones.cl\/index.php?rest_route=\/wp\/v2\/types\/product"}],"replies":[{"embeddable":true,"href":"https:\/\/ppediciones.cl\/index.php?rest_route=%2Fwp%2Fv2%2Fcomments&post=1396"}],"wp:featuredmedia":[{"embeddable":true,"href":"https:\/\/ppediciones.cl\/index.php?rest_route=\/wp\/v2\/media\/1397"}],"wp:attachment":[{"href":"https:\/\/ppediciones.cl\/index.php?rest_route=%2Fwp%2Fv2%2Fmedia&parent=1396"}],"wp:term":[{"taxonomy":"product_brand","embeddable":true,"href":"https:\/\/ppediciones.cl\/index.php?rest_route=%2Fwp%2Fv2%2Fproduct_brand&post=1396"},{"taxonomy":"product_cat","embeddable":true,"href":"https:\/\/ppediciones.cl\/index.php?rest_route=%2Fwp%2Fv2%2Fproduct_cat&post=1396"},{"taxonomy":"product_tag","embeddable":true,"href":"https:\/\/ppediciones.cl\/index.php?rest_route=%2Fwp%2Fv2%2Fproduct_tag&post=1396"}],"curies":[{"name":"wp","href":"https:\/\/api.w.org\/{rel}","templated":true}]}}

<p><span style="font-weight: 400;">En el conflicto social, es el segundo tomo de la colección de antologías temáticas Medicina Literaria, que reúne a algunos integrantes del grupo Sueños de escritores médicos, que han querido asumir el desafío de crear en base a temas que irrumpen el cotidiano por su importancia y trascendencia, desde un punto de vista científico pero principalmente creativo y humano.</span></p>
<p><span style="font-weight: 400;">La medicina y la literatura se han relacionado desde tiempos remotos, y su dependencia se ha extendido a partir de la intensidad y profundidad de la actividad médica y su estrecha relación con el bienestar humano, la enfermedad, búsqueda de la salud, nacimiento y muerte, entre otras experiencias que conllevan a la inspiración y expresión, que enriquecen y suelen plasmarse en toda creación literaria.  </span></p>
<p><span style="font-weight: 400;">En esta oportunidad, se presentan los escritores médicos Carlos Matamala, Daniel Peluffo, y Amparo Aurora Ramírez Tamayo, con una mirada muy profunda y desde perspectivas y formas muy disímiles, para hablar tanto del conflicto social chileno actual, como de las dificultades que ha generado la pandemia, y que ha obligado a la población mundial a reestructurarse.  </span></p>
<p>&nbsp;</p>

<p><b>Carlos Matamala &#8211; Daniel Peluffo &#8211; Amparo Aurora Ramírez</b></p>
<p><span style="font-weight: 400;">Fecha publicación: Noviembre 2020</span></p>
<p><span style="font-weight: 400;">I.S.B.N: 978-956-402-321-2</span></p>
<p><span style="font-weight: 400;">Páginas: 46</span></p>
<p><span style="font-weight: 400;">Valor: $ 4.000 CLP</span></p>
