{"id":1462,"date":"2021-04-05T13:08:17","date_gmt":"2021-04-05T13:08:17","guid":{"rendered":"http:\/\/ppediciones.cl\/?post_type=product&#038;p=1462"},"modified":"2024-10-18T06:59:12","modified_gmt":"2024-10-18T06:59:12","slug":"high-fitness-kids-eugenio-fierro-g","status":"publish","type":"product","link":"https:\/\/ppediciones.cl\/?product=high-fitness-kids-eugenio-fierro-g","title":{"rendered":"High fitness kids | Eugenio Fierro G."},"content":{"rendered":"<p>Los \u00edndices de inactividad f\u00edsica en ni\u00f1os y adolescentes en la actualidad son muy altos y por tanto nace una gran necesidad de promover el movimiento en edades tempranas, as\u00ed como tambi\u00e9n, una correcta prescripci\u00f3n de la actividad f\u00edsica en j\u00f3venes, considerando que los ni\u00f1os no son adultos en miniatura.<\/p>\n<p>Es por ello que surge este libro con informaci\u00f3n actualizada basada en evidencia cient\u00edfica de car\u00e1cter te\u00f3rico y pr\u00e1ctico, donde se presentan t\u00f3picos como:<\/p>\n<p>&#8211; Entrenamiento de fuerza en ni\u00f1os y adolescentes<\/p>\n<p>&#8211; Entrenamiento pliom\u00e9trico<\/p>\n<p>&#8211; Desarrollo atl\u00e9tico a largo plazo<\/p>\n<p>&#8211; Triada de inactividad f\u00edsica<\/p>\n<p>&#8211; Alfabetismo f\u00edsico<\/p>\n<p>&#8211; Actividad f\u00edsica en casa y entorno escolar<\/p>\n<p>&#8211; Videojuegos activos \u201cExergames\u201d<\/p>\n<p>&#8211; Recomendaciones en la prescripci\u00f3n del ejercicio fis\u00edco<\/p>\n<p>&#8211; Entre otros.<\/p>\n<p>Sin lugar a dudas es uno de los libros en habla hispana m\u00e1s completos para comenzar a comprender de mejor manera las distintas aristas que engloban el fitness infanto-juvenil.<\/p>\n<p>&nbsp;<\/p>\n<p>EUGENIO FIERRO G., preparador F\u00edsico (CFT-ST) con Diplomado en ciencias del ejercicio, salud y Entrenamiento para Ni\u00f1os y Adolescentes (UFT) Chile.<\/p>\n<p>Hoy en d\u00eda se dedica a la divulgaci\u00f3n en las ciencias de la actividad f\u00edsica, principalmente abarcando los temas del fitness infanto-juvenil y entrenamiento HIFT (entrenamiento funcional de alta intensidad) bajo el m\u00e9todo cient\u00edfico dentro del del equipo High Fitness Latam.<\/p>\n<p>\u00c1reas de estudio: En fitness infanto-juvenil y HIFT\u00a0 en distintas poblaciones, adem\u00e1s, es un apasionado por el estudio autodidacta mediante el m\u00e9todo cient\u00edfico en donde menciona que es donde m\u00e1s adquiere conocimiento d\u00eda a d\u00eda.<\/p>\n<p>Trabajo presencial: Coach de clases de dirigidas para atletas de CrossFit y clases de functional training y entrenamiento en ni\u00f1os y adolescentes.<\/p>\n<p>&nbsp;<\/p>\n","protected":false},"excerpt":{"rendered":"<p>Fecha publicaci\u00f3n: Abril 2021<\/p>\n<p>ISBN: 978-956-402-892-7<\/p>\n<p>P\u00e1ginas: 224<\/p>\n<p>Formato: 14 x 21.5 cms.<\/p>\n<p>Valor: $ CLP<\/p>\n","protected":false},"featured_media":1463,"comment_status":"open","ping_status":"closed","template":"","meta":[],"product_brand":[],"product_cat":[122,181],"product_tag":[],"class_list":{"0":"post-1462","1":"product","2":"type-product","3":"status-publish","4":"has-post-thumbnail","6":"product_cat-122","7":"product_cat-catalogo","9":"first","10":"instock","11":"virtual","12":"taxable","13":"product-type-simple"},"_links":{"self":[{"href":"https:\/\/ppediciones.cl\/index.php?rest_route=\/wp\/v2\/product\/1462","targetHints":{"allow":["GET"]}}],"collection":[{"href":"https:\/\/ppediciones.cl\/index.php?rest_route=\/wp\/v2\/product"}],"about":[{"href":"https:\/\/ppediciones.cl\/index.php?rest_route=\/wp\/v2\/types\/product"}],"replies":[{"embeddable":true,"href":"https:\/\/ppediciones.cl\/index.php?rest_route=%2Fwp%2Fv2%2Fcomments&post=1462"}],"wp:featuredmedia":[{"embeddable":true,"href":"https:\/\/ppediciones.cl\/index.php?rest_route=\/wp\/v2\/media\/1463"}],"wp:attachment":[{"href":"https:\/\/ppediciones.cl\/index.php?rest_route=%2Fwp%2Fv2%2Fmedia&parent=1462"}],"wp:term":[{"taxonomy":"product_brand","embeddable":true,"href":"https:\/\/ppediciones.cl\/index.php?rest_route=%2Fwp%2Fv2%2Fproduct_brand&post=1462"},{"taxonomy":"product_cat","embeddable":true,"href":"https:\/\/ppediciones.cl\/index.php?rest_route=%2Fwp%2Fv2%2Fproduct_cat&post=1462"},{"taxonomy":"product_tag","embeddable":true,"href":"https:\/\/ppediciones.cl\/index.php?rest_route=%2Fwp%2Fv2%2Fproduct_tag&post=1462"}],"curies":[{"name":"wp","href":"https:\/\/api.w.org\/{rel}","templated":true}]}}