{"id":2403,"date":"2023-07-23T15:16:22","date_gmt":"2023-07-23T15:16:22","guid":{"rendered":"https:\/\/ppediciones.cl\/?post_type=product&#038;p=2403"},"modified":"2023-07-23T15:38:53","modified_gmt":"2023-07-23T15:38:53","slug":"veteranos-del-78-manuel-fuentes","status":"publish","type":"product","link":"https:\/\/ppediciones.cl\/?product=veteranos-del-78-manuel-fuentes","title":{"rendered":"Veteranos del 78 | Manuel Fuentes"},"content":{"rendered":"<p>Esta es la historia de la generaci\u00f3n que hizo su servicio militar en el a\u00f1o 1978, y en particular la de una unidad correspondiente al regimiento m\u00e1s duro de aquella \u00e9poca, el regimiento reforzado motorizado n\u00famero 15 de Calama, ocurrida en una \u00e9poca muy dif\u00edcil para el pa\u00eds en todo sentido, gobernado por los militares desde 1973, con una naci\u00f3n dividida, asustada y en la que las desigualdades eran el pan de cada d\u00eda.<\/p>\n","protected":false},"excerpt":{"rendered":"<p>Fecha publicaci\u00f3n: enero 2023<\/p>\n<p>ISBN: 978-956-410-619-9<\/p>\n<p>P\u00e1ginas: 128<\/p>\n<p>Formato: 14 x 21.5 cm<\/p>\n<p>&nbsp;<\/p>\n","protected":false},"featured_media":2404,"comment_status":"open","ping_status":"closed","template":"","meta":[],"product_brand":[],"product_cat":[187],"product_tag":[],"class_list":{"0":"post-2403","1":"product","2":"type-product","3":"status-publish","4":"has-post-thumbnail","6":"product_cat-187","8":"first","9":"instock","10":"taxable","11":"shipping-taxable","12":"product-type-simple"},"_links":{"self":[{"href":"https:\/\/ppediciones.cl\/index.php?rest_route=\/wp\/v2\/product\/2403","targetHints":{"allow":["GET"]}}],"collection":[{"href":"https:\/\/ppediciones.cl\/index.php?rest_route=\/wp\/v2\/product"}],"about":[{"href":"https:\/\/ppediciones.cl\/index.php?rest_route=\/wp\/v2\/types\/product"}],"replies":[{"embeddable":true,"href":"https:\/\/ppediciones.cl\/index.php?rest_route=%2Fwp%2Fv2%2Fcomments&post=2403"}],"wp:featuredmedia":[{"embeddable":true,"href":"https:\/\/ppediciones.cl\/index.php?rest_route=\/wp\/v2\/media\/2404"}],"wp:attachment":[{"href":"https:\/\/ppediciones.cl\/index.php?rest_route=%2Fwp%2Fv2%2Fmedia&parent=2403"}],"wp:term":[{"taxonomy":"product_brand","embeddable":true,"href":"https:\/\/ppediciones.cl\/index.php?rest_route=%2Fwp%2Fv2%2Fproduct_brand&post=2403"},{"taxonomy":"product_cat","embeddable":true,"href":"https:\/\/ppediciones.cl\/index.php?rest_route=%2Fwp%2Fv2%2Fproduct_cat&post=2403"},{"taxonomy":"product_tag","embeddable":true,"href":"https:\/\/ppediciones.cl\/index.php?rest_route=%2Fwp%2Fv2%2Fproduct_tag&post=2403"}],"curies":[{"name":"wp","href":"https:\/\/api.w.org\/{rel}","templated":true}]}}