{"id":2589,"date":"2024-02-09T15:20:26","date_gmt":"2024-02-09T15:20:26","guid":{"rendered":"https:\/\/ppediciones.cl\/?post_type=product&#038;p=2589"},"modified":"2024-02-09T15:29:04","modified_gmt":"2024-02-09T15:29:04","slug":"diagnostico-de-un-asesinato-fran-carvajal","status":"publish","type":"product","link":"https:\/\/ppediciones.cl\/?product=diagnostico-de-un-asesinato-fran-carvajal","title":{"rendered":"Diagn\u00f3stico de un asesinato | Fran Carvajal"},"content":{"rendered":"<p>Diagn\u00f3stico de un asesinato es una novela impactante que mantendr\u00e1 al lector al borde de la desesperaci\u00f3n de manera entretenida. La autora utiliza h\u00e1bilmente giros inesperados que mantienen al lector en vilo, logrando mantener el suspenso a lo largo de toda la novela, con dejos gen\u00e9ricos de ciencia ficci\u00f3n, mundos on\u00edricos y erotismo. Adem\u00e1s, entre l\u00edneas y de manera simb\u00f3lica, realiza una significativa denuncia contra la violencia de g\u00e9nero y los femicidios en nuestra sociedad. La historia nos sumerge en un mundo perturbador donde el miedo y la incertidumbre ser\u00e1n parte del d\u00eda a d\u00eda. La trama se desarrolla en un ambiente urbano chileno, donde un m\u00e9dico diagnostica a la protagonista de la historia con una extra\u00f1a enfermedad, ella es capaz de adelantarse a los acontecimientos, su percepci\u00f3n, su sensibilidad le permite presentir que ser\u00e1 asesinada, por lo que resulta v\u00edctima, de manera inconsciente, de unos terror\u00edficos s\u00edntomas: p\u00e1nicos nocturnos, gritos, marcas en la piel, restos de piel en las u\u00f1as. De manera ir\u00f3nica y bajo un sutil humor inteligente, pone en tela de juicio a la sociedad, al comportamiento de las redes, de la prensa y de las ciencias m\u00e9dicas, pero tambi\u00e9n a\u00fapa la importancia de la empat\u00eda y la solidaridad a trav\u00e9s de una red de apoyo que resucita pr\u00e1cticas ancestrales como los c\u00edrculos femeninos de escucha y<\/p>\n<p>sost\u00e9n. Es un potente llamado de atenci\u00f3n a la conciencia colectiva y a la corresponsabilidad social. La protagonista, es una profesora de educaci\u00f3n f\u00edsica, valiente, que decide enfrentar ese insoportable presagio, con el apoyo de sus amigas, sin dejar de lado la disposici\u00f3n a vivir. Los personajes est\u00e1n bien desarrollados y reflejan diferentes aristas de la realidad y de la psicolog\u00eda femenina.<\/p>\n<p>&nbsp;<\/p>\n<p>&nbsp;<\/p>\n<p>&nbsp;<\/p>\n<p>&nbsp;<\/p>\n<p>&nbsp;<\/p>\n<p>&nbsp;<\/p>\n","protected":false},"excerpt":{"rendered":"<p>Fecha publicaci\u00f3n: diciembre 2023<\/p>\n<p>ISBN: 978-980-18-3570-7<\/p>\n<p>P\u00e1ginas: 344<\/p>\n<p>Formato: 15 x 23 cm<\/p>\n<p>&nbsp;<\/p>\n<p>&nbsp;<\/p>\n<p>&nbsp;<\/p>\n<p>&nbsp;<\/p>\n<p>&nbsp;<\/p>\n<p>&nbsp;<\/p>\n<p>&nbsp;<\/p>\n<p>&nbsp;<\/p>\n<p>&nbsp;<\/p>\n<p>&nbsp;<\/p>\n<p>&nbsp;<\/p>\n<p>&nbsp;<\/p>\n<p>&nbsp;<\/p>\n","protected":false},"featured_media":2590,"comment_status":"open","ping_status":"closed","template":"","meta":[],"product_brand":[],"product_cat":[187,181],"product_tag":[],"class_list":{"0":"post-2589","1":"product","2":"type-product","3":"status-publish","4":"has-post-thumbnail","6":"product_cat-187","7":"product_cat-catalogo","9":"first","10":"instock","11":"taxable","12":"shipping-taxable","13":"product-type-simple"},"_links":{"self":[{"href":"https:\/\/ppediciones.cl\/index.php?rest_route=\/wp\/v2\/product\/2589","targetHints":{"allow":["GET"]}}],"collection":[{"href":"https:\/\/ppediciones.cl\/index.php?rest_route=\/wp\/v2\/product"}],"about":[{"href":"https:\/\/ppediciones.cl\/index.php?rest_route=\/wp\/v2\/types\/product"}],"replies":[{"embeddable":true,"href":"https:\/\/ppediciones.cl\/index.php?rest_route=%2Fwp%2Fv2%2Fcomments&post=2589"}],"wp:featuredmedia":[{"embeddable":true,"href":"https:\/\/ppediciones.cl\/index.php?rest_route=\/wp\/v2\/media\/2590"}],"wp:attachment":[{"href":"https:\/\/ppediciones.cl\/index.php?rest_route=%2Fwp%2Fv2%2Fmedia&parent=2589"}],"wp:term":[{"taxonomy":"product_brand","embeddable":true,"href":"https:\/\/ppediciones.cl\/index.php?rest_route=%2Fwp%2Fv2%2Fproduct_brand&post=2589"},{"taxonomy":"product_cat","embeddable":true,"href":"https:\/\/ppediciones.cl\/index.php?rest_route=%2Fwp%2Fv2%2Fproduct_cat&post=2589"},{"taxonomy":"product_tag","embeddable":true,"href":"https:\/\/ppediciones.cl\/index.php?rest_route=%2Fwp%2Fv2%2Fproduct_tag&post=2589"}],"curies":[{"name":"wp","href":"https:\/\/api.w.org\/{rel}","templated":true}]}}