{"id":2601,"date":"2024-02-09T16:05:20","date_gmt":"2024-02-09T16:05:20","guid":{"rendered":"https:\/\/ppediciones.cl\/?post_type=product&#038;p=2601"},"modified":"2025-02-27T13:46:32","modified_gmt":"2025-02-27T13:46:32","slug":"historia-de-rengo-3-edicion-gabriel-teran","status":"publish","type":"product","link":"https:\/\/ppediciones.cl\/?product=historia-de-rengo-3-edicion-gabriel-teran","title":{"rendered":"Historia de Rengo 3\u00b0 edici\u00f3n | Gabriel Ter\u00e1n"},"content":{"rendered":"<p>Las p\u00e1ginas de esta obra se refieren a la historia de Rengo. Entre otros aspectos, ponen su acento en los grandes actores sociales e intelectuales que han marcado su desarrollo. Actores y momentos muchas veces ignorados, soslayados o sometidos al olvido y el silencio. Termina el trabajo con la Reforma Agraria en el \u00e1rea.<\/p>\n<p>Gabriel Ter\u00e1n Moreno, profesor y escritor, nace en Rengo, Chile. Realiza sus estudios secundarios en el Liceo de Rengo. Cursa estudios superiores en la Facultad de Filosof\u00eda y Educaci\u00f3n de la Universidad de Chile. A partir de noviembre de 1970 hasta el 11 de septiembre de 1973 se desempe\u00f1a en diferentes programas de educaci\u00f3n de adultos en O\u2019Higgins y Colchagua\u00a0 en el \u00e1mbito de la Reforma Agraria,\u00a0 asumiendo tambi\u00e9n responsabilidades directas en la conducci\u00f3n de ese proceso en el \u00e1rea de Rengo y Departamento de Caupolic\u00e1n. En los primeros d\u00edas del golpe militar es encarcelado y un a\u00f1o m\u00e1s tarde, obligado a dejar el pa\u00eds. Contin\u00faa sus estudios pedag\u00f3gicos en la Universidad de Bucarest\u00a0 y obtiene el M\u00e1ster en historia, en la Facultad de Historia y Filosof\u00eda de esa instituci\u00f3n. Posteriormente, desde 1980 hasta diciembre de 2012 se desempe\u00f1a como docente en Ciencias Sociales e Historia en la Run\u00f6 Folkh\u00f6gskola de Estocolmo, centro de estudios superiores perteneciente al movimiento de Trabajadores de Suecia (LO).<\/p>\n<p>Cultiva la literatura desde sus a\u00f1os de estudiante, dando a conocer sus creaciones en publicaciones locales, de estudiantiles y encuentros literarios.<\/p>\n<p>Obras del autor en esta Editorial:<\/p>\n<p>-La huella de la luna y otros relatos.<\/p>\n<p>-Las campanas de Almedalen.<\/p>\n<p>-Ha publicado, tambi\u00e9n, en la antolog\u00eda &#8220;Autores de la Regi\u00f3n de O\u2019Higgins, tomo IV&#8221;.<\/p>\n<p>&nbsp;<\/p>\n<p>&nbsp;<\/p>\n<p>&nbsp;<\/p>\n","protected":false},"excerpt":{"rendered":"<p>Fecha publicaci\u00f3n: octubre 2023<\/p>\n<p>ISBN: 978-956-398-754-6<\/p>\n<p>P\u00e1ginas: 210<\/p>\n<p>Formato: 15 x 22 cm<\/p>\n<p>&nbsp;<\/p>\n<p>&nbsp;<\/p>\n<p>&nbsp;<\/p>\n<p>&nbsp;<\/p>\n<p>&nbsp;<\/p>\n<p>&nbsp;<\/p>\n<p>&nbsp;<\/p>\n<p>&nbsp;<\/p>\n<p>&nbsp;<\/p>\n<p>&nbsp;<\/p>\n<p>&nbsp;<\/p>\n<p>&nbsp;<\/p>\n<p>&nbsp;<\/p>\n<p>&nbsp;<\/p>\n<p>&nbsp;<\/p>\n<p>&nbsp;<\/p>\n","protected":false},"featured_media":2602,"comment_status":"open","ping_status":"closed","template":"","meta":[],"product_brand":[],"product_cat":[187,182],"product_tag":[],"class_list":{"0":"post-2601","1":"product","2":"type-product","3":"status-publish","4":"has-post-thumbnail","6":"product_cat-187","7":"product_cat-libreria","9":"first","10":"instock","11":"taxable","12":"shipping-taxable","13":"purchasable","14":"product-type-simple"},"_links":{"self":[{"href":"https:\/\/ppediciones.cl\/index.php?rest_route=\/wp\/v2\/product\/2601","targetHints":{"allow":["GET"]}}],"collection":[{"href":"https:\/\/ppediciones.cl\/index.php?rest_route=\/wp\/v2\/product"}],"about":[{"href":"https:\/\/ppediciones.cl\/index.php?rest_route=\/wp\/v2\/types\/product"}],"replies":[{"embeddable":true,"href":"https:\/\/ppediciones.cl\/index.php?rest_route=%2Fwp%2Fv2%2Fcomments&post=2601"}],"wp:featuredmedia":[{"embeddable":true,"href":"https:\/\/ppediciones.cl\/index.php?rest_route=\/wp\/v2\/media\/2602"}],"wp:attachment":[{"href":"https:\/\/ppediciones.cl\/index.php?rest_route=%2Fwp%2Fv2%2Fmedia&parent=2601"}],"wp:term":[{"taxonomy":"product_brand","embeddable":true,"href":"https:\/\/ppediciones.cl\/index.php?rest_route=%2Fwp%2Fv2%2Fproduct_brand&post=2601"},{"taxonomy":"product_cat","embeddable":true,"href":"https:\/\/ppediciones.cl\/index.php?rest_route=%2Fwp%2Fv2%2Fproduct_cat&post=2601"},{"taxonomy":"product_tag","embeddable":true,"href":"https:\/\/ppediciones.cl\/index.php?rest_route=%2Fwp%2Fv2%2Fproduct_tag&post=2601"}],"curies":[{"name":"wp","href":"https:\/\/api.w.org\/{rel}","templated":true}]}}

Historia de Rengo 3° edición | Gabriel Terán

<p>Las páginas de esta obra se refieren a la historia de Rengo. Entre otros aspectos, ponen su acento en los grandes actores sociales e intelectuales que han marcado su desarrollo. Actores y momentos muchas veces ignorados, soslayados o sometidos al olvido y el silencio. Termina el trabajo con la Reforma Agraria en el área.</p>
<p>Gabriel Terán Moreno, profesor y escritor, nace en Rengo, Chile. Realiza sus estudios secundarios en el Liceo de Rengo. Cursa estudios superiores en la Facultad de Filosofía y Educación de la Universidad de Chile. A partir de noviembre de 1970 hasta el 11 de septiembre de 1973 se desempeña en diferentes programas de educación de adultos en O’Higgins y Colchagua  en el ámbito de la Reforma Agraria,  asumiendo también responsabilidades directas en la conducción de ese proceso en el área de Rengo y Departamento de Caupolicán. En los primeros días del golpe militar es encarcelado y un año más tarde, obligado a dejar el país. Continúa sus estudios pedagógicos en la Universidad de Bucarest  y obtiene el Máster en historia, en la Facultad de Historia y Filosofía de esa institución. Posteriormente, desde 1980 hasta diciembre de 2012 se desempeña como docente en Ciencias Sociales e Historia en la Runö Folkhögskola de Estocolmo, centro de estudios superiores perteneciente al movimiento de Trabajadores de Suecia (LO).</p>
<p>Cultiva la literatura desde sus años de estudiante, dando a conocer sus creaciones en publicaciones locales, de estudiantiles y encuentros literarios.</p>
<p>Obras del autor en esta Editorial:</p>
<p>-La huella de la luna y otros relatos.</p>
<p>-Las campanas de Almedalen.</p>
<p>-Ha publicado, también, en la antología &#8220;Autores de la Región de O’Higgins, tomo IV&#8221;.</p>
<p>&nbsp;</p>
<p>&nbsp;</p>
<p>&nbsp;</p>

<p>Fecha publicación: octubre 2023</p>
<p>ISBN: 978-956-398-754-6</p>
<p>Páginas: 210</p>
<p>Formato: 15 x 22 cm</p>
<p>&nbsp;</p>
<p>&nbsp;</p>
<p>&nbsp;</p>
<p>&nbsp;</p>
<p>&nbsp;</p>
<p>&nbsp;</p>
<p>&nbsp;</p>
<p>&nbsp;</p>
<p>&nbsp;</p>
<p>&nbsp;</p>
<p>&nbsp;</p>
<p>&nbsp;</p>
<p>&nbsp;</p>
<p>&nbsp;</p>
<p>&nbsp;</p>
<p>&nbsp;</p>
