{"id":2681,"date":"2024-07-12T11:32:07","date_gmt":"2024-07-12T11:32:07","guid":{"rendered":"https:\/\/ppediciones.cl\/?post_type=product&#038;p=2681"},"modified":"2024-12-04T17:42:44","modified_gmt":"2024-12-04T17:42:44","slug":"no-basta-solo-el-amor-pacifico-carrasco-gonzalez","status":"publish","type":"product","link":"https:\/\/ppediciones.cl\/?product=no-basta-solo-el-amor-pacifico-carrasco-gonzalez","title":{"rendered":"No basta solo el amor | Pac\u00edfico Carrasco Gonz\u00e1lez"},"content":{"rendered":"<p>\u201cNo basta solo el amor\u201d, es el quinto libro de Pac\u00edfico Carrasco Gonz\u00e1lez. En \u00e9l, insiste en tener como pilar fundamental al amo, tal como lo hizo en \u201cDe otras cosas y el amor (2000), \u201cEn la huella del amor\u201d (2002), \u201cAmor viajero de viento\u201d (2004), \u201c\u00bfD\u00f3nde? Amor\u201d (2006). Para el autor, el hombre no solo es ego\u00edsmo y envidia, puede cambiar el mundo si se lo propone, si se decide a actuar con algo m\u00e1s de ese amor perfecto que es parte de nosotros mismos, aquel que suele distinguir en sus viajes, en su encuentro con la naturaleza, en su vida cotidiana y en su af\u00e1n de llenar el vac\u00edo y alejar la soledad&#8230; escribiendo.<\/p>\n<p>&nbsp;<\/p>\n","protected":false},"excerpt":{"rendered":"<p>Fecha publicaci\u00f3n: abril 2024<\/p>\n<p>ISBN: 978-956-319-200-1<\/p>\n<p>P\u00e1ginas: 104<\/p>\n<p>Formato: 15 x 21.5 cm<\/p>\n","protected":false},"featured_media":2682,"comment_status":"open","ping_status":"closed","template":"","meta":[],"product_brand":[],"product_cat":[209,181],"product_tag":[],"class_list":{"0":"post-2681","1":"product","2":"type-product","3":"status-publish","4":"has-post-thumbnail","6":"product_cat-209","7":"product_cat-catalogo","9":"first","10":"instock","11":"taxable","12":"shipping-taxable","13":"product-type-simple"},"_links":{"self":[{"href":"https:\/\/ppediciones.cl\/index.php?rest_route=\/wp\/v2\/product\/2681","targetHints":{"allow":["GET"]}}],"collection":[{"href":"https:\/\/ppediciones.cl\/index.php?rest_route=\/wp\/v2\/product"}],"about":[{"href":"https:\/\/ppediciones.cl\/index.php?rest_route=\/wp\/v2\/types\/product"}],"replies":[{"embeddable":true,"href":"https:\/\/ppediciones.cl\/index.php?rest_route=%2Fwp%2Fv2%2Fcomments&post=2681"}],"wp:featuredmedia":[{"embeddable":true,"href":"https:\/\/ppediciones.cl\/index.php?rest_route=\/wp\/v2\/media\/2682"}],"wp:attachment":[{"href":"https:\/\/ppediciones.cl\/index.php?rest_route=%2Fwp%2Fv2%2Fmedia&parent=2681"}],"wp:term":[{"taxonomy":"product_brand","embeddable":true,"href":"https:\/\/ppediciones.cl\/index.php?rest_route=%2Fwp%2Fv2%2Fproduct_brand&post=2681"},{"taxonomy":"product_cat","embeddable":true,"href":"https:\/\/ppediciones.cl\/index.php?rest_route=%2Fwp%2Fv2%2Fproduct_cat&post=2681"},{"taxonomy":"product_tag","embeddable":true,"href":"https:\/\/ppediciones.cl\/index.php?rest_route=%2Fwp%2Fv2%2Fproduct_tag&post=2681"}],"curies":[{"name":"wp","href":"https:\/\/api.w.org\/{rel}","templated":true}]}}