{"id":2687,"date":"2024-07-12T11:43:06","date_gmt":"2024-07-12T11:43:06","guid":{"rendered":"https:\/\/ppediciones.cl\/?post_type=product&#038;p=2687"},"modified":"2024-12-04T17:48:19","modified_gmt":"2024-12-04T17:48:19","slug":"revista-salud-lmental-7-varios-autores","status":"publish","type":"product","link":"https:\/\/ppediciones.cl\/?product=revista-salud-lmental-7-varios-autores","title":{"rendered":"Revista Salud LMental 7 | Varios autores"},"content":{"rendered":"<p>Si en el principio fue el verbo, quiz\u00e1s sea por la acci\u00f3n de lo que marca en el cuerpo cuando se pone en acci\u00f3n la palabra. Mente, cuerpo y afecto, psicodrama de la vida; significante del s\u00edmbolo, sentido significaci\u00f3n de la imagen o real de la Letra en el cuerpo, marca originaria en la que Lacan se mueve, afirmando que el inconsciente est\u00e1 estructurado como un lenguaje, pero a\u00f1ade, que sin un otro que intersecte al sujeto, tampoco hay objeto a, punto de partida en el origen. Se manifiesta entonces el lenguaje como forma de poder comunicarse y comprender el mundo, pero tambi\u00e9n como torre de Babel, carente de significaci\u00f3n \u00fanica por lo que es posible perderse en el sentido. Sentido obturador de singularidades y que, por lo mismo, totalitariza el discurso. El riesgo de aquello es caer en los fundamentalismos y sus consecuencias, ignorando que el lenguaje es un conjunto no cerrado. Esa es la cuesti\u00f3n de fondo, la no intersecci\u00f3n. Las distintas caras de una misma cinta, donde si no se hace corte, no se constituye el sujeto como tal. Las diversas tem\u00e1ticas que aqu\u00ed se abordan, de alg\u00fan modo apuntan a la noci\u00f3n de poder, iniciando con el texto referido a la pulsi\u00f3n junto a su objeto, desde las aristas del s\u00edntoma y la sublimaci\u00f3n; la salud integral como dimensi\u00f3n de lo humano; y lo UNTERDR\u00dcCKT como aquello que se inscribe en lo imposible de decir. Por otro lado, las costosas m\u00e1scaras que construimos como fantasma, de lo que se va develando en el trabajo de desenmascaramiento po\u00e9tico-psicodram\u00e1tico. As\u00ed como el poeta cierra este a\u00f1o diciendo: \u201cno hay nada verdadero en las palabras \u2026\u201d de lo que deduzco: no se dedican \u00e9stas a lo verdadero, sino a lo que velan.<\/p>\n<p>&nbsp;<\/p>\n","protected":false},"excerpt":{"rendered":"<p>Fecha publicaci\u00f3n: mayo 2024<\/p>\n<p>ISSN: 0719-9538<\/p>\n<p>P\u00e1ginas: 68<\/p>\n<p>Formato: 14 x 21.5 cm<\/p>\n","protected":false},"featured_media":2688,"comment_status":"open","ping_status":"closed","template":"","meta":[],"product_brand":[],"product_cat":[209,181],"product_tag":[],"class_list":{"0":"post-2687","1":"product","2":"type-product","3":"status-publish","4":"has-post-thumbnail","6":"product_cat-209","7":"product_cat-catalogo","9":"first","10":"instock","11":"taxable","12":"shipping-taxable","13":"product-type-simple"},"_links":{"self":[{"href":"https:\/\/ppediciones.cl\/index.php?rest_route=\/wp\/v2\/product\/2687","targetHints":{"allow":["GET"]}}],"collection":[{"href":"https:\/\/ppediciones.cl\/index.php?rest_route=\/wp\/v2\/product"}],"about":[{"href":"https:\/\/ppediciones.cl\/index.php?rest_route=\/wp\/v2\/types\/product"}],"replies":[{"embeddable":true,"href":"https:\/\/ppediciones.cl\/index.php?rest_route=%2Fwp%2Fv2%2Fcomments&post=2687"}],"wp:featuredmedia":[{"embeddable":true,"href":"https:\/\/ppediciones.cl\/index.php?rest_route=\/wp\/v2\/media\/2688"}],"wp:attachment":[{"href":"https:\/\/ppediciones.cl\/index.php?rest_route=%2Fwp%2Fv2%2Fmedia&parent=2687"}],"wp:term":[{"taxonomy":"product_brand","embeddable":true,"href":"https:\/\/ppediciones.cl\/index.php?rest_route=%2Fwp%2Fv2%2Fproduct_brand&post=2687"},{"taxonomy":"product_cat","embeddable":true,"href":"https:\/\/ppediciones.cl\/index.php?rest_route=%2Fwp%2Fv2%2Fproduct_cat&post=2687"},{"taxonomy":"product_tag","embeddable":true,"href":"https:\/\/ppediciones.cl\/index.php?rest_route=%2Fwp%2Fv2%2Fproduct_tag&post=2687"}],"curies":[{"name":"wp","href":"https:\/\/api.w.org\/{rel}","templated":true}]}}