{"id":2701,"date":"2024-07-12T12:04:54","date_gmt":"2024-07-12T12:04:54","guid":{"rendered":"https:\/\/ppediciones.cl\/?post_type=product&#038;p=2701"},"modified":"2024-12-25T03:15:44","modified_gmt":"2024-12-25T03:15:44","slug":"en-las-alas-de-euterpe-rebeca-erce","status":"publish","type":"product","link":"https:\/\/ppediciones.cl\/?product=en-las-alas-de-euterpe-rebeca-erce","title":{"rendered":"En las Alas de Euterpe | Rebeca Erce"},"content":{"rendered":"<p>\u201cEn las Alas de Euterpe\u201d es un poemario que nace de ese impulso que lleva a escribir, muchas veces sin tener ning\u00fan prop\u00f3sito. Sin embargo, a medida que se escribe, se descubre que la voz oculta ten\u00eda algo que decir. Algo que amar, resistir, odiar, extra\u00f1ar, entregar y sobre todo, agradecer. Sigue humildemente la huella de los poetas grandes que no complican el lenguaje, sino que lo hacen amable para aquellos que no est\u00e1n acostumbrados al vuelo l\u00edrico y esperan que alguien traduzca sus sentimientos. Hay mucho de apelaci\u00f3n y mucho de canci\u00f3n en ellos. La poes\u00eda es su forma de expresi\u00f3n.<\/p>\n<p>A veces, esto se confunde al volcar al papel todo lo negativo y lo que nos duele en el verdadero proceso de transmutaci\u00f3n que podemos realizar con las palabras, porque hablar desde el coraz\u00f3n no es f\u00e1cil cuando se est\u00e1 pose\u00eddo por la ira.\u00a0 Por eso, estos poemas son livianos, como flotar en las alas de la musa, dejando caer burbujas de lo que duele y elevando aquellas que nos hacen felices.<\/p>\n<p>&nbsp;<\/p>\n","protected":false},"excerpt":{"rendered":"<p>Fecha publicaci\u00f3n: julio 2024<\/p>\n<p>ISBN: 978-956-418-248-3<\/p>\n<p>P\u00e1ginas: 68<\/p>\n<p>Formato: 15 x 22 cm<\/p>\n","protected":false},"featured_media":2702,"comment_status":"open","ping_status":"closed","template":"","meta":[],"product_brand":[],"product_cat":[209,181],"product_tag":[],"class_list":{"0":"post-2701","1":"product","2":"type-product","3":"status-publish","4":"has-post-thumbnail","6":"product_cat-209","7":"product_cat-catalogo","9":"first","10":"instock","11":"taxable","12":"shipping-taxable","13":"product-type-simple"},"_links":{"self":[{"href":"https:\/\/ppediciones.cl\/index.php?rest_route=\/wp\/v2\/product\/2701","targetHints":{"allow":["GET"]}}],"collection":[{"href":"https:\/\/ppediciones.cl\/index.php?rest_route=\/wp\/v2\/product"}],"about":[{"href":"https:\/\/ppediciones.cl\/index.php?rest_route=\/wp\/v2\/types\/product"}],"replies":[{"embeddable":true,"href":"https:\/\/ppediciones.cl\/index.php?rest_route=%2Fwp%2Fv2%2Fcomments&post=2701"}],"wp:featuredmedia":[{"embeddable":true,"href":"https:\/\/ppediciones.cl\/index.php?rest_route=\/wp\/v2\/media\/2702"}],"wp:attachment":[{"href":"https:\/\/ppediciones.cl\/index.php?rest_route=%2Fwp%2Fv2%2Fmedia&parent=2701"}],"wp:term":[{"taxonomy":"product_brand","embeddable":true,"href":"https:\/\/ppediciones.cl\/index.php?rest_route=%2Fwp%2Fv2%2Fproduct_brand&post=2701"},{"taxonomy":"product_cat","embeddable":true,"href":"https:\/\/ppediciones.cl\/index.php?rest_route=%2Fwp%2Fv2%2Fproduct_cat&post=2701"},{"taxonomy":"product_tag","embeddable":true,"href":"https:\/\/ppediciones.cl\/index.php?rest_route=%2Fwp%2Fv2%2Fproduct_tag&post=2701"}],"curies":[{"name":"wp","href":"https:\/\/api.w.org\/{rel}","templated":true}]}}

<p>“En las Alas de Euterpe” es un poemario que nace de ese impulso que lleva a escribir, muchas veces sin tener ningún propósito. Sin embargo, a medida que se escribe, se descubre que la voz oculta tenía algo que decir. Algo que amar, resistir, odiar, extrañar, entregar y sobre todo, agradecer. Sigue humildemente la huella de los poetas grandes que no complican el lenguaje, sino que lo hacen amable para aquellos que no están acostumbrados al vuelo lírico y esperan que alguien traduzca sus sentimientos. Hay mucho de apelación y mucho de canción en ellos. La poesía es su forma de expresión.</p>
<p>A veces, esto se confunde al volcar al papel todo lo negativo y lo que nos duele en el verdadero proceso de transmutación que podemos realizar con las palabras, porque hablar desde el corazón no es fácil cuando se está poseído por la ira.  Por eso, estos poemas son livianos, como flotar en las alas de la musa, dejando caer burbujas de lo que duele y elevando aquellas que nos hacen felices.</p>
<p>&nbsp;</p>

<p>Fecha publicación: julio 2024</p>
<p>ISBN: 978-956-418-248-3</p>
<p>Páginas: 68</p>
<p>Formato: 15 x 22 cm</p>
