{"id":2763,"date":"2024-07-30T04:54:42","date_gmt":"2024-07-30T04:54:42","guid":{"rendered":"https:\/\/ppediciones.cl\/?post_type=product&#038;p=2763"},"modified":"2025-05-22T09:17:58","modified_gmt":"2025-05-22T09:17:58","slug":"el-mejor-pais-de-chile-version-no-autorizada","status":"publish","type":"product","link":"https:\/\/ppediciones.cl\/?product=el-mejor-pais-de-chile-version-no-autorizada","title":{"rendered":"El mejor pa\u00eds de Chile &#8211; versi\u00f3n NO autorizada | Nicol\u00e1s Bravo Tirado"},"content":{"rendered":"<p>\u00a1Prep\u00e1rense para quedar locos, cabros! Llega la versi\u00f3n sin censura, sin filtro y sin pelos en la lengua de &#8220;El mejor pa\u00eds de Chile&#8221;.<\/p>\n<p>Si cre\u00edan que el primer libro era chistoso, ag\u00e1rrense, porque esta segunda parte viene con tutti. &#8220;El mejor pa\u00eds de Chile 2, versi\u00f3n No autorizada&#8221; es un viaje en primera clase por las expresiones chilenas m\u00e1s sabrosas, picantes y prohibidas que jam\u00e1s se atrevieron a decir en voz alta. Un libro para re\u00edr a gritos con las frases m\u00e1s choras, los garabatos m\u00e1s br\u00edgidos y las tallas m\u00e1s pesadas que solo los chilenos sabemos apreciar. Una oda a nuestra idiosincrasia, humor negro y a la capacidad que tenemos de encontrarle el lado divertido a todo, incluso a lo que est\u00e1 prohibido.<\/p>\n<p>As\u00ed que, si tienen aguante y quieren cachar por qu\u00e9 Chile es el mejor pa\u00eds de Chile, aunque sea en su versi\u00f3n no autorizada, \u00a1este libro es para ustedes!<\/p>\n<p>Acomp\u00e1\u00f1anos en esta aventura llena de chilenismos sin censura que ayuda a comprendernos y a ser comprendidos.<\/p>\n<p>&nbsp;<\/p>\n<p><strong>Sobre el autor:<\/strong><\/p>\n<p>NICOL\u00c1S BRAVO TIRADO, naci\u00f3 el 9 julio de 1976 en Santiago. Bajo el nombre de Viejotuber, sus videos de chilenismos y curiosidades chilensis han revolucionado las redes sociales con tem\u00e1ticas que invitan tanto a ni\u00f1os como adultos a conocer sobre la idiosincrasia chilena, sus dichos, costumbres y notas sabrosas, de una manera l\u00fadica y did\u00e1ctica.<\/p>\n<p>Director y Productor de Televisi\u00f3n, con estudios de cine y Comunicaci\u00f3n audiovisual, ha trabajado en medios como TVN y Canal 13. Desde 2006 se ha involucrado con el \u00e1rea pedag\u00f3gica como jefe del \u00e1rea Inform\u00e1tica Educativa en diversos centros educacionales del pa\u00eds, especializ\u00e1ndose en la incorporaci\u00f3n curricular de tecnolog\u00edas en el aula. Paralelamente, se ha desempe\u00f1ado como profesor en Talleres de Comunicaci\u00f3n Audiovisual y en asignaturas como Educaci\u00f3n Tecnol\u00f3gica y Artes Visuales.<\/p>\n<p>&nbsp;<\/p>\n<p><strong>Sobre el ilustrador:<\/strong><\/p>\n<p>MANUEL PERIS VALDEBENITO, naci\u00f3 en Santiago de Chile en 1975.\u00a0 Artista visual, dise\u00f1ador gr\u00e1fico y profesor de arte, ha incursionado tambi\u00e9n en la ilustraci\u00f3n y literatura infantil. Es autor del libro \u201cLos ni\u00f1os del fin del mundo\u201d, peque\u00f1a gran historia Selknam, entre otros, y creador de la plataforma \u201cChilenismos Ilustrados\u201d en Instagram. Artista referente para el taller de diagramaci\u00f3n de la facultad de arte y dise\u00f1o de urbanismo de la Universidad de Buenos Aires (UBA), ha montado m\u00e1s de cuarenta exposiciones de arte a lo largo de Chile. Hoy se dedica a tiempo completo a la pintura, a impartir clases, a la ilustraci\u00f3n de libros infantiles y a dar charlas en relaci\u00f3n a la cultura Selk\u2019nam en colegios.<\/p>\n","protected":false},"excerpt":{"rendered":"<p>Fecha publicaci\u00f3n: agosto 2024<\/p>\n<p>P\u00e1ginas: 130<\/p>\n<p>Formato: 15 x 23 cm<\/p>\n<p>ISBN: 978-956-6218-05-0<\/p>\n","protected":false},"featured_media":2764,"comment_status":"open","ping_status":"closed","template":"","meta":[],"product_brand":[],"product_cat":[182],"product_tag":[],"class_list":{"0":"post-2763","1":"product","2":"type-product","3":"status-publish","4":"has-post-thumbnail","6":"product_cat-libreria","8":"first","9":"instock","10":"taxable","11":"shipping-taxable","12":"purchasable","13":"product-type-simple"},"_links":{"self":[{"href":"https:\/\/ppediciones.cl\/index.php?rest_route=\/wp\/v2\/product\/2763","targetHints":{"allow":["GET"]}}],"collection":[{"href":"https:\/\/ppediciones.cl\/index.php?rest_route=\/wp\/v2\/product"}],"about":[{"href":"https:\/\/ppediciones.cl\/index.php?rest_route=\/wp\/v2\/types\/product"}],"replies":[{"embeddable":true,"href":"https:\/\/ppediciones.cl\/index.php?rest_route=%2Fwp%2Fv2%2Fcomments&post=2763"}],"wp:featuredmedia":[{"embeddable":true,"href":"https:\/\/ppediciones.cl\/index.php?rest_route=\/wp\/v2\/media\/2764"}],"wp:attachment":[{"href":"https:\/\/ppediciones.cl\/index.php?rest_route=%2Fwp%2Fv2%2Fmedia&parent=2763"}],"wp:term":[{"taxonomy":"product_brand","embeddable":true,"href":"https:\/\/ppediciones.cl\/index.php?rest_route=%2Fwp%2Fv2%2Fproduct_brand&post=2763"},{"taxonomy":"product_cat","embeddable":true,"href":"https:\/\/ppediciones.cl\/index.php?rest_route=%2Fwp%2Fv2%2Fproduct_cat&post=2763"},{"taxonomy":"product_tag","embeddable":true,"href":"https:\/\/ppediciones.cl\/index.php?rest_route=%2Fwp%2Fv2%2Fproduct_tag&post=2763"}],"curies":[{"name":"wp","href":"https:\/\/api.w.org\/{rel}","templated":true}]}}