{"id":2953,"date":"2025-06-20T14:33:00","date_gmt":"2025-06-20T14:33:00","guid":{"rendered":"https:\/\/ppediciones.cl\/?post_type=product&#038;p=2953"},"modified":"2025-06-20T14:33:00","modified_gmt":"2025-06-20T14:33:00","slug":"cantina-varios-autores","status":"publish","type":"product","link":"https:\/\/ppediciones.cl\/?product=cantina-varios-autores","title":{"rendered":"Cantina | Varios autores"},"content":{"rendered":"<p>El enfoque de este libro que ha sido bautizado como \u201cCANTINA\u201d, no es un an\u00e1lisis ling\u00fc\u00edstico o antropol\u00f3gico, es un homenaje desde la literatura creativa, desde la poes\u00eda, a estos espacios o rincones tan nuestros, se\u00f1eros, representantes de nuestra cultura popular.<\/p>\n<p>Sin duda la cantina es el Aleph, aquel punto \u2013dicho por Borges\u2013 donde se encuentran todos los puntos, en este caso, donde conviven los recuerdos ya descoloridos de nuestros abuelos, padres, las leyendas urbanas y rurales que hemos heredado a trav\u00e9s de tradiciones orales, las an\u00e9cdotas escritas en libros ya deshechos, pero que persisten como fantasmas tozudos o borrachos porfiados que se niegan a marchar despu\u00e9s de agotar la \u00faltima copa.<\/p>\n","protected":false},"excerpt":{"rendered":"<p>Fecha publicaci\u00f3n: mayo 2025<\/p>\n<p>ISBN: 978-956-420-906-7<\/p>\n<p>P\u00e1ginas: 128<\/p>\n<p>Formato: 15 x 22 cm<\/p>\n","protected":false},"featured_media":2954,"comment_status":"open","ping_status":"closed","template":"","meta":[],"product_brand":[],"product_cat":[210,181],"product_tag":[],"class_list":{"0":"post-2953","1":"product","2":"type-product","3":"status-publish","4":"has-post-thumbnail","6":"product_cat-210","7":"product_cat-catalogo","9":"first","10":"instock","11":"taxable","12":"shipping-taxable","13":"product-type-simple"},"_links":{"self":[{"href":"https:\/\/ppediciones.cl\/index.php?rest_route=\/wp\/v2\/product\/2953","targetHints":{"allow":["GET"]}}],"collection":[{"href":"https:\/\/ppediciones.cl\/index.php?rest_route=\/wp\/v2\/product"}],"about":[{"href":"https:\/\/ppediciones.cl\/index.php?rest_route=\/wp\/v2\/types\/product"}],"replies":[{"embeddable":true,"href":"https:\/\/ppediciones.cl\/index.php?rest_route=%2Fwp%2Fv2%2Fcomments&post=2953"}],"wp:featuredmedia":[{"embeddable":true,"href":"https:\/\/ppediciones.cl\/index.php?rest_route=\/wp\/v2\/media\/2954"}],"wp:attachment":[{"href":"https:\/\/ppediciones.cl\/index.php?rest_route=%2Fwp%2Fv2%2Fmedia&parent=2953"}],"wp:term":[{"taxonomy":"product_brand","embeddable":true,"href":"https:\/\/ppediciones.cl\/index.php?rest_route=%2Fwp%2Fv2%2Fproduct_brand&post=2953"},{"taxonomy":"product_cat","embeddable":true,"href":"https:\/\/ppediciones.cl\/index.php?rest_route=%2Fwp%2Fv2%2Fproduct_cat&post=2953"},{"taxonomy":"product_tag","embeddable":true,"href":"https:\/\/ppediciones.cl\/index.php?rest_route=%2Fwp%2Fv2%2Fproduct_tag&post=2953"}],"curies":[{"name":"wp","href":"https:\/\/api.w.org\/{rel}","templated":true}]}}