{"id":3033,"date":"2025-10-08T01:35:50","date_gmt":"2025-10-08T01:35:50","guid":{"rendered":"https:\/\/ppediciones.cl\/?post_type=product&#038;p=3033"},"modified":"2025-10-08T01:37:52","modified_gmt":"2025-10-08T01:37:52","slug":"todos-los-sentimientos-que-tuve-y-no-te-dije-benjamin-blanch","status":"publish","type":"product","link":"https:\/\/ppediciones.cl\/?product=todos-los-sentimientos-que-tuve-y-no-te-dije-benjamin-blanch","title":{"rendered":"Todos los sentimientos que tuve y no te dije | Benjam\u00edn Blanch"},"content":{"rendered":"<p>En estas hojas est\u00e1n puestos extractos del alma, l\u00e1grimas de felicidad y de tristeza. Est\u00e1 todo lo bueno y todo lo malo de un d\u00eda a d\u00eda, quiz\u00e1s desde la idea de la maldici\u00f3n del poeta: permitirse sentir a flor de piel en un mundo que valora el desinter\u00e9s, la rutina, la frialdad y la deshumanizaci\u00f3n.<\/p>\n<p>En este poemario est\u00e1 marcado a fuego lo que durante mucho tiempo fue una despedida en primera persona, un grito a veces gutural y otras veces sutil, en una eterna contradicci\u00f3n por encontrar lo m\u00e1s vital del ser humano: el amor.<\/p>\n<p>Benjam\u00edn Gonz\u00e1lez Blanch (Santiago de Chile, 2008), estudi\u00f3 varios a\u00f1os en el Colegio Sol de Chile (Lo Espejo) y, luego de cambiar la capital por la brisa marina, cursa la Ense\u00f1anza Media en el Liceo Agust\u00edn Ross Edwards (Pichilemu), donde participa sostenidamente de actividades relacionadas con el mundo de los libros, entre ellos el Taller Extraescolar \u201cClub de Lectura\u201d. Obtuvo un segundo lugar en el concurso \u201cUn cuento para Pichilemu\u201d, organizado el a\u00f1o 2025 por la Biblioteca P\u00fablica y el Grupo de Amigos de la Biblioteca, con el texto El violento silencio del puente. Actualmente, vive en C\u00e1huil, donde escribe entre libretas viejas e insomnio, acompa\u00f1ado de fantasmas que se empe\u00f1an en convertir estas sensaciones en poes\u00eda.<\/p>\n","protected":false},"excerpt":{"rendered":"<p>Fecha publicaci\u00f3n: octubre 2025<\/p>\n<p>ISBN: 978-956-423-763-3<\/p>\n<p>P\u00e1ginas: 84<\/p>\n<p>Formato: 14 X 21.5 cm<\/p>\n","protected":false},"featured_media":3034,"comment_status":"open","ping_status":"closed","template":"","meta":[],"product_brand":[],"product_cat":[210,181],"product_tag":[],"class_list":{"0":"post-3033","1":"product","2":"type-product","3":"status-publish","4":"has-post-thumbnail","6":"product_cat-210","7":"product_cat-catalogo","9":"first","10":"instock","11":"taxable","12":"shipping-taxable","13":"product-type-simple"},"_links":{"self":[{"href":"https:\/\/ppediciones.cl\/index.php?rest_route=\/wp\/v2\/product\/3033","targetHints":{"allow":["GET"]}}],"collection":[{"href":"https:\/\/ppediciones.cl\/index.php?rest_route=\/wp\/v2\/product"}],"about":[{"href":"https:\/\/ppediciones.cl\/index.php?rest_route=\/wp\/v2\/types\/product"}],"replies":[{"embeddable":true,"href":"https:\/\/ppediciones.cl\/index.php?rest_route=%2Fwp%2Fv2%2Fcomments&post=3033"}],"wp:featuredmedia":[{"embeddable":true,"href":"https:\/\/ppediciones.cl\/index.php?rest_route=\/wp\/v2\/media\/3034"}],"wp:attachment":[{"href":"https:\/\/ppediciones.cl\/index.php?rest_route=%2Fwp%2Fv2%2Fmedia&parent=3033"}],"wp:term":[{"taxonomy":"product_brand","embeddable":true,"href":"https:\/\/ppediciones.cl\/index.php?rest_route=%2Fwp%2Fv2%2Fproduct_brand&post=3033"},{"taxonomy":"product_cat","embeddable":true,"href":"https:\/\/ppediciones.cl\/index.php?rest_route=%2Fwp%2Fv2%2Fproduct_cat&post=3033"},{"taxonomy":"product_tag","embeddable":true,"href":"https:\/\/ppediciones.cl\/index.php?rest_route=%2Fwp%2Fv2%2Fproduct_tag&post=3033"}],"curies":[{"name":"wp","href":"https:\/\/api.w.org\/{rel}","templated":true}]}}