{"id":3061,"date":"2025-12-31T20:37:00","date_gmt":"2025-12-31T20:37:00","guid":{"rendered":"https:\/\/ppediciones.cl\/?post_type=product&#038;p=3061"},"modified":"2025-12-31T20:37:00","modified_gmt":"2025-12-31T20:37:00","slug":"sensibilidad-intercultural-en-la-escuela-departamento-provincial-de-educacion-cachapoal","status":"publish","type":"product","link":"https:\/\/ppediciones.cl\/?product=sensibilidad-intercultural-en-la-escuela-departamento-provincial-de-educacion-cachapoal","title":{"rendered":"Sensibilidad intercultural en la escuela | Departamento Provincial de Educaci\u00f3n Cachapoal"},"content":{"rendered":"<p>En tiempos recientes, la migraci\u00f3n infantil en Am\u00e9rica Latina y el Caribe ha alcanzado niveles r\u00e9cord, con ni\u00f1os, ni\u00f1as y adolescentes (NNA) cruzando fronteras en busca de mejores oportunidades, consolidando a Chile como uno de los destinos clave para inmigrantes, principalmente provenientes de pa\u00edses latinoamericanos. En esta l\u00ednea, nuestra regi\u00f3n enfrenta una de las crisis de migraci\u00f3n infantil m\u00e1s complejas del mundo. En Chile, el n\u00famero de NNA migrantes ha aumentado significativamente, alcanzando los 302.306, lo que representa el 15,8 % de la poblaci\u00f3n total.<\/p>\n<p>En cuanto a las cifras en la provincia de Cachapoal, Graneros registra 136 estudiantes extranjeros y 452 con Identificador Provisorio Escolar (IPE) y Rengo registra 303 estudiantes extranjeros y 471 con IPE, ambas comunas son las que concentran m\u00e1s estudiantes extranjeros en la provincia de Cachapoal, despu\u00e9s de la comuna de Rancagua.<\/p>\n<p>La integraci\u00f3n de estos estudiantes no tradicionales exige una comprensi\u00f3n detallada de las representaciones sociales y expectativas que el profesorado tiene sobre ellos, ya que, seg\u00fan los estudios realizados en Chile indican que estos factores son clave para el \u00e9xito de las transiciones educativas. La percepci\u00f3n que los docentes tienen sobre sus estudiantes puede influir profundamente en su aprendizaje, desempe\u00f1o acad\u00e9mico y bienestar. Por lo tanto, se considera que el profesorado debe ser el motor para implementar innovaciones pedag\u00f3gicas que favorezcan la convivencia respetuosa y el respeto cultural, promoviendo una reflexi\u00f3n cr\u00edtica dentro del aula.<\/p>\n<p>Invitamos al lector a recorrer una investigaci\u00f3n rigurosa que no solo diagnostica la situaci\u00f3n actual de la Sensibilidad Intercultural en la provincia, sino que tambi\u00e9n celebra y visibiliza las buenas pr\u00e1cticas que ya se est\u00e1n implementando.<\/p>\n","protected":false},"excerpt":{"rendered":"<p>Fecha publicaci\u00f3n: diciembre 2025<\/p>\n<p>ISBN: 978-956-423-997-2<\/p>\n<p>P\u00e1ginas: 68<\/p>\n<p>Formato: 15 x 23 cm<\/p>\n","protected":false},"featured_media":3062,"comment_status":"open","ping_status":"closed","template":"","meta":[],"product_brand":[],"product_cat":[210,181],"product_tag":[],"class_list":{"0":"post-3061","1":"product","2":"type-product","3":"status-publish","4":"has-post-thumbnail","6":"product_cat-210","7":"product_cat-catalogo","9":"first","10":"instock","11":"taxable","12":"shipping-taxable","13":"product-type-simple"},"_links":{"self":[{"href":"https:\/\/ppediciones.cl\/index.php?rest_route=\/wp\/v2\/product\/3061","targetHints":{"allow":["GET"]}}],"collection":[{"href":"https:\/\/ppediciones.cl\/index.php?rest_route=\/wp\/v2\/product"}],"about":[{"href":"https:\/\/ppediciones.cl\/index.php?rest_route=\/wp\/v2\/types\/product"}],"replies":[{"embeddable":true,"href":"https:\/\/ppediciones.cl\/index.php?rest_route=%2Fwp%2Fv2%2Fcomments&post=3061"}],"wp:featuredmedia":[{"embeddable":true,"href":"https:\/\/ppediciones.cl\/index.php?rest_route=\/wp\/v2\/media\/3062"}],"wp:attachment":[{"href":"https:\/\/ppediciones.cl\/index.php?rest_route=%2Fwp%2Fv2%2Fmedia&parent=3061"}],"wp:term":[{"taxonomy":"product_brand","embeddable":true,"href":"https:\/\/ppediciones.cl\/index.php?rest_route=%2Fwp%2Fv2%2Fproduct_brand&post=3061"},{"taxonomy":"product_cat","embeddable":true,"href":"https:\/\/ppediciones.cl\/index.php?rest_route=%2Fwp%2Fv2%2Fproduct_cat&post=3061"},{"taxonomy":"product_tag","embeddable":true,"href":"https:\/\/ppediciones.cl\/index.php?rest_route=%2Fwp%2Fv2%2Fproduct_tag&post=3061"}],"curies":[{"name":"wp","href":"https:\/\/api.w.org\/{rel}","templated":true}]}}

Sensibilidad intercultural en la escuela | Departamento Provincial de Educación Cachapoal

<p>En tiempos recientes, la migración infantil en América Latina y el Caribe ha alcanzado niveles récord, con niños, niñas y adolescentes (NNA) cruzando fronteras en busca de mejores oportunidades, consolidando a Chile como uno de los destinos clave para inmigrantes, principalmente provenientes de países latinoamericanos. En esta línea, nuestra región enfrenta una de las crisis de migración infantil más complejas del mundo. En Chile, el número de NNA migrantes ha aumentado significativamente, alcanzando los 302.306, lo que representa el 15,8 % de la población total.</p>
<p>En cuanto a las cifras en la provincia de Cachapoal, Graneros registra 136 estudiantes extranjeros y 452 con Identificador Provisorio Escolar (IPE) y Rengo registra 303 estudiantes extranjeros y 471 con IPE, ambas comunas son las que concentran más estudiantes extranjeros en la provincia de Cachapoal, después de la comuna de Rancagua.</p>
<p>La integración de estos estudiantes no tradicionales exige una comprensión detallada de las representaciones sociales y expectativas que el profesorado tiene sobre ellos, ya que, según los estudios realizados en Chile indican que estos factores son clave para el éxito de las transiciones educativas. La percepción que los docentes tienen sobre sus estudiantes puede influir profundamente en su aprendizaje, desempeño académico y bienestar. Por lo tanto, se considera que el profesorado debe ser el motor para implementar innovaciones pedagógicas que favorezcan la convivencia respetuosa y el respeto cultural, promoviendo una reflexión crítica dentro del aula.</p>
<p>Invitamos al lector a recorrer una investigación rigurosa que no solo diagnostica la situación actual de la Sensibilidad Intercultural en la provincia, sino que también celebra y visibiliza las buenas prácticas que ya se están implementando.</p>

<p>Fecha publicación: diciembre 2025</p>
<p>ISBN: 978-956-423-997-2</p>
<p>Páginas: 68</p>
<p>Formato: 15 x 23 cm</p>
