{"id":3121,"date":"2026-03-30T17:58:07","date_gmt":"2026-03-30T17:58:07","guid":{"rendered":"https:\/\/ppediciones.cl\/?post_type=product&#038;p=3121"},"modified":"2026-03-30T17:58:07","modified_gmt":"2026-03-30T17:58:07","slug":"sembrando-voces-adolescencias-y-juventudes-paininas","status":"publish","type":"product","link":"https:\/\/ppediciones.cl\/?product=sembrando-voces-adolescencias-y-juventudes-paininas","title":{"rendered":"Sembrando voces | Adolescencias y juventudes paininas"},"content":{"rendered":"<p>Una historia, un escrito, un dibujo o una ilustraci\u00f3n, muchas veces pueden nacer de un momento de inspiraci\u00f3n y pasar a convertirse en un aprendizaje que no se olvida.<\/p>\n<p>J\u00f3venes y adolescentes entre 10 y 19 a\u00f1os, pertenecientes a la comuna de Paine, a partir de sus propias vivencias, experiencias y reflexiones, te sorprender\u00e1n con los escritos e ilustraciones, en diversos formatos, que han plasmado en este libro, ya que cada persona identific\u00f3 la mejor manera de expresar su sentir, por eso el nombre \u201cSembrando voces\u201d.<\/p>\n<p>En este libro encontrar\u00e1s escritos inspirados, por ejemplo, en alguien a quien quieres mucho, en las mascotas, valorar el momento presente, maneras de vivenciar la adolescencia, en la importancia de que ni\u00f1os, ni\u00f1as y adolescentes sean escuchados por las personas adultas, vivencias de dolor que pudieron ser transformadas y superadas o a\u00fan se encuentran en ese proceso, experiencias de participaci\u00f3n representando a las juventudes de Paine, salidas pedag\u00f3gicas, an\u00e9cdotas que parec\u00edan triviales y sin imaginarlo, terminaron siendo una gran oportunidad de aprendizaje.<\/p>\n","protected":false},"excerpt":{"rendered":"<p><strong>Adolescencias y juventudes paininas<\/strong><\/p>\n<p>Fecha publicaci\u00f3n: marzo 2026<\/p>\n<p>ISBN: &#8211;<\/p>\n<p>P\u00e1ginas: 110<\/p>\n<p>Formato: 14 X 21.5 cm<\/p>\n","protected":false},"featured_media":3122,"comment_status":"open","ping_status":"closed","template":"","meta":[],"product_brand":[],"product_cat":[211,181],"product_tag":[],"class_list":{"0":"post-3121","1":"product","2":"type-product","3":"status-publish","4":"has-post-thumbnail","6":"product_cat-211","7":"product_cat-catalogo","9":"first","10":"instock","11":"taxable","12":"shipping-taxable","13":"product-type-simple"},"_links":{"self":[{"href":"https:\/\/ppediciones.cl\/index.php?rest_route=\/wp\/v2\/product\/3121","targetHints":{"allow":["GET"]}}],"collection":[{"href":"https:\/\/ppediciones.cl\/index.php?rest_route=\/wp\/v2\/product"}],"about":[{"href":"https:\/\/ppediciones.cl\/index.php?rest_route=\/wp\/v2\/types\/product"}],"replies":[{"embeddable":true,"href":"https:\/\/ppediciones.cl\/index.php?rest_route=%2Fwp%2Fv2%2Fcomments&post=3121"}],"wp:featuredmedia":[{"embeddable":true,"href":"https:\/\/ppediciones.cl\/index.php?rest_route=\/wp\/v2\/media\/3122"}],"wp:attachment":[{"href":"https:\/\/ppediciones.cl\/index.php?rest_route=%2Fwp%2Fv2%2Fmedia&parent=3121"}],"wp:term":[{"taxonomy":"product_brand","embeddable":true,"href":"https:\/\/ppediciones.cl\/index.php?rest_route=%2Fwp%2Fv2%2Fproduct_brand&post=3121"},{"taxonomy":"product_cat","embeddable":true,"href":"https:\/\/ppediciones.cl\/index.php?rest_route=%2Fwp%2Fv2%2Fproduct_cat&post=3121"},{"taxonomy":"product_tag","embeddable":true,"href":"https:\/\/ppediciones.cl\/index.php?rest_route=%2Fwp%2Fv2%2Fproduct_tag&post=3121"}],"curies":[{"name":"wp","href":"https:\/\/api.w.org\/{rel}","templated":true}]}}

<p>Una historia, un escrito, un dibujo o una ilustración, muchas veces pueden nacer de un momento de inspiración y pasar a convertirse en un aprendizaje que no se olvida.</p>
<p>Jóvenes y adolescentes entre 10 y 19 años, pertenecientes a la comuna de Paine, a partir de sus propias vivencias, experiencias y reflexiones, te sorprenderán con los escritos e ilustraciones, en diversos formatos, que han plasmado en este libro, ya que cada persona identificó la mejor manera de expresar su sentir, por eso el nombre “Sembrando voces”.</p>
<p>En este libro encontrarás escritos inspirados, por ejemplo, en alguien a quien quieres mucho, en las mascotas, valorar el momento presente, maneras de vivenciar la adolescencia, en la importancia de que niños, niñas y adolescentes sean escuchados por las personas adultas, vivencias de dolor que pudieron ser transformadas y superadas o aún se encuentran en ese proceso, experiencias de participación representando a las juventudes de Paine, salidas pedagógicas, anécdotas que parecían triviales y sin imaginarlo, terminaron siendo una gran oportunidad de aprendizaje.</p>

<p><strong>Adolescencias y juventudes paininas</strong></p>
<p>Fecha publicación: marzo 2026</p>
<p>ISBN: &#8211;</p>
<p>Páginas: 110</p>
<p>Formato: 14 X 21.5 cm</p>
