{"id":3126,"date":"2026-03-30T18:07:54","date_gmt":"2026-03-30T18:07:54","guid":{"rendered":"https:\/\/ppediciones.cl\/?post_type=product&#038;p=3126"},"modified":"2026-03-30T22:25:25","modified_gmt":"2026-03-30T22:25:25","slug":"escribamos-nuestra-historia-taller-de-climaterio-cesfam-granja-sur","status":"publish","type":"product","link":"https:\/\/ppediciones.cl\/?product=escribamos-nuestra-historia-taller-de-climaterio-cesfam-granja-sur","title":{"rendered":"Escribamos nuestra historia | Taller de Climaterio CESFAM Granja Sur"},"content":{"rendered":"<p>Una de las reflexiones que con mayor frecuencia emerge en las sesiones del taller es la siguiente: \u201cQu\u00e9 importante ser\u00eda que todas las mujeres tuvieran la oportunidad de ser acompa\u00f1adas, especialmente desde la empat\u00eda, en una etapa tan significativa como el climaterio\u201d.<\/p>\n<p>\u201cEscribamos nuestra historia\u201d no ofrece f\u00f3rmulas ni instrucciones para aliviar los s\u00edntomas. En su lugar, propone algo m\u00e1s valioso: las experiencias de seis mujeres que comparten, con honestidad y profundidad, c\u00f3mo ha sido su proceso personal al transitar esta etapa de la vida. Sus relatos est\u00e1n atravesados por vivencias y acontecimientos que las marcaron mucho antes del climaterio y que influyen en la manera en que hoy lo habitan.<\/p>\n<p>En estas p\u00e1ginas, cada autora abre su mundo \u00edntimo y el de quienes las acompa\u00f1an, con el prop\u00f3sito de llegar al coraz\u00f3n de otras mujeres y recordarles que no est\u00e1n solas. Que los bochornos, el insomnio, el cansancio o la fatiga no son experiencias aisladas, y que siempre existe la posibilidad de encontrar comprensi\u00f3n, empat\u00eda y compa\u00f1\u00eda en el camino.<\/p>\n","protected":false},"excerpt":{"rendered":"<p>Fecha publicaci\u00f3n: marzo 2026<\/p>\n<p>ISBN: 978-956-425-558-3<\/p>\n<p>P\u00e1ginas: 74<\/p>\n<p>Formato: 14 X 21.5 cm<\/p>\n","protected":false},"featured_media":3133,"comment_status":"open","ping_status":"closed","template":"","meta":[],"product_brand":[],"product_cat":[211,181],"product_tag":[],"class_list":{"0":"post-3126","1":"product","2":"type-product","3":"status-publish","4":"has-post-thumbnail","6":"product_cat-211","7":"product_cat-catalogo","9":"first","10":"instock","11":"taxable","12":"shipping-taxable","13":"product-type-simple"},"_links":{"self":[{"href":"https:\/\/ppediciones.cl\/index.php?rest_route=\/wp\/v2\/product\/3126","targetHints":{"allow":["GET"]}}],"collection":[{"href":"https:\/\/ppediciones.cl\/index.php?rest_route=\/wp\/v2\/product"}],"about":[{"href":"https:\/\/ppediciones.cl\/index.php?rest_route=\/wp\/v2\/types\/product"}],"replies":[{"embeddable":true,"href":"https:\/\/ppediciones.cl\/index.php?rest_route=%2Fwp%2Fv2%2Fcomments&post=3126"}],"wp:featuredmedia":[{"embeddable":true,"href":"https:\/\/ppediciones.cl\/index.php?rest_route=\/wp\/v2\/media\/3133"}],"wp:attachment":[{"href":"https:\/\/ppediciones.cl\/index.php?rest_route=%2Fwp%2Fv2%2Fmedia&parent=3126"}],"wp:term":[{"taxonomy":"product_brand","embeddable":true,"href":"https:\/\/ppediciones.cl\/index.php?rest_route=%2Fwp%2Fv2%2Fproduct_brand&post=3126"},{"taxonomy":"product_cat","embeddable":true,"href":"https:\/\/ppediciones.cl\/index.php?rest_route=%2Fwp%2Fv2%2Fproduct_cat&post=3126"},{"taxonomy":"product_tag","embeddable":true,"href":"https:\/\/ppediciones.cl\/index.php?rest_route=%2Fwp%2Fv2%2Fproduct_tag&post=3126"}],"curies":[{"name":"wp","href":"https:\/\/api.w.org\/{rel}","templated":true}]}}

<p>Una de las reflexiones que con mayor frecuencia emerge en las sesiones del taller es la siguiente: “Qué importante sería que todas las mujeres tuvieran la oportunidad de ser acompañadas, especialmente desde la empatía, en una etapa tan significativa como el climaterio”.</p>
<p>“Escribamos nuestra historia” no ofrece fórmulas ni instrucciones para aliviar los síntomas. En su lugar, propone algo más valioso: las experiencias de seis mujeres que comparten, con honestidad y profundidad, cómo ha sido su proceso personal al transitar esta etapa de la vida. Sus relatos están atravesados por vivencias y acontecimientos que las marcaron mucho antes del climaterio y que influyen en la manera en que hoy lo habitan.</p>
<p>En estas páginas, cada autora abre su mundo íntimo y el de quienes las acompañan, con el propósito de llegar al corazón de otras mujeres y recordarles que no están solas. Que los bochornos, el insomnio, el cansancio o la fatiga no son experiencias aisladas, y que siempre existe la posibilidad de encontrar comprensión, empatía y compañía en el camino.</p>

<p>Fecha publicación: marzo 2026</p>
<p>ISBN: 978-956-425-558-3</p>
<p>Páginas: 74</p>
<p>Formato: 14 X 21.5 cm</p>
