{"id":3139,"date":"2026-03-30T18:55:52","date_gmt":"2026-03-30T18:55:52","guid":{"rendered":"https:\/\/ppediciones.cl\/?post_type=product&#038;p=3139"},"modified":"2026-03-30T22:27:19","modified_gmt":"2026-03-30T22:27:19","slug":"pichidegua-carlos-danton-carvajal-barahona","status":"publish","type":"product","link":"https:\/\/ppediciones.cl\/?product=pichidegua-carlos-danton-carvajal-barahona","title":{"rendered":"Pichideg\u00fc(a) | Carlos Danton Carvajal Barahona"},"content":{"rendered":"<p>El tema de esta investigaci\u00f3n es, tal como est\u00e1 anunciado en el t\u00edtulo, Pichideg\u00fc(a) y su historia ind\u00edgena. Este relato est\u00e1 elaborado desde la perspectiva del indio que, al parecer, ya no est\u00e1. Y es \u201cabreviado\u201d porque desarrolla los hechos sin ahondar en sus detalles y pormenores, y su an\u00e1lisis es m\u00e1s bien general. No hay aqu\u00ed una verdad absoluta ni tampoco se pretende agotar dicho tema. Muchos de los acontecimientos que se presentan est\u00e1n tomados prestados de otras historias y de otras voces. Es una historia bastarda, oculta y hasta provocadora, pues propone mirar e indagar el pasado de Pichidegua del cual se dispone escasa informaci\u00f3n etnohist\u00f3rica y sobre el que abundan las presunciones y menciones anecd\u00f3ticas aisladas y tergiversadas de personajes y contextos. Tampoco hay abundantes registros arqueol\u00f3gicos de la comuna que pudiesen brindar pesquisas de ese tiempo remoto. Hay, s\u00ed, un paisaje con innumerables topon\u00edmicos en mapudungun que sugieren que Pichidegua efectivamente tuvo un pret\u00e9rito pikunche. Mientras que, por otro lado, vestigios l\u00edticos en el cerro Vari y otros lugares hacen conjeturar que Pichidegua tuvo presencia de gente de distintas culturas. De estas consideraciones emergen una serie de interrogantes que dan vida y fuerza a la tesis de esta investigaci\u00f3n.<\/p>\n","protected":false},"excerpt":{"rendered":"<p>Fecha publicaci\u00f3n: marzo 2026<\/p>\n<p>ISBN: 978-956-425-723-5<\/p>\n<p>P\u00e1ginas: 216<\/p>\n<p>Formato: 15 X 23 cm<\/p>\n","protected":false},"featured_media":3141,"comment_status":"open","ping_status":"closed","template":"","meta":[],"product_brand":[],"product_cat":[211,181],"product_tag":[],"class_list":{"0":"post-3139","1":"product","2":"type-product","3":"status-publish","4":"has-post-thumbnail","6":"product_cat-211","7":"product_cat-catalogo","9":"first","10":"instock","11":"taxable","12":"shipping-taxable","13":"product-type-simple"},"_links":{"self":[{"href":"https:\/\/ppediciones.cl\/index.php?rest_route=\/wp\/v2\/product\/3139","targetHints":{"allow":["GET"]}}],"collection":[{"href":"https:\/\/ppediciones.cl\/index.php?rest_route=\/wp\/v2\/product"}],"about":[{"href":"https:\/\/ppediciones.cl\/index.php?rest_route=\/wp\/v2\/types\/product"}],"replies":[{"embeddable":true,"href":"https:\/\/ppediciones.cl\/index.php?rest_route=%2Fwp%2Fv2%2Fcomments&post=3139"}],"wp:featuredmedia":[{"embeddable":true,"href":"https:\/\/ppediciones.cl\/index.php?rest_route=\/wp\/v2\/media\/3141"}],"wp:attachment":[{"href":"https:\/\/ppediciones.cl\/index.php?rest_route=%2Fwp%2Fv2%2Fmedia&parent=3139"}],"wp:term":[{"taxonomy":"product_brand","embeddable":true,"href":"https:\/\/ppediciones.cl\/index.php?rest_route=%2Fwp%2Fv2%2Fproduct_brand&post=3139"},{"taxonomy":"product_cat","embeddable":true,"href":"https:\/\/ppediciones.cl\/index.php?rest_route=%2Fwp%2Fv2%2Fproduct_cat&post=3139"},{"taxonomy":"product_tag","embeddable":true,"href":"https:\/\/ppediciones.cl\/index.php?rest_route=%2Fwp%2Fv2%2Fproduct_tag&post=3139"}],"curies":[{"name":"wp","href":"https:\/\/api.w.org\/{rel}","templated":true}]}}