{"id":419,"date":"2019-02-11T14:09:28","date_gmt":"2019-02-11T14:09:28","guid":{"rendered":"http:\/\/ppediciones.cl\/?post_type=product&#038;p=419"},"modified":"2024-07-23T10:52:45","modified_gmt":"2024-07-23T10:52:45","slug":"tomo-4-codex-lux-daniel-peluffo","status":"publish","type":"product","link":"https:\/\/ppediciones.cl\/?product=tomo-4-codex-lux-daniel-peluffo","title":{"rendered":"TOMO 4 | Codex Lux &#8211; Daniel Peluffo"},"content":{"rendered":"<p><img loading=\"lazy\" decoding=\"async\" class=\"alignnone wp-image-420\" src=\"http:\/\/ppediciones.cl\/wp-content\/uploads\/2019\/02\/4-246x400.jpg\" alt=\"\" width=\"137\" height=\"223\" srcset=\"https:\/\/ppediciones.cl\/wp-content\/uploads\/2019\/02\/4-246x400.jpg 246w, https:\/\/ppediciones.cl\/wp-content\/uploads\/2019\/02\/4-768x1248.jpg 768w, https:\/\/ppediciones.cl\/wp-content\/uploads\/2019\/02\/4-492x800.jpg 492w, https:\/\/ppediciones.cl\/wp-content\/uploads\/2019\/02\/4-555x902.jpg 555w, https:\/\/ppediciones.cl\/wp-content\/uploads\/2019\/02\/4.jpg 1833w\" sizes=\"auto, (max-width: 137px) 100vw, 137px\" \/><\/p>\n<p>Daniel Peluffo Arg\u00f3n, nacido en Montevideo, escribe desde su adolescencia, habiendo vivido una \u00e9poca dif\u00edcil \u00a0para los escritores de su generaci\u00f3n cuando decir lo que se pensaba y sent\u00eda pod\u00eda significar la c\u00e1rcel o la desaparici\u00f3n.\u00a0Fiel a sus ideas mantuvo siempre la continuidad de su escritura publicando en peri\u00f3dicos poemas suyos con seud\u00f3nimo, a\u00fan incluso en \u00e9pocas ya del respiro de la libertad y la democracia que como un viento nuevo vendr\u00eda a revivir y brindar nuevos aires al ambiente intelectual de los a\u00f1os 80 y 90. Igual la brecha estaba creada, el silencio y el ocultamiento se hab\u00eda hecho costumbre.<\/p>\n<p>Estos poemas, estos c\u00f3digos son, en gran parte, un homenaje a todos aquellos que cayeron en esa \u00e9poca, que no est\u00e1n con nosotros por semejantes circunstancias terribles e inaceptables. Son un homenaje a los que so\u00f1aron una sociedad diferente, m\u00e1s justa y solidaria, y que escribieron y cantaron con ese sue\u00f1o hasta el final.<\/p>\n<p><strong>HAGAMOS UNA MEDITACI\u00d3N, POETAS<\/strong><\/p>\n<p>&nbsp;<\/p>\n<p>&nbsp;<\/p>\n<p>\u201cNo tenemos templo&#8230; Hoy no tenemos templo\u2026 Nadie tiene hoy templo. Nadie tiene donde cobijar su alma afligida hoy en el mundo\u2026 Y vamos a hacer una meditaci\u00f3n, poetas\u2026 Vamos a hacer una meditaci\u00f3n sin templo\u2026 bajo el signo de San Juan.\u201d<\/p>\n<p><strong><span style=\"color: #ed1c24;\">(extracto)<\/span><\/strong><\/p>\n<p>LE\u00d3N FELIPE<\/p>\n<p>&nbsp;<\/p>\n<p>\u00d3iganme poetas de todos los sitios,<\/p>\n<p>los descarriados, los sin tribunas,<\/p>\n<p>los que se retiran y alejan de los templos,<\/p>\n<p>los que rompen sus zapatos por nuevos caminos,<\/p>\n<p>y\u00a0 gastan sus manos y sus dedos como tizas<\/p>\n<p>en el silencio voraz de las multitudes.<\/p>\n<p>\u00d3iganme poetas de todos los tiempos y lugares,<\/p>\n<p>\u00f3iganme en estas memorias y vivencias<\/p>\n<p>que traen las nuevas cosas nunca o\u00eddas,<\/p>\n<p>ustedes que son agua para los sedientos,<\/p>\n<p>ustedes que son ellos en definitiva,<\/p>\n<p>ustedes que somos todos y cada uno,<\/p>\n<p>los que hablan en cada ni\u00f1o,<\/p>\n<p>y son la cuerda que vibra<\/p>\n<p>con el primer llanto del reci\u00e9n nacido,<\/p>\n<p>ustedes que son el r\u00edo, el movimiento,<\/p>\n<p>el cambio, el flujo, la libertad, la savia,<\/p>\n<p>ustedes, los que tienen el don del nuevo vivir,<\/p>\n<p>del nuevo estar a diario, del nuevo decir,<\/p>\n<p>los que preparan el nuevo canto d\u00eda a d\u00eda<\/p>\n<p>con el nuevo ser y sentir.<\/p>\n<p>Ah revoluci\u00f3n de las revoluciones,<\/p>\n<p>ah m\u00e1xima de las m\u00e1ximas,<\/p>\n<p>ah ustedes los due\u00f1os de la nada y del todo,<\/p>\n<p>ustedes, los se\u00f1ores de s\u00ed mismos y de nadie,<\/p>\n<p>los libres, los \u00fanicos sin cadenas,<\/p>\n<p>ustedes, los que andan por ah\u00ed desnudos<\/p>\n<p>sin m\u00e1s templo que el propio cuerpo<\/p>\n<p>como el aire de las primaveras de todos los tiempos,<\/p>\n<p>con el agua de todas las lluvias,<\/p>\n<p>con la luz de todos los fuegos,<\/p>\n<p>con la distancia de todos los espacios<\/p>\n<p>y el temblor de las gargantas roncas<\/p>\n<p>de tanto cantar y cantar sin parar,<\/p>\n<p>ustedes, poetas amigos, hermanos,<\/p>\n<p>sigan conmigo y en ustedes que hace rato<\/p>\n<p>que nuestro templo invisible se hizo mundo.<\/p>\n<p>&nbsp;<\/p>\n<p><em>MONTEVIDEO &#8211; COLTAUCO &#8211; 2005<\/em><\/p>\n","protected":false},"excerpt":{"rendered":"<p>(AGOTADO)<\/p>\n<p><span style=\"font-size: 85%;\">Fecha publicaci\u00f3n: Diciembre 2014<\/span><\/p>\n<p><span style=\"font-size: 85%;\">ISBN: 978-956-358-215-4<\/span><\/p>\n<p><span style=\"font-size: 85%;\">P\u00e1ginas: 88<\/span><\/p>\n<p><span style=\"font-size: 85%;\">Formato: 13.5 x 21.5 cms.<\/span><\/p>\n","protected":false},"featured_media":421,"comment_status":"open","ping_status":"closed","template":"","meta":[],"product_brand":[],"product_cat":[71],"product_tag":[],"class_list":{"0":"post-419","1":"product","2":"type-product","3":"status-publish","4":"has-post-thumbnail","6":"product_cat-coleccion-literatura-regional-2","8":"first","9":"instock","10":"taxable","11":"shipping-taxable","12":"purchasable","13":"product-type-simple"},"_links":{"self":[{"href":"https:\/\/ppediciones.cl\/index.php?rest_route=\/wp\/v2\/product\/419","targetHints":{"allow":["GET"]}}],"collection":[{"href":"https:\/\/ppediciones.cl\/index.php?rest_route=\/wp\/v2\/product"}],"about":[{"href":"https:\/\/ppediciones.cl\/index.php?rest_route=\/wp\/v2\/types\/product"}],"replies":[{"embeddable":true,"href":"https:\/\/ppediciones.cl\/index.php?rest_route=%2Fwp%2Fv2%2Fcomments&post=419"}],"wp:featuredmedia":[{"embeddable":true,"href":"https:\/\/ppediciones.cl\/index.php?rest_route=\/wp\/v2\/media\/421"}],"wp:attachment":[{"href":"https:\/\/ppediciones.cl\/index.php?rest_route=%2Fwp%2Fv2%2Fmedia&parent=419"}],"wp:term":[{"taxonomy":"product_brand","embeddable":true,"href":"https:\/\/ppediciones.cl\/index.php?rest_route=%2Fwp%2Fv2%2Fproduct_brand&post=419"},{"taxonomy":"product_cat","embeddable":true,"href":"https:\/\/ppediciones.cl\/index.php?rest_route=%2Fwp%2Fv2%2Fproduct_cat&post=419"},{"taxonomy":"product_tag","embeddable":true,"href":"https:\/\/ppediciones.cl\/index.php?rest_route=%2Fwp%2Fv2%2Fproduct_tag&post=419"}],"curies":[{"name":"wp","href":"https:\/\/api.w.org\/{rel}","templated":true}]}}