{"id":458,"date":"2019-02-11T14:45:47","date_gmt":"2019-02-11T14:45:47","guid":{"rendered":"http:\/\/ppediciones.cl\/?post_type=product&#038;p=458"},"modified":"2022-06-24T18:08:46","modified_gmt":"2022-06-24T18:08:46","slug":"tomo-17-visiones-extaticas-paula-daza","status":"publish","type":"product","link":"https:\/\/ppediciones.cl\/?product=tomo-17-visiones-extaticas-paula-daza","title":{"rendered":"TOMO 17 | Visiones Ext\u00e1ticas &#8211; Paula Daza"},"content":{"rendered":"<p><img loading=\"lazy\" decoding=\"async\" class=\"alignnone wp-image-462\" src=\"http:\/\/ppediciones.cl\/wp-content\/uploads\/2019\/02\/17-251x400.jpg\" alt=\"\" width=\"186\" height=\"296\" srcset=\"https:\/\/ppediciones.cl\/wp-content\/uploads\/2019\/02\/17-251x400.jpg 251w, https:\/\/ppediciones.cl\/wp-content\/uploads\/2019\/02\/17.jpg 281w\" sizes=\"auto, (max-width: 186px) 100vw, 186px\" \/><\/p>\n<p>Paula Daza, nace el 29 de Noviembre de 1977. A los once a\u00f1os comienza a escribir poes\u00eda, desde aqu\u00ed la literatura se vuelve su compa\u00f1era de viaje existencial.<\/p>\n<p>Se autorealiza como Psic\u00f3loga en un colegio de alta vulnerabilidad psicosocial, donde integra en sus intervenciones psicoterap\u00e9uticas, el arte y la literatura como recurso sanador. Adem\u00e1s se desempe\u00f1a como docente universitaria, donde ha dado las c\u00e1tedras de Cl\u00ednica Humanista, Psicolog\u00eda Educacional y Desarrollo Personal, ayudando a sus estudiantes a encontrar su mundo interno y desplegar su potencial creativo.<\/p>\n<p>Este libro posee un significado muy especial para Paula, ya que representa un trabajo de muchos a\u00f1os de compromiso intenso y profundo con la poes\u00eda, una alianza sublime entre el alma y el papel\u2026<\/p>\n<p><span style=\"color: #ed1c24;\"><strong>(extracto)<\/strong><\/span><\/p>\n<p><strong>ALGUIEN GRITA EN LA VENTANA<\/strong><\/p>\n<p>&nbsp;<\/p>\n<p>Alguien grita en la ventana<\/p>\n<p>y se aferra al aire<\/p>\n<p>como si fuese amable\u2026<\/p>\n<p>Empalidece de miedo<\/p>\n<p>se aferra al aire\u2026<\/p>\n<p>no consigue afirmarse.<\/p>\n<p>&nbsp;<\/p>\n<p>Alguien grita en la ventana<\/p>\n<p>con anhelos derramados,<\/p>\n<p>la mirada deshojada,<\/p>\n<p>se aferra al aire\u2026<\/p>\n<p>Alguien grita y grita\u2026<\/p>\n<p>se entumece de miedo<\/p>\n<p>anhela ser amable, querible\u2026<\/p>\n<p>deseable\u2026<\/p>\n<p>&nbsp;<\/p>\n<p>Alguien grita en la ventana,<\/p>\n<p>el alma escu\u00e1lida de miedo,<\/p>\n<p>no consigue ser amable\u2026<\/p>\n<p>\u2026 se aferra al aire\u2026<\/p>\n<p>Grita.<\/p>\n<p>&nbsp;<\/p>\n<p>Alguien grita en la ventana<\/p>\n<p>como si hubiese ecos\u2026<\/p>\n<p>\u2026 en el aire\u2026<\/p>\n<p>&nbsp;<\/p>\n<p>Alguien grita en la ventana<\/p>\n<p>como si explotaran voces\u2026<\/p>\n<p>\u2026 lo lejos\u2026<\/p>\n<p>&nbsp;<\/p>\n<p>Alguien grita en la ventana y se espanta<\/p>\n<p>temblando\u2026 de miedo\u2026<\/p>\n<p>&nbsp;<\/p>\n<p>Alguien grita y se desangra<\/p>\n<p>aferr\u00e1ndose a lo et\u00e9reo\u2026<\/p>\n<p>Entumece\u2026<\/p>\n<p>Palidece\u2026<\/p>\n<p>Escu\u00e1lida\u2026<\/p>\n<p>Deshojada\u2026<\/p>\n<p>Derramada\u2026<\/p>\n<p>No consigue ser amable<\/p>\n<p>se aferra al aire<\/p>\n<p>Grita<\/p>\n<p>Grita<\/p>\n<p>Grita en la ventana.<\/p>\n<p>&nbsp;<\/p>\n<p>Se retuerce de miedo,<\/p>\n<p>se atraganta,<\/p>\n<p>se desvanece\u2026 de miedo.<\/p>\n<p>No consigue\u2026<\/p>\n<p>se aferra\u2026<\/p>\n<p>Palidece de miedo<\/p>\n<p>no consigue\u2026<\/p>\n<p>Grita como si fuese\u2026<\/p>\n<p>No consigue\u2026<\/p>\n<p>Se aferra al aire\u2026<\/p>\n<p>Se desvanece\u2026<\/p>\n<p>&nbsp;<\/p>\n","protected":false},"excerpt":{"rendered":"<p><span style=\"font-size: 85%;\">Fecha publicaci\u00f3n: Enero 2016<\/span><\/p>\n<p><span style=\"font-size: 85%;\">ISBN: 978-956-362-277-5<\/span><\/p>\n<p><span style=\"font-size: 85%;\">P\u00e1ginas: 106<\/span><\/p>\n<p><span style=\"font-size: 85%;\">Formato: 13.5 x 21.5 cms.<\/span><\/p>\n","protected":false},"featured_media":463,"comment_status":"open","ping_status":"closed","template":"","meta":[],"product_brand":[],"product_cat":[71],"product_tag":[],"class_list":{"0":"post-458","1":"product","2":"type-product","3":"status-publish","4":"has-post-thumbnail","6":"product_cat-coleccion-literatura-regional-2","8":"first","9":"instock","10":"taxable","11":"shipping-taxable","12":"purchasable","13":"product-type-simple"},"_links":{"self":[{"href":"https:\/\/ppediciones.cl\/index.php?rest_route=\/wp\/v2\/product\/458","targetHints":{"allow":["GET"]}}],"collection":[{"href":"https:\/\/ppediciones.cl\/index.php?rest_route=\/wp\/v2\/product"}],"about":[{"href":"https:\/\/ppediciones.cl\/index.php?rest_route=\/wp\/v2\/types\/product"}],"replies":[{"embeddable":true,"href":"https:\/\/ppediciones.cl\/index.php?rest_route=%2Fwp%2Fv2%2Fcomments&post=458"}],"wp:featuredmedia":[{"embeddable":true,"href":"https:\/\/ppediciones.cl\/index.php?rest_route=\/wp\/v2\/media\/463"}],"wp:attachment":[{"href":"https:\/\/ppediciones.cl\/index.php?rest_route=%2Fwp%2Fv2%2Fmedia&parent=458"}],"wp:term":[{"taxonomy":"product_brand","embeddable":true,"href":"https:\/\/ppediciones.cl\/index.php?rest_route=%2Fwp%2Fv2%2Fproduct_brand&post=458"},{"taxonomy":"product_cat","embeddable":true,"href":"https:\/\/ppediciones.cl\/index.php?rest_route=%2Fwp%2Fv2%2Fproduct_cat&post=458"},{"taxonomy":"product_tag","embeddable":true,"href":"https:\/\/ppediciones.cl\/index.php?rest_route=%2Fwp%2Fv2%2Fproduct_tag&post=458"}],"curies":[{"name":"wp","href":"https:\/\/api.w.org\/{rel}","templated":true}]}}