{"id":469,"date":"2019-02-11T15:27:23","date_gmt":"2019-02-11T15:27:23","guid":{"rendered":"http:\/\/ppediciones.cl\/?post_type=product&#038;p=469"},"modified":"2022-06-24T18:07:31","modified_gmt":"2022-06-24T18:07:31","slug":"tomo-20-de-viajes-y-nostalgias-aquiles-rios","status":"publish","type":"product","link":"https:\/\/ppediciones.cl\/?product=tomo-20-de-viajes-y-nostalgias-aquiles-rios","title":{"rendered":"TOMO 20 | De viajes y nostalgias &#8211; Aquiles R\u00edos"},"content":{"rendered":"<p><img loading=\"lazy\" decoding=\"async\" class=\"alignnone wp-image-470\" src=\"http:\/\/ppediciones.cl\/wp-content\/uploads\/2019\/02\/20-256x400.jpg\" alt=\"\" width=\"168\" height=\"263\" srcset=\"https:\/\/ppediciones.cl\/wp-content\/uploads\/2019\/02\/20-256x400.jpg 256w, https:\/\/ppediciones.cl\/wp-content\/uploads\/2019\/02\/20-768x1199.jpg 768w, https:\/\/ppediciones.cl\/wp-content\/uploads\/2019\/02\/20-512x800.jpg 512w, https:\/\/ppediciones.cl\/wp-content\/uploads\/2019\/02\/20-555x867.jpg 555w, https:\/\/ppediciones.cl\/wp-content\/uploads\/2019\/02\/20.jpg 1735w\" sizes=\"auto, (max-width: 168px) 100vw, 168px\" \/><\/p>\n<p>Aquiles R\u00edos Parra (Aripa), naci\u00f3 el 18 de Junio de 1960 en la ciudad de Coronel. A los dos a\u00f1os de edad la familia se traslada a la Ciudad de Bulnes, lugar donde vivi\u00f3 toda su ni\u00f1ez y adolescencia. Actualmente vive en San Francisco de Mostazal. El a\u00f1o 1980 fallece su padre, hito que marca su vida, toda la rabia y dolor interno lo vuelca en versos, como una forma de desahogo. En septiembre de 2015 publica su primer libro llamado \u201cHoras de silencio\u201d, por Primeros Pasos Ediciones.<\/p>\n<p>En De Viajes y Nostalgias, el autor nos invita a viajar a distintos lugares llenos de magia, donde dej\u00f3 plasmada su huella y vivencias, a trav\u00e9s de un verso libre, accesible para todos, que sale desde la profundidad de su alma, para que el lector vuele con \u00e9l a trav\u00e9s de sus versos y tambi\u00e9n sienta esa nostalgia por el alejamiento de sus tierras y su gente.<\/p>\n<p><span style=\"color: #ed1c24;\"><strong>(extracto)<\/strong><\/span><\/p>\n<p>&nbsp;<\/p>\n<p><strong>MIS TIERRAS<\/strong><\/p>\n<p>&nbsp;<\/p>\n<p>Estoy arraigado en esta tierra<\/p>\n<p>que no es la m\u00eda,<\/p>\n<p>he aprendido a quererla,<\/p>\n<p>llevo a\u00f1os en ella y debo agradecer,<\/p>\n<p>es como un amor no correspondido.<\/p>\n<p>He sembrado y cosechado,<\/p>\n<p>conozco los cerros y calles,<\/p>\n<p>pero no es mi tierra.<\/p>\n<p>&nbsp;<\/p>\n<p>Me parieron en el carb\u00f3n<\/p>\n<p>con sabor a sal y sacrificio,<\/p>\n<p>tierra hermosa y primer amor,<\/p>\n<p>no tengo recuerdo de las calles,<\/p>\n<p>de su olor, su gente,<\/p>\n<p>me atrae como un im\u00e1n<\/p>\n<p>y alg\u00fan d\u00eda he de volver.<\/p>\n<p>&nbsp;<\/p>\n<p>El destino me cambi\u00f3 de amor,<\/p>\n<p>conoc\u00ed las flores, su aroma,<\/p>\n<p>la eterna lluvia,<\/p>\n<p>me revolqu\u00e9 en el barro<\/p>\n<p>y aprend\u00ed el juego pueril<\/p>\n<p>en el barrio hist\u00f3rico,<\/p>\n<p>miles de manos<\/p>\n<p>danzaron en mi juventud,<\/p>\n<p>muchos besos repartidos<\/p>\n<p>entre calles y rincones,<\/p>\n<p>pero deb\u00eda partir,<\/p>\n<p>a buscar el complemento<\/p>\n<p>que falta para vivir.<\/p>\n<p>&nbsp;<\/p>\n<p>Muchos caminos se cruzaron<\/p>\n<p>en esta aventura a ciegas,<\/p>\n<p>amores furtivos me acompa\u00f1aron,<\/p>\n<p>pero el lecho materno<\/p>\n<p>era m\u00e1s fuerte y dol\u00eda el caminar.<\/p>\n<p>&nbsp;<\/p>\n<p>Me qued\u00e9 en otras tierras<\/p>\n<p>y desde los cerros miro la m\u00eda,<\/p>\n<p>as\u00ed es el destino,<\/p>\n<p>aunque la conozca<\/p>\n<p>y mi siembra ha dado frutos,<\/p>\n<p>no son mis tierras.<\/p>\n<p>Alg\u00fan d\u00eda ser\u00e1 el regreso,<\/p>\n<p>aunque sea debajo de ella,<\/p>\n<p>ah\u00ed me quedar\u00e9.<\/p>\n<p>&nbsp;<\/p>\n","protected":false},"excerpt":{"rendered":"<p><span style=\"font-size: 85%;\">Fecha publicaci\u00f3n: Abril 2016<\/span><\/p>\n<p><span style=\"font-size: 85%;\">ISBN: 978-956-362-420-5<\/span><\/p>\n<p><span style=\"font-size: 85%;\">P\u00e1ginas: 112<\/span><\/p>\n<p><span style=\"font-size: 85%;\">Formato: 13.5 x 21.5 cms.<\/span><\/p>\n","protected":false},"featured_media":471,"comment_status":"open","ping_status":"closed","template":"","meta":[],"product_brand":[],"product_cat":[71],"product_tag":[],"class_list":{"0":"post-469","1":"product","2":"type-product","3":"status-publish","4":"has-post-thumbnail","6":"product_cat-coleccion-literatura-regional-2","8":"first","9":"instock","10":"taxable","11":"shipping-taxable","12":"purchasable","13":"product-type-simple"},"_links":{"self":[{"href":"https:\/\/ppediciones.cl\/index.php?rest_route=\/wp\/v2\/product\/469","targetHints":{"allow":["GET"]}}],"collection":[{"href":"https:\/\/ppediciones.cl\/index.php?rest_route=\/wp\/v2\/product"}],"about":[{"href":"https:\/\/ppediciones.cl\/index.php?rest_route=\/wp\/v2\/types\/product"}],"replies":[{"embeddable":true,"href":"https:\/\/ppediciones.cl\/index.php?rest_route=%2Fwp%2Fv2%2Fcomments&post=469"}],"wp:featuredmedia":[{"embeddable":true,"href":"https:\/\/ppediciones.cl\/index.php?rest_route=\/wp\/v2\/media\/471"}],"wp:attachment":[{"href":"https:\/\/ppediciones.cl\/index.php?rest_route=%2Fwp%2Fv2%2Fmedia&parent=469"}],"wp:term":[{"taxonomy":"product_brand","embeddable":true,"href":"https:\/\/ppediciones.cl\/index.php?rest_route=%2Fwp%2Fv2%2Fproduct_brand&post=469"},{"taxonomy":"product_cat","embeddable":true,"href":"https:\/\/ppediciones.cl\/index.php?rest_route=%2Fwp%2Fv2%2Fproduct_cat&post=469"},{"taxonomy":"product_tag","embeddable":true,"href":"https:\/\/ppediciones.cl\/index.php?rest_route=%2Fwp%2Fv2%2Fproduct_tag&post=469"}],"curies":[{"name":"wp","href":"https:\/\/api.w.org\/{rel}","templated":true}]}}

TOMO 20 | De viajes y nostalgias &#8211; Aquiles Ríos

<p><img loading="lazy" decoding="async" class="alignnone wp-image-470" src="http://ppediciones.cl/wp-content/uploads/2019/02/20-256x400.jpg" alt="" width="168" height="263" srcset="https://ppediciones.cl/wp-content/uploads/2019/02/20-256x400.jpg 256w, https://ppediciones.cl/wp-content/uploads/2019/02/20-768x1199.jpg 768w, https://ppediciones.cl/wp-content/uploads/2019/02/20-512x800.jpg 512w, https://ppediciones.cl/wp-content/uploads/2019/02/20-555x867.jpg 555w, https://ppediciones.cl/wp-content/uploads/2019/02/20.jpg 1735w" sizes="auto, (max-width: 168px) 100vw, 168px" /></p>
<p>Aquiles Ríos Parra (Aripa), nació el 18 de Junio de 1960 en la ciudad de Coronel. A los dos años de edad la familia se traslada a la Ciudad de Bulnes, lugar donde vivió toda su niñez y adolescencia. Actualmente vive en San Francisco de Mostazal. El año 1980 fallece su padre, hito que marca su vida, toda la rabia y dolor interno lo vuelca en versos, como una forma de desahogo. En septiembre de 2015 publica su primer libro llamado “Horas de silencio”, por Primeros Pasos Ediciones.</p>
<p>En De Viajes y Nostalgias, el autor nos invita a viajar a distintos lugares llenos de magia, donde dejó plasmada su huella y vivencias, a través de un verso libre, accesible para todos, que sale desde la profundidad de su alma, para que el lector vuele con él a través de sus versos y también sienta esa nostalgia por el alejamiento de sus tierras y su gente.</p>
<p><span style="color: #ed1c24;"><strong>(extracto)</strong></span></p>
<p>&nbsp;</p>
<p><strong>MIS TIERRAS</strong></p>
<p>&nbsp;</p>
<p>Estoy arraigado en esta tierra</p>
<p>que no es la mía,</p>
<p>he aprendido a quererla,</p>
<p>llevo años en ella y debo agradecer,</p>
<p>es como un amor no correspondido.</p>
<p>He sembrado y cosechado,</p>
<p>conozco los cerros y calles,</p>
<p>pero no es mi tierra.</p>
<p>&nbsp;</p>
<p>Me parieron en el carbón</p>
<p>con sabor a sal y sacrificio,</p>
<p>tierra hermosa y primer amor,</p>
<p>no tengo recuerdo de las calles,</p>
<p>de su olor, su gente,</p>
<p>me atrae como un imán</p>
<p>y algún día he de volver.</p>
<p>&nbsp;</p>
<p>El destino me cambió de amor,</p>
<p>conocí las flores, su aroma,</p>
<p>la eterna lluvia,</p>
<p>me revolqué en el barro</p>
<p>y aprendí el juego pueril</p>
<p>en el barrio histórico,</p>
<p>miles de manos</p>
<p>danzaron en mi juventud,</p>
<p>muchos besos repartidos</p>
<p>entre calles y rincones,</p>
<p>pero debía partir,</p>
<p>a buscar el complemento</p>
<p>que falta para vivir.</p>
<p>&nbsp;</p>
<p>Muchos caminos se cruzaron</p>
<p>en esta aventura a ciegas,</p>
<p>amores furtivos me acompañaron,</p>
<p>pero el lecho materno</p>
<p>era más fuerte y dolía el caminar.</p>
<p>&nbsp;</p>
<p>Me quedé en otras tierras</p>
<p>y desde los cerros miro la mía,</p>
<p>así es el destino,</p>
<p>aunque la conozca</p>
<p>y mi siembra ha dado frutos,</p>
<p>no son mis tierras.</p>
<p>Algún día será el regreso,</p>
<p>aunque sea debajo de ella,</p>
<p>ahí me quedaré.</p>
<p>&nbsp;</p>

<p><span style="font-size: 85%;">Fecha publicación: Abril 2016</span></p>
<p><span style="font-size: 85%;">ISBN: 978-956-362-420-5</span></p>
<p><span style="font-size: 85%;">Páginas: 112</span></p>
<p><span style="font-size: 85%;">Formato: 13.5 x 21.5 cms.</span></p>
