{"id":475,"date":"2019-02-11T15:31:39","date_gmt":"2019-02-11T15:31:39","guid":{"rendered":"http:\/\/ppediciones.cl\/?post_type=product&#038;p=475"},"modified":"2022-06-24T18:07:09","modified_gmt":"2022-06-24T18:07:09","slug":"tomo-22-equilibrium-douglas-marticorena","status":"publish","type":"product","link":"https:\/\/ppediciones.cl\/?product=tomo-22-equilibrium-douglas-marticorena","title":{"rendered":"TOMO 22 | Equilibrium &#8211; Douglas Marticorena"},"content":{"rendered":"<p><img loading=\"lazy\" decoding=\"async\" class=\"alignnone wp-image-476\" src=\"http:\/\/ppediciones.cl\/wp-content\/uploads\/2019\/02\/22-256x400.png\" alt=\"\" width=\"173\" height=\"270\" srcset=\"https:\/\/ppediciones.cl\/wp-content\/uploads\/2019\/02\/22-256x400.png 256w, https:\/\/ppediciones.cl\/wp-content\/uploads\/2019\/02\/22.png 342w\" sizes=\"auto, (max-width: 173px) 100vw, 173px\" \/><\/p>\n<p>Douglas Marticorena, chileno, motivado desde muy joven por escribir, ha recogido con su l\u00e1piz las vivencias y costumbres de su entorno inmediato y del mundo entero a trav\u00e9s de diversos estilos del g\u00e9nero\u00a0literario\u00a0tales como: cuentos, poes\u00eda, ensayos y tambi\u00e9n del g\u00e9nero novela. Ha dedicado gran parte de su vida al trabajo vinculado a mujer y a la sociedad en general. Lo que le ha valido un amplio conocimiento de la situaci\u00f3n de nuestro mundo actual y de las pol\u00edticas p\u00fablicas de Salud, Educaci\u00f3n y Protecci\u00f3n Social. Asimismo se ha autoinstruido en materias como Filosof\u00eda, la Psicolog\u00eda y F\u00edsica Cu\u00e1ntica.<br \/>\nActualmente vive y disfruta de su familia en complicidad a la sempiterna lluvia que ba\u00f1a los paisajes de la puerta de la Patagonia Chilena.<\/p>\n<p>En un lenguaje din\u00e1mico y con el uso de diversos recursos literarios, &#8220;Equilibrium&#8221;, su segundo libro tras haber publicado \u201cLas Vueltas de la Vida\u201d el a\u00f1o 2011, describe c\u00f3mo un magnate de la industria b\u00e9lica, en busca de prolongar su vida, se lanza en una empresa que, por medio de interesantes di\u00e1logos, expone el choque val\u00f3rico de la humanidad de comienzos del tercer milenio, contra una opci\u00f3n de vida muy distinta de trescientos a\u00f1os despu\u00e9s, mediando la acci\u00f3n, intriga y suspenso en que se ven envueltos diversos personajes que tejen su historia, salpicada de romance, erotismo y tecnolog\u00eda de \u00faltima generaci\u00f3n. Y en medio de escenarios tan diversos como la tundra siberiana, las calles de Par\u00eds o la selva amaz\u00f3nica, en los cuales se gestan dos historias apartadas en el tiempo, que apuestan con unirse a trav\u00e9s de un puente espacio-temporal.<\/p>\n<p><strong><span style=\"color: #ed1c24;\">(extracto)<\/span><\/strong><\/p>\n<p><strong>EQUILIBRIUM (fragmento novela)<\/strong><\/p>\n<p>&nbsp;<\/p>\n<p>14 de mayo de 2012<\/p>\n<p>&nbsp;<\/p>\n<p>Los acontecimientos se sucedieron de una manera poco clara y a lo menos, vertiginosamente. No qued\u00f3 registro fidedigno. Lo que s\u00ed est\u00e1 claro es que la fecha corresponde a mediados de 2012. Las \u00f3rdenes eran de continuar con el proyecto hasta que pudiera confirmarse la veracidad de lo que se hab\u00eda descubierto.<\/p>\n<p>El punto de partida estaba dado en un secreto acelerador de part\u00edculas subat\u00f3micas, que permit\u00eda espacio a la imaginer\u00eda de cada uno de sus cient\u00edficos, producto de la holgura de presupuesto y a la tecnolog\u00eda de punta con que contaban. El financiamiento ten\u00eda su origen en los fondos de un poderoso y acaudalado hombre de negocios, oriundo de medio oriente conocido como \u201cEl \u00c1rabe\u201d. Un financista interesado primariamente en el desarrollo de la tecnolog\u00eda b\u00e9lica, quien exig\u00eda con permanente ansiedad los resultados y avances en el trabajo realizado por los f\u00edsicos, en cuanto a la b\u00fasqueda del portal del tiempo espacio, a trav\u00e9s de la unificaci\u00f3n de las teor\u00edas de la f\u00edsica.<\/p>\n<p>Las investigaciones ven\u00edan desarroll\u00e1ndose bajo su estricta supervisi\u00f3n. \u201cEl \u00c1rabe\u201d, sab\u00eda que, parad\u00f3jicamente, el tiempo estaba en su contra producto de un reci\u00e9n diagnosticado c\u00e1ncer g\u00e1strico, el que lo conducir\u00eda irremediablemente a la muerte dentro de un plazo no superior a los cuatro o cinco a\u00f1os, independiente de los esfuerzos y recursos con los que contara para combatirlo.<\/p>\n<p>La comisi\u00f3n m\u00e9dica debi\u00f3 enfrentar el desagradable incidente de entregar la noticia de su afecci\u00f3n y del ineludible final al que se enfrentar\u00eda. La tarea fue encargada al director de la prestigiosa \u201cSaint Monique Clinique\u201d de Versalles. Escogida por \u201cEl \u00c1rabe\u201d debido a su discreci\u00f3n y en virtud del permanente y visionario aporte realizado por \u00e9ste, peri\u00f3dicamente durante a\u00f1os, con la finalidad de contar, en un caso como el actual, con los mejores profesionales de la salud y por supuesto, el desarrollo tecnol\u00f3gico en el \u00e1rea de la salud-enfermedad.<\/p>\n","protected":false},"excerpt":{"rendered":"<p><span style=\"font-size: 85%;\">Fecha publicaci\u00f3n: Junio 2016<\/span><\/p>\n<p><span style=\"font-size: 85%;\">ISBN: 978-956-362-672-8<\/span><\/p>\n<p><span style=\"font-size: 85%;\">P\u00e1ginas: 260<\/span><\/p>\n<p><span style=\"font-size: 85%;\">Formato: 13.5 x 21.5 cms.<\/span><\/p>\n","protected":false},"featured_media":481,"comment_status":"open","ping_status":"closed","template":"","meta":[],"product_brand":[],"product_cat":[71],"product_tag":[],"class_list":{"0":"post-475","1":"product","2":"type-product","3":"status-publish","4":"has-post-thumbnail","6":"product_cat-coleccion-literatura-regional-2","8":"first","9":"instock","10":"taxable","11":"shipping-taxable","12":"purchasable","13":"product-type-simple"},"_links":{"self":[{"href":"https:\/\/ppediciones.cl\/index.php?rest_route=\/wp\/v2\/product\/475","targetHints":{"allow":["GET"]}}],"collection":[{"href":"https:\/\/ppediciones.cl\/index.php?rest_route=\/wp\/v2\/product"}],"about":[{"href":"https:\/\/ppediciones.cl\/index.php?rest_route=\/wp\/v2\/types\/product"}],"replies":[{"embeddable":true,"href":"https:\/\/ppediciones.cl\/index.php?rest_route=%2Fwp%2Fv2%2Fcomments&post=475"}],"wp:featuredmedia":[{"embeddable":true,"href":"https:\/\/ppediciones.cl\/index.php?rest_route=\/wp\/v2\/media\/481"}],"wp:attachment":[{"href":"https:\/\/ppediciones.cl\/index.php?rest_route=%2Fwp%2Fv2%2Fmedia&parent=475"}],"wp:term":[{"taxonomy":"product_brand","embeddable":true,"href":"https:\/\/ppediciones.cl\/index.php?rest_route=%2Fwp%2Fv2%2Fproduct_brand&post=475"},{"taxonomy":"product_cat","embeddable":true,"href":"https:\/\/ppediciones.cl\/index.php?rest_route=%2Fwp%2Fv2%2Fproduct_cat&post=475"},{"taxonomy":"product_tag","embeddable":true,"href":"https:\/\/ppediciones.cl\/index.php?rest_route=%2Fwp%2Fv2%2Fproduct_tag&post=475"}],"curies":[{"name":"wp","href":"https:\/\/api.w.org\/{rel}","templated":true}]}}

<p><img loading="lazy" decoding="async" class="alignnone wp-image-476" src="http://ppediciones.cl/wp-content/uploads/2019/02/22-256x400.png" alt="" width="173" height="270" srcset="https://ppediciones.cl/wp-content/uploads/2019/02/22-256x400.png 256w, https://ppediciones.cl/wp-content/uploads/2019/02/22.png 342w" sizes="auto, (max-width: 173px) 100vw, 173px" /></p>
<p>Douglas Marticorena, chileno, motivado desde muy joven por escribir, ha recogido con su lápiz las vivencias y costumbres de su entorno inmediato y del mundo entero a través de diversos estilos del género literario tales como: cuentos, poesía, ensayos y también del género novela. Ha dedicado gran parte de su vida al trabajo vinculado a mujer y a la sociedad en general. Lo que le ha valido un amplio conocimiento de la situación de nuestro mundo actual y de las políticas públicas de Salud, Educación y Protección Social. Asimismo se ha autoinstruido en materias como Filosofía, la Psicología y Física Cuántica.<br />
Actualmente vive y disfruta de su familia en complicidad a la sempiterna lluvia que baña los paisajes de la puerta de la Patagonia Chilena.</p>
<p>En un lenguaje dinámico y con el uso de diversos recursos literarios, &#8220;Equilibrium&#8221;, su segundo libro tras haber publicado “Las Vueltas de la Vida” el año 2011, describe cómo un magnate de la industria bélica, en busca de prolongar su vida, se lanza en una empresa que, por medio de interesantes diálogos, expone el choque valórico de la humanidad de comienzos del tercer milenio, contra una opción de vida muy distinta de trescientos años después, mediando la acción, intriga y suspenso en que se ven envueltos diversos personajes que tejen su historia, salpicada de romance, erotismo y tecnología de última generación. Y en medio de escenarios tan diversos como la tundra siberiana, las calles de París o la selva amazónica, en los cuales se gestan dos historias apartadas en el tiempo, que apuestan con unirse a través de un puente espacio-temporal.</p>
<p><strong><span style="color: #ed1c24;">(extracto)</span></strong></p>
<p><strong>EQUILIBRIUM (fragmento novela)</strong></p>
<p>&nbsp;</p>
<p>14 de mayo de 2012</p>
<p>&nbsp;</p>
<p>Los acontecimientos se sucedieron de una manera poco clara y a lo menos, vertiginosamente. No quedó registro fidedigno. Lo que sí está claro es que la fecha corresponde a mediados de 2012. Las órdenes eran de continuar con el proyecto hasta que pudiera confirmarse la veracidad de lo que se había descubierto.</p>
<p>El punto de partida estaba dado en un secreto acelerador de partículas subatómicas, que permitía espacio a la imaginería de cada uno de sus científicos, producto de la holgura de presupuesto y a la tecnología de punta con que contaban. El financiamiento tenía su origen en los fondos de un poderoso y acaudalado hombre de negocios, oriundo de medio oriente conocido como “El Árabe”. Un financista interesado primariamente en el desarrollo de la tecnología bélica, quien exigía con permanente ansiedad los resultados y avances en el trabajo realizado por los físicos, en cuanto a la búsqueda del portal del tiempo espacio, a través de la unificación de las teorías de la física.</p>
<p>Las investigaciones venían desarrollándose bajo su estricta supervisión. “El Árabe”, sabía que, paradójicamente, el tiempo estaba en su contra producto de un recién diagnosticado cáncer gástrico, el que lo conduciría irremediablemente a la muerte dentro de un plazo no superior a los cuatro o cinco años, independiente de los esfuerzos y recursos con los que contara para combatirlo.</p>
<p>La comisión médica debió enfrentar el desagradable incidente de entregar la noticia de su afección y del ineludible final al que se enfrentaría. La tarea fue encargada al director de la prestigiosa “Saint Monique Clinique” de Versalles. Escogida por “El Árabe” debido a su discreción y en virtud del permanente y visionario aporte realizado por éste, periódicamente durante años, con la finalidad de contar, en un caso como el actual, con los mejores profesionales de la salud y por supuesto, el desarrollo tecnológico en el área de la salud-enfermedad.</p>

<p><span style="font-size: 85%;">Fecha publicación: Junio 2016</span></p>
<p><span style="font-size: 85%;">ISBN: 978-956-362-672-8</span></p>
<p><span style="font-size: 85%;">Páginas: 260</span></p>
<p><span style="font-size: 85%;">Formato: 13.5 x 21.5 cms.</span></p>
