{"id":482,"date":"2019-02-11T15:35:50","date_gmt":"2019-02-11T15:35:50","guid":{"rendered":"http:\/\/ppediciones.cl\/?post_type=product&#038;p=482"},"modified":"2020-06-20T22:04:01","modified_gmt":"2020-06-20T22:04:01","slug":"tomo-24-cien-brindis-picarescos-y-algo-mas-cesar-vidal","status":"publish","type":"product","link":"https:\/\/ppediciones.cl\/?product=tomo-24-cien-brindis-picarescos-y-algo-mas-cesar-vidal","title":{"rendered":"TOMO 24 | Cien brindis picarescos y algo m\u00e1s &#8211; C\u00e9sar Vidal"},"content":{"rendered":"<p><img loading=\"lazy\" decoding=\"async\" class=\"alignnone wp-image-484\" src=\"http:\/\/ppediciones.cl\/wp-content\/uploads\/2019\/02\/24-253x400.jpg\" alt=\"\" width=\"156\" height=\"247\" srcset=\"https:\/\/ppediciones.cl\/wp-content\/uploads\/2019\/02\/24-253x400.jpg 253w, https:\/\/ppediciones.cl\/wp-content\/uploads\/2019\/02\/24-768x1212.jpg 768w, https:\/\/ppediciones.cl\/wp-content\/uploads\/2019\/02\/24-507x800.jpg 507w, https:\/\/ppediciones.cl\/wp-content\/uploads\/2019\/02\/24-555x876.jpg 555w\" sizes=\"auto, (max-width: 156px) 100vw, 156px\" \/><\/p>\n<p>\u201cCien brindis picarescos y algo m\u00e1s, es la respuesta a un compromiso con mi inolvidable amigo C\u00e9sar Castillo Bozo \u201cEl Tranca\u201d, poeta, escritor, cantor popular, payador, contador, profesor y artesano, quien, a ra\u00edz de una calumnia, se quit\u00f3 la vida en la c\u00e1rcel de Rancagua. Gracias a \u00e9l aprend\u00ed la estructura po\u00e9tica \u201cD\u00e9cima\u201d y tambi\u00e9n, particip\u00e9 en la primera lira popular de Poetas de la\u00a0Regi\u00f3n\u00a0del Libertador Bernardo O\u2019Higgins en 1989. Los cien brindis picarescos, intentan rescatar la picard\u00eda y el ingenio criollo, sin m\u00e1s pretensi\u00f3n que la de tener un motivo m\u00e1s para alzar la copa, invocando las nobles propiedades de esta sangre bendita que: Crea lazos de amistad, induce a la buena camarader\u00eda, mitiga el dolor, ennoblece sentimientos, nos hace generosos, agudiza el ingenio, estimula la locuacidad, infunde valor y act\u00faa como antioxidante. Algo m\u00e1s, en cambio, es sencillamente aquello, algo m\u00e1s. \u00a1Salud!<\/p>\n<p><span style=\"color: #ed1c24;\"><strong>(extracto)<\/strong><\/span><\/p>\n<p>1<\/p>\n<p>Brindar\u00e9 dijo un abstemio<\/p>\n<p>por volunta\u2019 y sacrificio<\/p>\n<p>que me hizo dejar el vicio<\/p>\n<p>y ya no ser un bohemio.<\/p>\n<p>Con Cristo tengo un convenio<\/p>\n<p>y me cuido de lo que hago.<\/p>\n<p>Recibo salud en pago<\/p>\n<p>si a mi promesa no fallo<\/p>\n<p>y a mi suegra parta un rayo<\/p>\n<p>si vuelvo a probar el trago.<\/p>\n<p>\u00a1Salud!<\/p>\n<p>&nbsp;<\/p>\n<p>&nbsp;<\/p>\n<p>2<\/p>\n<p>Yo brindo un \u00e1rbitro dijo<\/p>\n<p>por el football y la FIFA<\/p>\n<p>cada noche es una rifa<\/p>\n<p>loter\u00eda o acertijo<\/p>\n<p>aunque soy hombre prolijo<\/p>\n<p>no entiendo mi situaci\u00f3n<\/p>\n<p>que mi pierna, la Mari\u00f3n<\/p>\n<p>el d\u00eda que se le antoja<\/p>\n<p>me muestra tarjeta roja<\/p>\n<p>y me manda pal rinc\u00f3n.<\/p>\n<p>&nbsp;<\/p>\n<p>&nbsp;<\/p>\n<p>3<\/p>\n<p>Brindo dijo un abogado<\/p>\n<p>por el c\u00f3digo penal<\/p>\n<p>que hablando con la legal<\/p>\n<p>platita me ha reportado<\/p>\n<p>siempre salgo bien parado<\/p>\n<p>de situaciones aciagas<\/p>\n<p>primero exijo la paga<\/p>\n<p>del cliente defendido<\/p>\n<p>y si sale algo fallido<\/p>\n<p>culpo a la ley de moraga.<\/p>\n<p>&nbsp;<\/p>\n<p>&nbsp;<\/p>\n<p>4<\/p>\n<p>Voy a brindar por mi oficio<\/p>\n<p>dec\u00eda un ascensorista<\/p>\n<p>aqu\u00ed trabajo optimista<\/p>\n<p>ofreciendo mis servicios<\/p>\n<p>y aunque me saca de quicio<\/p>\n<p>que me paguen como el ajo<\/p>\n<p>no cambiar\u00e9 de trabajo<\/p>\n<p>pues tengo en el piso siete<\/p>\n<p>una lola como cuete<\/p>\n<p>pa\u2019 hacer pa\u2019 arriba y pa\u2019 abajo.<\/p>\n<p>&nbsp;<\/p>\n<p>&nbsp;<\/p>\n<p>&nbsp;<\/p>\n","protected":false},"excerpt":{"rendered":"<p>(AGOTADO)<\/p>\n<p><span style=\"font-size: 85%;\">Fecha publicaci\u00f3n: Agosto 2016<\/span><\/p>\n<p><span style=\"font-size: 85%;\">ISBN: 978-956-362-814-2<\/span><\/p>\n<p><span style=\"font-size: 85%;\">P\u00e1ginas: 100<\/span><\/p>\n<p><span style=\"font-size: 85%;\">Formato: 13.5 x 21.5 cms.<\/span><\/p>\n","protected":false},"featured_media":483,"comment_status":"open","ping_status":"closed","template":"","meta":[],"product_brand":[],"product_cat":[71],"product_tag":[],"class_list":{"0":"post-482","1":"product","2":"type-product","3":"status-publish","4":"has-post-thumbnail","6":"product_cat-coleccion-literatura-regional-2","8":"first","9":"outofstock","10":"taxable","11":"shipping-taxable","12":"purchasable","13":"product-type-simple"},"_links":{"self":[{"href":"https:\/\/ppediciones.cl\/index.php?rest_route=\/wp\/v2\/product\/482","targetHints":{"allow":["GET"]}}],"collection":[{"href":"https:\/\/ppediciones.cl\/index.php?rest_route=\/wp\/v2\/product"}],"about":[{"href":"https:\/\/ppediciones.cl\/index.php?rest_route=\/wp\/v2\/types\/product"}],"replies":[{"embeddable":true,"href":"https:\/\/ppediciones.cl\/index.php?rest_route=%2Fwp%2Fv2%2Fcomments&post=482"}],"wp:featuredmedia":[{"embeddable":true,"href":"https:\/\/ppediciones.cl\/index.php?rest_route=\/wp\/v2\/media\/483"}],"wp:attachment":[{"href":"https:\/\/ppediciones.cl\/index.php?rest_route=%2Fwp%2Fv2%2Fmedia&parent=482"}],"wp:term":[{"taxonomy":"product_brand","embeddable":true,"href":"https:\/\/ppediciones.cl\/index.php?rest_route=%2Fwp%2Fv2%2Fproduct_brand&post=482"},{"taxonomy":"product_cat","embeddable":true,"href":"https:\/\/ppediciones.cl\/index.php?rest_route=%2Fwp%2Fv2%2Fproduct_cat&post=482"},{"taxonomy":"product_tag","embeddable":true,"href":"https:\/\/ppediciones.cl\/index.php?rest_route=%2Fwp%2Fv2%2Fproduct_tag&post=482"}],"curies":[{"name":"wp","href":"https:\/\/api.w.org\/{rel}","templated":true}]}}

TOMO 24 | Cien brindis picarescos y algo más &#8211; César Vidal

<p><img loading="lazy" decoding="async" class="alignnone wp-image-484" src="http://ppediciones.cl/wp-content/uploads/2019/02/24-253x400.jpg" alt="" width="156" height="247" srcset="https://ppediciones.cl/wp-content/uploads/2019/02/24-253x400.jpg 253w, https://ppediciones.cl/wp-content/uploads/2019/02/24-768x1212.jpg 768w, https://ppediciones.cl/wp-content/uploads/2019/02/24-507x800.jpg 507w, https://ppediciones.cl/wp-content/uploads/2019/02/24-555x876.jpg 555w" sizes="auto, (max-width: 156px) 100vw, 156px" /></p>
<p>“Cien brindis picarescos y algo más, es la respuesta a un compromiso con mi inolvidable amigo César Castillo Bozo “El Tranca”, poeta, escritor, cantor popular, payador, contador, profesor y artesano, quien, a raíz de una calumnia, se quitó la vida en la cárcel de Rancagua. Gracias a él aprendí la estructura poética “Décima” y también, participé en la primera lira popular de Poetas de la Región del Libertador Bernardo O’Higgins en 1989. Los cien brindis picarescos, intentan rescatar la picardía y el ingenio criollo, sin más pretensión que la de tener un motivo más para alzar la copa, invocando las nobles propiedades de esta sangre bendita que: Crea lazos de amistad, induce a la buena camaradería, mitiga el dolor, ennoblece sentimientos, nos hace generosos, agudiza el ingenio, estimula la locuacidad, infunde valor y actúa como antioxidante. Algo más, en cambio, es sencillamente aquello, algo más. ¡Salud!</p>
<p><span style="color: #ed1c24;"><strong>(extracto)</strong></span></p>
<p>1</p>
<p>Brindaré dijo un abstemio</p>
<p>por volunta’ y sacrificio</p>
<p>que me hizo dejar el vicio</p>
<p>y ya no ser un bohemio.</p>
<p>Con Cristo tengo un convenio</p>
<p>y me cuido de lo que hago.</p>
<p>Recibo salud en pago</p>
<p>si a mi promesa no fallo</p>
<p>y a mi suegra parta un rayo</p>
<p>si vuelvo a probar el trago.</p>
<p>¡Salud!</p>
<p>&nbsp;</p>
<p>&nbsp;</p>
<p>2</p>
<p>Yo brindo un árbitro dijo</p>
<p>por el football y la FIFA</p>
<p>cada noche es una rifa</p>
<p>lotería o acertijo</p>
<p>aunque soy hombre prolijo</p>
<p>no entiendo mi situación</p>
<p>que mi pierna, la Marión</p>
<p>el día que se le antoja</p>
<p>me muestra tarjeta roja</p>
<p>y me manda pal rincón.</p>
<p>&nbsp;</p>
<p>&nbsp;</p>
<p>3</p>
<p>Brindo dijo un abogado</p>
<p>por el código penal</p>
<p>que hablando con la legal</p>
<p>platita me ha reportado</p>
<p>siempre salgo bien parado</p>
<p>de situaciones aciagas</p>
<p>primero exijo la paga</p>
<p>del cliente defendido</p>
<p>y si sale algo fallido</p>
<p>culpo a la ley de moraga.</p>
<p>&nbsp;</p>
<p>&nbsp;</p>
<p>4</p>
<p>Voy a brindar por mi oficio</p>
<p>decía un ascensorista</p>
<p>aquí trabajo optimista</p>
<p>ofreciendo mis servicios</p>
<p>y aunque me saca de quicio</p>
<p>que me paguen como el ajo</p>
<p>no cambiaré de trabajo</p>
<p>pues tengo en el piso siete</p>
<p>una lola como cuete</p>
<p>pa’ hacer pa’ arriba y pa’ abajo.</p>
<p>&nbsp;</p>
<p>&nbsp;</p>
<p>&nbsp;</p>

<p>(AGOTADO)</p>
<p><span style="font-size: 85%;">Fecha publicación: Agosto 2016</span></p>
<p><span style="font-size: 85%;">ISBN: 978-956-362-814-2</span></p>
<p><span style="font-size: 85%;">Páginas: 100</span></p>
<p><span style="font-size: 85%;">Formato: 13.5 x 21.5 cms.</span></p>
