{"id":485,"date":"2019-02-11T15:37:36","date_gmt":"2019-02-11T15:37:36","guid":{"rendered":"http:\/\/ppediciones.cl\/?post_type=product&#038;p=485"},"modified":"2022-06-24T18:06:14","modified_gmt":"2022-06-24T18:06:14","slug":"tomo-25-los-molinos-de-colon-con-mirada-de-mujer-ernestina-pinto-moreno","status":"publish","type":"product","link":"https:\/\/ppediciones.cl\/?product=tomo-25-los-molinos-de-colon-con-mirada-de-mujer-ernestina-pinto-moreno","title":{"rendered":"TOMO 25 | Los molinos de Col\u00f3n con mirada de mujer &#8211; Ernestina Pinto Moreno"},"content":{"rendered":"<p><img loading=\"lazy\" decoding=\"async\" class=\"alignnone wp-image-486\" src=\"http:\/\/ppediciones.cl\/wp-content\/uploads\/2019\/02\/25.jpg\" alt=\"\" width=\"174\" height=\"288\" \/><\/p>\n<p>Ernestina Pinto Moreno, en la actualidad comunicadora social, educadora comunitaria, monitora educaci\u00f3n po\u00e9tica, realizadora audiovisual, conductora radial, escritora &#8211; cronista del tiempo y eterna estudiante.<\/p>\n<p>\u201cLos molinos de Col\u00f3n con mirada de mujer\u201d, est\u00e1 dividido en dos cap\u00edtulos. El primero es un intento de rescate de identidad de los campamentos mineros de Col\u00f3n Alto, Col\u00f3n Bajo y Caletones, constituyendo el valor de la memoria y una escritura\u00a0literaria de no ficci\u00f3n, narrando episodios de una vida laboral de veinte a\u00f1os en El Teniente. \u201cSiendo la vida especialmente relato\u201d, la vida se vuelve escritura, me narro a m\u00ed misma, develando l\u00edmites, rastros de dolor, de angustia, de felicidad o iluminaci\u00f3n, el gran universo de lo cotidiano. El segundo cap\u00edtulo, es una recopilaci\u00f3n de cuentos, correspondiendo a observaciones y experiencias inolvidables vividas durante viajes a Europa y Latinoam\u00e9rica.<\/p>\n<p><strong><span style=\"color: #ed1c24;\">(extracto)<\/span><\/strong><\/p>\n<p><strong>PLAZA DE RANCAGUA<\/strong><\/p>\n<p>&nbsp;<\/p>\n<p>Con universos personales y pl\u00e1sticos distintos, a\u00fan as\u00ed, son complementarios. Viven, comparten y disfrutan su vida octogenaria. Se conocen cuarenta a\u00f1os. \u00c9l, le habl\u00f3 por primera vez en la plaza de Rancagua, era un joven ingeniero en entrenamiento,\u201d casco azul\u201d del Concentrador y ella, administrativa en Col\u00f3n. Pololearon diez a\u00f1os, encontr\u00e1ndose despu\u00e9s de sus respectivos divorcios. \u00c9l, viaj\u00f3 por el mundo con su trabajo de ingenier\u00eda, su ox\u00edgeno para vivir. Ella, educadora y escritora, se interna en forma disciplinada todas las ma\u00f1anas en los laberintos de fantas\u00edas, iluminados por d\u00e9biles luces y en otras por truenos y rel\u00e1mpagos de creaci\u00f3n art\u00edstica.<\/p>\n<p>&nbsp;<\/p>\n<p>Arriba, en la colina junto a unos roquer\u00edos, se ubica la caba\u00f1a que comparten, construida de madera noble y con amplios ventanales que miran el mar.\u00a0 As\u00ed, ella delinea los procesos de los personajes, integr\u00e1ndose y posesion\u00e1ndose de su alma. Integr\u00e1ndose y vivi\u00e9ndolos.<\/p>\n<p>&nbsp;<\/p>\n<p>\u00c9l, hombre antropom\u00e9trico, m\u00fasico, con su guitarra compone suaves melod\u00edas, envolviendo el espacio con deliciosos susurros, exhibiendo sus sentimientos, calibrando los percances, milim\u00e9trico, introvertido, siendo su mirada y movimiento, los que hablan, as\u00ed alcanzan ambos el sosiego y equilibrio siempre anhelado.<\/p>\n<p>Una ma\u00f1ana de sol, ella despierta inquieta. Se observa al espejo, advirtiendo su piel curtida con trazos de las experiencias de su vida, sus ojos transmiten energ\u00eda positiva y le entregan cari\u00f1o.<\/p>\n<p>&nbsp;<\/p>\n<p>\u00bfQui\u00e9n soy? Trata de explorar en su memoria y no encuentra recuerdos.<\/p>\n<p>\u00bfQu\u00e9 pasa? Lo llama y \u00e9l se acerca con esmero y cuidado. Ella pregunta:<\/p>\n<p>&nbsp;<\/p>\n<p>\u00bfQui\u00e9n eres?<\/p>\n","protected":false},"excerpt":{"rendered":"<p><span style=\"font-size: 85%;\">Fecha publicaci\u00f3n: Septiembre 2016<\/span><\/p>\n<p><span style=\"font-size: 85%;\">ISBN: 978-956-362-905-7<\/span><\/p>\n<p><span style=\"font-size: 85%;\">P\u00e1ginas: 112<\/span><\/p>\n<p><span style=\"font-size: 85%;\">Formato: 13.5 x 21.5 cms.<\/span><\/p>\n","protected":false},"featured_media":487,"comment_status":"open","ping_status":"closed","template":"","meta":[],"product_brand":[],"product_cat":[71],"product_tag":[],"class_list":{"0":"post-485","1":"product","2":"type-product","3":"status-publish","4":"has-post-thumbnail","6":"product_cat-coleccion-literatura-regional-2","8":"first","9":"instock","10":"taxable","11":"shipping-taxable","12":"purchasable","13":"product-type-simple"},"_links":{"self":[{"href":"https:\/\/ppediciones.cl\/index.php?rest_route=\/wp\/v2\/product\/485","targetHints":{"allow":["GET"]}}],"collection":[{"href":"https:\/\/ppediciones.cl\/index.php?rest_route=\/wp\/v2\/product"}],"about":[{"href":"https:\/\/ppediciones.cl\/index.php?rest_route=\/wp\/v2\/types\/product"}],"replies":[{"embeddable":true,"href":"https:\/\/ppediciones.cl\/index.php?rest_route=%2Fwp%2Fv2%2Fcomments&post=485"}],"wp:featuredmedia":[{"embeddable":true,"href":"https:\/\/ppediciones.cl\/index.php?rest_route=\/wp\/v2\/media\/487"}],"wp:attachment":[{"href":"https:\/\/ppediciones.cl\/index.php?rest_route=%2Fwp%2Fv2%2Fmedia&parent=485"}],"wp:term":[{"taxonomy":"product_brand","embeddable":true,"href":"https:\/\/ppediciones.cl\/index.php?rest_route=%2Fwp%2Fv2%2Fproduct_brand&post=485"},{"taxonomy":"product_cat","embeddable":true,"href":"https:\/\/ppediciones.cl\/index.php?rest_route=%2Fwp%2Fv2%2Fproduct_cat&post=485"},{"taxonomy":"product_tag","embeddable":true,"href":"https:\/\/ppediciones.cl\/index.php?rest_route=%2Fwp%2Fv2%2Fproduct_tag&post=485"}],"curies":[{"name":"wp","href":"https:\/\/api.w.org\/{rel}","templated":true}]}}