{"id":500,"date":"2019-02-11T15:45:03","date_gmt":"2019-02-11T15:45:03","guid":{"rendered":"http:\/\/ppediciones.cl\/?post_type=product&#038;p=500"},"modified":"2024-09-07T09:33:07","modified_gmt":"2024-09-07T09:33:07","slug":"tomo-30-varias-decimas-variadas-saile","status":"publish","type":"product","link":"https:\/\/ppediciones.cl\/?product=tomo-30-varias-decimas-variadas-saile","title":{"rendered":"TOMO 30 | Varias d\u00e9cimas variadas &#8211; Saile"},"content":{"rendered":"<p><img loading=\"lazy\" decoding=\"async\" class=\"alignnone wp-image-501\" src=\"http:\/\/ppediciones.cl\/wp-content\/uploads\/2019\/02\/30-247x400.jpg\" alt=\"\" width=\"165\" height=\"266\" srcset=\"https:\/\/ppediciones.cl\/wp-content\/uploads\/2019\/02\/30-247x400.jpg 247w, https:\/\/ppediciones.cl\/wp-content\/uploads\/2019\/02\/30-768x1244.jpg 768w, https:\/\/ppediciones.cl\/wp-content\/uploads\/2019\/02\/30-494x800.jpg 494w, https:\/\/ppediciones.cl\/wp-content\/uploads\/2019\/02\/30-555x899.jpg 555w, https:\/\/ppediciones.cl\/wp-content\/uploads\/2019\/02\/30.jpg 1170w\" sizes=\"auto, (max-width: 165px) 100vw, 165px\" \/><\/p>\n<p>Saile (El\u00edas Henr\u00edquez \u00c1lvarez), ha participado en varios grupos y talleres literarios, adem\u00e1s ha participado en varios cert\u00e1menes literarios, siendo reconocido y felicitado por caja Los Andes sede Rancagua por su participaci\u00f3n en el concurso Miradas de Vida.<br \/>\nActualmente se encuentras preparando la novela Nostalgias de Anta\u00f1o. Con ochenta alegres primaveras a su haber sigue caminando alegremente por este mundo.<br \/>\nVarias D\u00e9cimas Variadas, son D\u00e9cimas por estructura, por semejanza a las D\u00e9cimas de su autor Don Vicente Espinel, poeta del Siglo de Oro de Espa\u00f1a. Varias, por la cantidad y Variadas pues tocan diferentes t\u00f3picos. Dedica estas D\u00e9cima a su familia, hijos, nietos, bisnietos y al p\u00fablico que las quiera disfrutar.<\/p>\n<p><span style=\"color: #ed1c24;\"><strong>(extracto)<\/strong><\/span><\/p>\n<p><strong>TRAVESURAS<\/strong><\/p>\n<p>&nbsp;<\/p>\n<p>Como nave a la deriva<\/p>\n<p>su coraz\u00f3n en zozobra,<\/p>\n<p>con una pena muy viva<\/p>\n<p>solicita buenas obras.<\/p>\n<p><strong>\u00a0\u00a0\u00a0\u00a0\u00a0\u00a0\u00a0\u00a0\u00a0\u00a0\u00a0 <\/strong><\/p>\n<p>Es como nave sin tim\u00f3n<\/p>\n<p>navegando por la vida<\/p>\n<p>en callej\u00f3n sin salida<\/p>\n<p>necesita un coraz\u00f3n<\/p>\n<p>as\u00ed provoque desaz\u00f3n<\/p>\n<p>como la sopa servida<\/p>\n<p>y sujete de la brida<\/p>\n<p>a no correr en el mundo<\/p>\n<p>como cualquier vagabundo<\/p>\n<p>como nave a la deriva.<\/p>\n<p>Malito y del coraz\u00f3n<\/p>\n<p>se siente como alfombra<\/p>\n<p>como la peque\u00f1a sombra<\/p>\n<p>y con toda una decepci\u00f3n<\/p>\n<p>una malhadada pasi\u00f3n<\/p>\n<p>como la larga recobra<\/p>\n<p>lo mejor de toda sobra<\/p>\n<p>y para mejor abrazar<\/p>\n<p>temiendo as\u00ed ensalzar<\/p>\n<p>su coraz\u00f3n en zozobra.<\/p>\n<p>Como poco lo motiva<\/p>\n<p>deja pasar indolente<\/p>\n<p>demostrando toda gente<\/p>\n<p>un alma caritativa<\/p>\n<p>en una cita furtiva<\/p>\n<p>por lo dem\u00e1s emotiva<\/p>\n<p>en toda gran comitiva<\/p>\n<p>en aventura cualquiera<\/p>\n<p>calamidad se sintiera<\/p>\n<p>con una pena muy viva.<\/p>\n<p>En pedir no hubo enga\u00f1o<\/p>\n<p>es cosa de solicitar<\/p>\n<p>como ni siquiera chistar<\/p>\n<p>algo lindo de su sue\u00f1o<\/p>\n<p>y sin arrugar el ce\u00f1o<\/p>\n<p>caminar bajo la sombra<\/p>\n<p>tapizado con alfombra<\/p>\n<p>so\u00f1ar placenteramente<\/p>\n<p>que no se piense la gente<\/p>\n<p>solicita buenas obras.<\/p>\n<p>Despedida<\/p>\n<p>&nbsp;<\/p>\n<p>Una paloma perdida<\/p>\n<p>de suerte tan poco digna<\/p>\n<p>que no sea la consigna<\/p>\n<p>y desprecio de la vida<\/p>\n<p>por una causa querida<\/p>\n<p>dej\u00e1ndole sin garete<\/p>\n<p>igual que carro sin flete<\/p>\n<p>arrastrando su miseria<\/p>\n<p>pues ser\u00eda cosa seria<\/p>\n<p>estallara como cuete.<\/p>\n","protected":false},"excerpt":{"rendered":"<p><span style=\"font-size: 85%;\">Fecha publicaci\u00f3n: Febrero 2017<\/span><\/p>\n<p><span style=\"font-size: 85%;\">ISBN: 978-956-368-359-2<\/span><\/p>\n<p><span style=\"font-size: 85%;\">P\u00e1ginas: 98<\/span><\/p>\n<p><span style=\"font-size: 85%;\">Formato: 13.5 x 21.5 cms.<\/span><\/p>\n<p>&nbsp;<\/p>\n","protected":false},"featured_media":502,"comment_status":"open","ping_status":"closed","template":"","meta":[],"product_brand":[],"product_cat":[71],"product_tag":[],"class_list":{"0":"post-500","1":"product","2":"type-product","3":"status-publish","4":"has-post-thumbnail","6":"product_cat-coleccion-literatura-regional-2","8":"first","9":"instock","10":"taxable","11":"shipping-taxable","12":"purchasable","13":"product-type-simple"},"_links":{"self":[{"href":"https:\/\/ppediciones.cl\/index.php?rest_route=\/wp\/v2\/product\/500","targetHints":{"allow":["GET"]}}],"collection":[{"href":"https:\/\/ppediciones.cl\/index.php?rest_route=\/wp\/v2\/product"}],"about":[{"href":"https:\/\/ppediciones.cl\/index.php?rest_route=\/wp\/v2\/types\/product"}],"replies":[{"embeddable":true,"href":"https:\/\/ppediciones.cl\/index.php?rest_route=%2Fwp%2Fv2%2Fcomments&post=500"}],"wp:featuredmedia":[{"embeddable":true,"href":"https:\/\/ppediciones.cl\/index.php?rest_route=\/wp\/v2\/media\/502"}],"wp:attachment":[{"href":"https:\/\/ppediciones.cl\/index.php?rest_route=%2Fwp%2Fv2%2Fmedia&parent=500"}],"wp:term":[{"taxonomy":"product_brand","embeddable":true,"href":"https:\/\/ppediciones.cl\/index.php?rest_route=%2Fwp%2Fv2%2Fproduct_brand&post=500"},{"taxonomy":"product_cat","embeddable":true,"href":"https:\/\/ppediciones.cl\/index.php?rest_route=%2Fwp%2Fv2%2Fproduct_cat&post=500"},{"taxonomy":"product_tag","embeddable":true,"href":"https:\/\/ppediciones.cl\/index.php?rest_route=%2Fwp%2Fv2%2Fproduct_tag&post=500"}],"curies":[{"name":"wp","href":"https:\/\/api.w.org\/{rel}","templated":true}]}}

TOMO 30 | Varias décimas variadas &#8211; Saile

<p><img loading="lazy" decoding="async" class="alignnone wp-image-501" src="http://ppediciones.cl/wp-content/uploads/2019/02/30-247x400.jpg" alt="" width="165" height="266" srcset="https://ppediciones.cl/wp-content/uploads/2019/02/30-247x400.jpg 247w, https://ppediciones.cl/wp-content/uploads/2019/02/30-768x1244.jpg 768w, https://ppediciones.cl/wp-content/uploads/2019/02/30-494x800.jpg 494w, https://ppediciones.cl/wp-content/uploads/2019/02/30-555x899.jpg 555w, https://ppediciones.cl/wp-content/uploads/2019/02/30.jpg 1170w" sizes="auto, (max-width: 165px) 100vw, 165px" /></p>
<p>Saile (Elías Henríquez Álvarez), ha participado en varios grupos y talleres literarios, además ha participado en varios certámenes literarios, siendo reconocido y felicitado por caja Los Andes sede Rancagua por su participación en el concurso Miradas de Vida.<br />
Actualmente se encuentras preparando la novela Nostalgias de Antaño. Con ochenta alegres primaveras a su haber sigue caminando alegremente por este mundo.<br />
Varias Décimas Variadas, son Décimas por estructura, por semejanza a las Décimas de su autor Don Vicente Espinel, poeta del Siglo de Oro de España. Varias, por la cantidad y Variadas pues tocan diferentes tópicos. Dedica estas Décima a su familia, hijos, nietos, bisnietos y al público que las quiera disfrutar.</p>
<p><span style="color: #ed1c24;"><strong>(extracto)</strong></span></p>
<p><strong>TRAVESURAS</strong></p>
<p>&nbsp;</p>
<p>Como nave a la deriva</p>
<p>su corazón en zozobra,</p>
<p>con una pena muy viva</p>
<p>solicita buenas obras.</p>
<p><strong>            </strong></p>
<p>Es como nave sin timón</p>
<p>navegando por la vida</p>
<p>en callejón sin salida</p>
<p>necesita un corazón</p>
<p>así provoque desazón</p>
<p>como la sopa servida</p>
<p>y sujete de la brida</p>
<p>a no correr en el mundo</p>
<p>como cualquier vagabundo</p>
<p>como nave a la deriva.</p>
<p>Malito y del corazón</p>
<p>se siente como alfombra</p>
<p>como la pequeña sombra</p>
<p>y con toda una decepción</p>
<p>una malhadada pasión</p>
<p>como la larga recobra</p>
<p>lo mejor de toda sobra</p>
<p>y para mejor abrazar</p>
<p>temiendo así ensalzar</p>
<p>su corazón en zozobra.</p>
<p>Como poco lo motiva</p>
<p>deja pasar indolente</p>
<p>demostrando toda gente</p>
<p>un alma caritativa</p>
<p>en una cita furtiva</p>
<p>por lo demás emotiva</p>
<p>en toda gran comitiva</p>
<p>en aventura cualquiera</p>
<p>calamidad se sintiera</p>
<p>con una pena muy viva.</p>
<p>En pedir no hubo engaño</p>
<p>es cosa de solicitar</p>
<p>como ni siquiera chistar</p>
<p>algo lindo de su sueño</p>
<p>y sin arrugar el ceño</p>
<p>caminar bajo la sombra</p>
<p>tapizado con alfombra</p>
<p>soñar placenteramente</p>
<p>que no se piense la gente</p>
<p>solicita buenas obras.</p>
<p>Despedida</p>
<p>&nbsp;</p>
<p>Una paloma perdida</p>
<p>de suerte tan poco digna</p>
<p>que no sea la consigna</p>
<p>y desprecio de la vida</p>
<p>por una causa querida</p>
<p>dejándole sin garete</p>
<p>igual que carro sin flete</p>
<p>arrastrando su miseria</p>
<p>pues sería cosa seria</p>
<p>estallara como cuete.</p>

<p><span style="font-size: 85%;">Fecha publicación: Febrero 2017</span></p>
<p><span style="font-size: 85%;">ISBN: 978-956-368-359-2</span></p>
<p><span style="font-size: 85%;">Páginas: 98</span></p>
<p><span style="font-size: 85%;">Formato: 13.5 x 21.5 cms.</span></p>
<p>&nbsp;</p>
