{"id":539,"date":"2019-02-11T16:04:55","date_gmt":"2019-02-11T16:04:55","guid":{"rendered":"http:\/\/ppediciones.cl\/?post_type=product&#038;p=539"},"modified":"2022-06-24T01:22:53","modified_gmt":"2022-06-24T01:22:53","slug":"tomo-42-tintero-para-dias-tristes-walter-pineda","status":"publish","type":"product","link":"https:\/\/ppediciones.cl\/?product=tomo-42-tintero-para-dias-tristes-walter-pineda","title":{"rendered":"TOMO 42 | Tintero para d\u00edas tristes &#8211; Walter Pineda"},"content":{"rendered":"<p><img loading=\"lazy\" decoding=\"async\" class=\"alignnone wp-image-540\" src=\"http:\/\/ppediciones.cl\/wp-content\/uploads\/2019\/02\/42-238x400.jpeg\" alt=\"\" width=\"165\" height=\"277\" srcset=\"https:\/\/ppediciones.cl\/wp-content\/uploads\/2019\/02\/42-238x400.jpeg 238w, https:\/\/ppediciones.cl\/wp-content\/uploads\/2019\/02\/42-476x800.jpeg 476w, https:\/\/ppediciones.cl\/wp-content\/uploads\/2019\/02\/42-555x934.jpeg 555w, https:\/\/ppediciones.cl\/wp-content\/uploads\/2019\/02\/42.jpeg 636w\" sizes=\"auto, (max-width: 165px) 100vw, 165px\" \/><\/p>\n<p>Walter Pineda, naci\u00f3 en 1955 en Sewell, campamento minero ubicado en el coraz\u00f3n de los andes, donde el cobre huele a sudor y viento, hoy patrimonio de la humanidad. Rancag\u00fcino por adopci\u00f3n desde 1971,\u00a0 estudi\u00f3 en el emblem\u00e1tico Liceo Oscar Castro Z. Ex trabajador de la Divisi\u00f3n El Teniente. Ingres\u00f3 a la Sociedad de Escritores de Chile en 1982.\u00a0 y fue Miembro Fundador el Circulo Literario F\u00e9nix, Rancagua. Es miembro de la agrupaci\u00f3n Chile, Pa\u00eds de Poetas.<\/p>\n<p>\u201cTintero para d\u00edas tristes\u201d, su d\u00e9cimo libro, re\u00fane poemas de diversos temas, bajo la perspectiva po\u00e9tica de quien busca la belleza pura y no tan pura, en el entorno social, emocional y terrenal del girar el planeta, siempre bajo un lenguaje l\u00edrico propio que es la voz ya madura del poeta.<\/p>\n<p><span style=\"color: #ed1c24;\"><strong>(extracto)<\/strong><\/span><\/p>\n<p><strong>GEOMETR\u00cdA<\/strong><\/p>\n<p>&nbsp;<\/p>\n<p>Un d\u00eda aburrido de mirar el crep\u00fasculo,<\/p>\n<p>de contar siempre las mismas hojas,<\/p>\n<p>entr\u00e9 de pronto en un trance geometrista.<\/p>\n<p>Contemplo la monta\u00f1a,<\/p>\n<p>su quieto silencio me silencia,<\/p>\n<p>y mientras recorro su \u00f3leo<\/p>\n<p>me voy adentrando en el romboide<\/p>\n<p>imperfecto de mi coraz\u00f3n,<\/p>\n<p>voy sintiendo la forma que tiene la tristeza,<\/p>\n<p>la trigonometr\u00eda que adquiere el dolor,<\/p>\n<p>la desilusi\u00f3n parece un \u00e1ngulo deforme,<\/p>\n<p>el desencanto es un pol\u00edgono cuchillo,<\/p>\n<p>la forma que m\u00e1s se acerca a la alegr\u00eda<\/p>\n<p>es sin duda una media esfera,<\/p>\n<p>la tristeza es la otra mitad de esta luna,<\/p>\n<p>y el luto es un rect\u00e1ngulo obscuro<\/p>\n<p>cuya forma var\u00eda seg\u00fan lo profundo de la herida.<\/p>\n<p>Perpendicular a la noche que tangente<\/p>\n<p>avanza por la ecuatorial<\/p>\n<p>elevo a la ra\u00edz de infinito mi nerval arboladura,<\/p>\n<p>en el tri\u00e1ngulo del viento que escribe su intocado verbo<\/p>\n<p>un paralelep\u00edpedo mendigo<\/p>\n<p>se alinea con un astro olvidado<\/p>\n<p>sacude sus penas y se queda dormido<\/p>\n<p>en su metro cuadrado.<\/p>\n<p>&nbsp;<\/p>\n<p>La vida es un poliedro cuya base es un rect\u00e1ngulo,<\/p>\n<p>la muerte es un rect\u00e1ngulo cuya altura es un poliedro.<\/p>\n<p>La imprudencia, el descriterio y la lengua<\/p>\n<p>en su coseno m\u00e1s cercano al cero es un elipse planetaria.<\/p>\n<p>La traici\u00f3n es un rombo, la mentira es un prisma obscuro,<\/p>\n<p>&nbsp;<\/p>\n<p>la verdad es un c\u00edrculo perfecto,<\/p>\n<p>la lealtad es un radio de ese c\u00edrculo.<\/p>\n<p>El hombre y sus sentimientos<\/p>\n<p>en la trigonometr\u00eda de este universo en g\u00e9nesis eterna<\/p>\n<p>es solamente una l\u00ednea buscando su \u00e1ngulo,<\/p>\n<p>su rumbo y su luz.<\/p>\n<p>&nbsp;<\/p>\n<p>Yo, imperfecto como siempre, s\u00f3lo polvo,<\/p>\n<p>pecador por herencia ad\u00e1nica<\/p>\n<p>bajo los fragmentos nocturnales del silencio<\/p>\n<p>escuchando podar al viento,<\/p>\n<p>me pregunto \u00bfQu\u00e9 forma tendr\u00e1 un sue\u00f1o ?<\/p>\n","protected":false},"excerpt":{"rendered":"<p><span style=\"font-size: 85%;\">Fecha publicaci\u00f3n: Febrero 2018<\/span><\/p>\n<p><span style=\"font-size: 85%;\">ISBN: 978-956-393-507-3<\/span><\/p>\n<p><span style=\"font-size: 85%;\">P\u00e1ginas: 100<\/span><\/p>\n<p><span style=\"font-size: 85%;\">Formato: 13.5 x 21.5 cms.<\/span><\/p>\n","protected":false},"featured_media":541,"comment_status":"open","ping_status":"closed","template":"","meta":[],"product_brand":[],"product_cat":[71],"product_tag":[],"class_list":{"0":"post-539","1":"product","2":"type-product","3":"status-publish","4":"has-post-thumbnail","6":"product_cat-coleccion-literatura-regional-2","8":"first","9":"instock","10":"taxable","11":"shipping-taxable","12":"purchasable","13":"product-type-simple"},"_links":{"self":[{"href":"https:\/\/ppediciones.cl\/index.php?rest_route=\/wp\/v2\/product\/539","targetHints":{"allow":["GET"]}}],"collection":[{"href":"https:\/\/ppediciones.cl\/index.php?rest_route=\/wp\/v2\/product"}],"about":[{"href":"https:\/\/ppediciones.cl\/index.php?rest_route=\/wp\/v2\/types\/product"}],"replies":[{"embeddable":true,"href":"https:\/\/ppediciones.cl\/index.php?rest_route=%2Fwp%2Fv2%2Fcomments&post=539"}],"wp:featuredmedia":[{"embeddable":true,"href":"https:\/\/ppediciones.cl\/index.php?rest_route=\/wp\/v2\/media\/541"}],"wp:attachment":[{"href":"https:\/\/ppediciones.cl\/index.php?rest_route=%2Fwp%2Fv2%2Fmedia&parent=539"}],"wp:term":[{"taxonomy":"product_brand","embeddable":true,"href":"https:\/\/ppediciones.cl\/index.php?rest_route=%2Fwp%2Fv2%2Fproduct_brand&post=539"},{"taxonomy":"product_cat","embeddable":true,"href":"https:\/\/ppediciones.cl\/index.php?rest_route=%2Fwp%2Fv2%2Fproduct_cat&post=539"},{"taxonomy":"product_tag","embeddable":true,"href":"https:\/\/ppediciones.cl\/index.php?rest_route=%2Fwp%2Fv2%2Fproduct_tag&post=539"}],"curies":[{"name":"wp","href":"https:\/\/api.w.org\/{rel}","templated":true}]}}