{"id":552,"date":"2019-02-11T16:13:37","date_gmt":"2019-02-11T16:13:37","guid":{"rendered":"http:\/\/ppediciones.cl\/?post_type=product&#038;p=552"},"modified":"2022-06-24T01:13:10","modified_gmt":"2022-06-24T01:13:10","slug":"tomo-4-como-la-vida-de-todos-marco-antonio-medina","status":"publish","type":"product","link":"https:\/\/ppediciones.cl\/?product=tomo-4-como-la-vida-de-todos-marco-antonio-medina","title":{"rendered":"Como la vida de todos | Marco Antonio Medina &#8211; TOMO 4 Colecci\u00f3n Sue\u00f1os"},"content":{"rendered":"<p>Marco Antonio Medina Molina naci\u00f3 en Santiago, es M\u00e9dico cirujano de la Universidad de Chile y especialista en Radiolog\u00eda.<\/p>\n<p>Durante sus primeros a\u00f1os de trabajo ejerci\u00f3 como M\u00e9dico Legista, lo que le permiti\u00f3 desarrollar una especial capacidad de observaci\u00f3n, no solo en el aspecto profesional, sino tambi\u00e9n en el amplio espectro emocional y afectivo del ser humano, especialmente cuando se ve enfrentado a las tribulaciones de la vida, a sus miedos, penas y sinsabores, pero tambi\u00e9n a aquellas sensaciones contrapuestas de alegr\u00eda y realizaci\u00f3n.<\/p>\n<p>Esa activa capacidad de observaci\u00f3n continu\u00f3 acrecent\u00e1ndose al incorporarse al \u00e1mbito del diagn\u00f3stico m\u00e9dico por im\u00e1genes, en que aquella caracter\u00edstica resulta esencial para el desempe\u00f1o adecuado de su funci\u00f3n profesional.<\/p>\n<p>La temprana satisfacci\u00f3n de escuchar historias narradas por su abuela materna y por su madre y su gusto por la lectura multitem\u00e1tica y por la historia -herencia tambi\u00e9n de ellas- generaron su fuerte inclinaci\u00f3n al mundo de la literatura, que con el tiempo migr\u00f3 desde la pasividad de la lectura a la actividad de la creaci\u00f3n literaria.<\/p>\n<p>Comenz\u00f3 a escribir como un divertimento, adquiriendo r\u00e1pidamente el gusto por plasmar en el papel sus observaciones acerca de la vida, primero a trav\u00e9s de los cuentos y luego, de la poes\u00eda, desarrollando en esta \u00faltima, una veta de corte claramente rom\u00e1ntico.<\/p>\n<p>COMO LA VIDA DE TODOS es el primer libro de cuentos de un m\u00e9dico radi\u00f3logo cuya afici\u00f3n por la escritura comenz\u00f3 en los primeros brotes de sus 50 primaveras.<\/p>\n<p>La gran capacidad de observaci\u00f3n que fue desarrollando en su desempe\u00f1o profesional, le han permitido una mirada amplia y l\u00facida de la condici\u00f3n humana.<\/p>\n<p>Este libro ofrece un conjunto de relatos acerca del amor, la muerte, el miedo y la pasi\u00f3n por la vida, en un estilo directo, con historias originales y con un desarrollo \u00e1gil y cautivante.<\/p>\n<p>Como toda primera obra, tiene la frescura y la inocencia del reci\u00e9n nacido, donde los sentimientos fluyen puros, repletos de materia prima, en un disparo del alma hacia el universo.<\/p>\n<p>&nbsp;<\/p>\n","protected":false},"excerpt":{"rendered":"<p><span style=\"font-size: 85%;\">Fecha publicaci\u00f3n: noviembre 2018<\/span><\/p>\n<p><span style=\"font-size: 85%;\">ISBN: 978-956-398-337-1<\/span><\/p>\n<p><span style=\"font-size: 85%;\">P\u00e1ginas: 120<\/span><\/p>\n<p><span style=\"font-size: 85%;\">Formato: 13.5 x 21.5 cms.<\/span><\/p>\n","protected":false},"featured_media":553,"comment_status":"open","ping_status":"closed","template":"","meta":[],"product_brand":[],"product_cat":[72],"product_tag":[],"class_list":{"0":"post-552","1":"product","2":"type-product","3":"status-publish","4":"has-post-thumbnail","6":"product_cat-coleccion-suenos","8":"first","9":"instock","10":"taxable","11":"shipping-taxable","12":"purchasable","13":"product-type-simple"},"_links":{"self":[{"href":"https:\/\/ppediciones.cl\/index.php?rest_route=\/wp\/v2\/product\/552","targetHints":{"allow":["GET"]}}],"collection":[{"href":"https:\/\/ppediciones.cl\/index.php?rest_route=\/wp\/v2\/product"}],"about":[{"href":"https:\/\/ppediciones.cl\/index.php?rest_route=\/wp\/v2\/types\/product"}],"replies":[{"embeddable":true,"href":"https:\/\/ppediciones.cl\/index.php?rest_route=%2Fwp%2Fv2%2Fcomments&post=552"}],"wp:featuredmedia":[{"embeddable":true,"href":"https:\/\/ppediciones.cl\/index.php?rest_route=\/wp\/v2\/media\/553"}],"wp:attachment":[{"href":"https:\/\/ppediciones.cl\/index.php?rest_route=%2Fwp%2Fv2%2Fmedia&parent=552"}],"wp:term":[{"taxonomy":"product_brand","embeddable":true,"href":"https:\/\/ppediciones.cl\/index.php?rest_route=%2Fwp%2Fv2%2Fproduct_brand&post=552"},{"taxonomy":"product_cat","embeddable":true,"href":"https:\/\/ppediciones.cl\/index.php?rest_route=%2Fwp%2Fv2%2Fproduct_cat&post=552"},{"taxonomy":"product_tag","embeddable":true,"href":"https:\/\/ppediciones.cl\/index.php?rest_route=%2Fwp%2Fv2%2Fproduct_tag&post=552"}],"curies":[{"name":"wp","href":"https:\/\/api.w.org\/{rel}","templated":true}]}}