{"id":632,"date":"2019-03-27T15:12:58","date_gmt":"2019-03-27T15:12:58","guid":{"rendered":"http:\/\/ppediciones.cl\/?post_type=product&#038;p=632"},"modified":"2021-11-24T11:16:53","modified_gmt":"2021-11-24T11:16:53","slug":"mensos-y-re-mensos-segunda-antologia-literaria","status":"publish","type":"product","link":"https:\/\/ppediciones.cl\/?product=mensos-y-re-mensos-segunda-antologia-literaria","title":{"rendered":"Mensos y re-mensos, Segunda antolog\u00eda literaria | Equipo de Debates 5\u00b0K"},"content":{"rendered":"<p>\u00a1Cu\u00e1ntas combinaciones \u00fanicas y preciosas permiten cada letra, palabra, verso! Cada uno de ellos es como el humano que los crea: \u00fanico entre los actuales 7 mil 600 millones de habitantes del planeta. Entre todos esos millones, ocurre el milagro de reunir a un grupo de ellos: j\u00f3venes que levantan ideas y les dan vida en cada una de las p\u00e1ginas de este libro. No se trata pues, de un libro cualquiera. Hay en cada creaci\u00f3n un espacio vital que a veces es un grito, otras veces un susurro de esperanza, de denuncia, de amor. En todo caso se trata del milagro de la uni\u00f3n de personas cuyos planteamientos en debates y conversaciones demuestra que el talento no tiene en consideraci\u00f3n los cortos a\u00f1os para desplegarse.<\/p>\n<p>El lector se aproxima a leer la evidencia que demuestra que reunirse a debatir no es simplemente hablar, que el esfuerzo de continuar trabajando cuando la campana de t\u00e9rmino ya ha sonado, cuando todos se retiran a sus casas y descansan, s\u00ed tiene sentido y resultado. Esta antolog\u00eda nos permite abrazar la alegr\u00eda de saber que los estudiantes son la tierra m\u00e1s f\u00e9rtil que existe, llena de semillas a punto de romper en brotes a la espera de alguna gota que les permita desplegarse, gota que no es otra cosa que la labor del profesor que ha de remecer, inspirar confianza y motivar a que ese brote crezca con todas las fuerzas que la naturaleza permita.<\/p>\n","protected":false},"excerpt":{"rendered":"<p><span style=\"font-size: 85%;\">Fecha publicaci\u00f3n: Abril 2018<\/span><\/p>\n<p><span style=\"font-size: 85%;\">ISBN: 978-956-393-614-8<\/span><\/p>\n<p><span style=\"font-size: 85%;\">P\u00e1ginas: 94<\/span><\/p>\n<p><span style=\"font-size: 85%;\">Formato: 28 x 21.5 cms.<\/span><\/p>\n","protected":false},"featured_media":633,"comment_status":"open","ping_status":"closed","template":"","meta":[],"product_brand":[],"product_cat":[118,181,73],"product_tag":[],"class_list":{"0":"post-632","1":"product","2":"type-product","3":"status-publish","4":"has-post-thumbnail","6":"product_cat-118","7":"product_cat-catalogo","8":"product_cat-libros-impresos","10":"first","11":"instock","12":"taxable","13":"shipping-taxable","14":"product-type-simple"},"_links":{"self":[{"href":"https:\/\/ppediciones.cl\/index.php?rest_route=\/wp\/v2\/product\/632","targetHints":{"allow":["GET"]}}],"collection":[{"href":"https:\/\/ppediciones.cl\/index.php?rest_route=\/wp\/v2\/product"}],"about":[{"href":"https:\/\/ppediciones.cl\/index.php?rest_route=\/wp\/v2\/types\/product"}],"replies":[{"embeddable":true,"href":"https:\/\/ppediciones.cl\/index.php?rest_route=%2Fwp%2Fv2%2Fcomments&post=632"}],"wp:featuredmedia":[{"embeddable":true,"href":"https:\/\/ppediciones.cl\/index.php?rest_route=\/wp\/v2\/media\/633"}],"wp:attachment":[{"href":"https:\/\/ppediciones.cl\/index.php?rest_route=%2Fwp%2Fv2%2Fmedia&parent=632"}],"wp:term":[{"taxonomy":"product_brand","embeddable":true,"href":"https:\/\/ppediciones.cl\/index.php?rest_route=%2Fwp%2Fv2%2Fproduct_brand&post=632"},{"taxonomy":"product_cat","embeddable":true,"href":"https:\/\/ppediciones.cl\/index.php?rest_route=%2Fwp%2Fv2%2Fproduct_cat&post=632"},{"taxonomy":"product_tag","embeddable":true,"href":"https:\/\/ppediciones.cl\/index.php?rest_route=%2Fwp%2Fv2%2Fproduct_tag&post=632"}],"curies":[{"name":"wp","href":"https:\/\/api.w.org\/{rel}","templated":true}]}}