{"id":924,"date":"2019-09-18T00:58:41","date_gmt":"2019-09-18T00:58:41","guid":{"rendered":"http:\/\/ppediciones.cl\/?post_type=product&#038;p=924"},"modified":"2021-11-24T03:09:14","modified_gmt":"2021-11-24T03:09:14","slug":"la-esperanza-de-todas-las-gentes-felix-lizana","status":"publish","type":"product","link":"https:\/\/ppediciones.cl\/?product=la-esperanza-de-todas-las-gentes-felix-lizana","title":{"rendered":"La Esperanza De Todas Las Gentes | F. E. Lizana A."},"content":{"rendered":"<p>F. E. Lizana A., ha desarrollado un extenso ministerio misionero voluntario en su comunidad IASD. Le gusta escribir sus reflexiones acerca de la esperanza de salvaci\u00f3n que tenemos en el Se\u00f1or Jesucristo.<\/p>\n<p>Como escritor independiente, ha publicado en Amazon: LA ESPERANZA DE TODAS LAS GENTES; PREDIQUE CON \u00c9XITO; BELLEZA INCOMPARABLE; VIENE CON LAS NUBES-I.<\/p>\n<p>LA ESPERANZA DE TODAS LAS GENTES, es un libro de profundas meditaciones de alto contenido espiritual basado en las promesas del SALMO 91. El autor comparte su reflexi\u00f3n acerca de 25 promesas descritas en \u00e9l.<\/p>\n<p>El Salmo 91 se encuentra precisamente\u00a0 casi en medio de la Biblia, y la composici\u00f3n de solamente 16 vers\u00edculos, ha sido a trav\u00e9s del tiempo, un refugio poderoso de seguridad y esperanza para los hijos de Dios.\u00a0 El Se\u00f1or Jesucristo quiere que el SALMO 91 est\u00e9 en el centro de nuestro coraz\u00f3n, porque da testimonio de \u00c9l. L\u00e9ase Juan 5:39. Posteriormente, ya resucitado el Se\u00f1or confirm\u00f3 a sus disc\u00edpulos; \u201c&#8230; Y les dijo: \u00e9stas son las palabras que os habl\u00e9, estando a\u00fan con vosotros: que era necesario que se cumpliese todo lo que est\u00e1 escrito de m\u00ed en la ley de Mois\u00e9s, en los profetas y en los SALMOS\u201d. (S. Lucas. 24:44).<\/p>\n<p>El contenido de la obra presenta respuestas para enfrentar el temor y la angustia en el presente y en el futuro cercano. Algunos temas son; Esperanza en medio de la CRISIS; Como vencer los MIEDOS; \u00bfQu\u00e9 hacer con la ANGUSTIA?; C\u00f3mo tener una VIDA abundante.<\/p>\n","protected":false},"excerpt":{"rendered":"<p>Fecha publicaci\u00f3n: Agosto 2019<\/p>\n<p>ISBN: 978-956-401-151-6<\/p>\n<p>P\u00e1ginas: 182<\/p>\n<p>Formato: 14 x 21.5 cms.<\/p>\n<p>Valor: $ 14.280 CLP<\/p>\n","protected":false},"featured_media":925,"comment_status":"open","ping_status":"closed","template":"","meta":[],"product_brand":[],"product_cat":[119,181],"product_tag":[88,86,87,85],"class_list":{"0":"post-924","1":"product","2":"type-product","3":"status-publish","4":"has-post-thumbnail","6":"product_cat-119","7":"product_cat-catalogo","8":"product_tag-esperanza","9":"product_tag-ff-publishing","10":"product_tag-felix-lizana","11":"product_tag-salmo-91","13":"first","14":"instock","15":"taxable","16":"shipping-taxable","17":"product-type-simple"},"_links":{"self":[{"href":"https:\/\/ppediciones.cl\/index.php?rest_route=\/wp\/v2\/product\/924","targetHints":{"allow":["GET"]}}],"collection":[{"href":"https:\/\/ppediciones.cl\/index.php?rest_route=\/wp\/v2\/product"}],"about":[{"href":"https:\/\/ppediciones.cl\/index.php?rest_route=\/wp\/v2\/types\/product"}],"replies":[{"embeddable":true,"href":"https:\/\/ppediciones.cl\/index.php?rest_route=%2Fwp%2Fv2%2Fcomments&post=924"}],"wp:featuredmedia":[{"embeddable":true,"href":"https:\/\/ppediciones.cl\/index.php?rest_route=\/wp\/v2\/media\/925"}],"wp:attachment":[{"href":"https:\/\/ppediciones.cl\/index.php?rest_route=%2Fwp%2Fv2%2Fmedia&parent=924"}],"wp:term":[{"taxonomy":"product_brand","embeddable":true,"href":"https:\/\/ppediciones.cl\/index.php?rest_route=%2Fwp%2Fv2%2Fproduct_brand&post=924"},{"taxonomy":"product_cat","embeddable":true,"href":"https:\/\/ppediciones.cl\/index.php?rest_route=%2Fwp%2Fv2%2Fproduct_cat&post=924"},{"taxonomy":"product_tag","embeddable":true,"href":"https:\/\/ppediciones.cl\/index.php?rest_route=%2Fwp%2Fv2%2Fproduct_tag&post=924"}],"curies":[{"name":"wp","href":"https:\/\/api.w.org\/{rel}","templated":true}]}}