{"id":967,"date":"2019-10-16T03:14:31","date_gmt":"2019-10-16T03:14:31","guid":{"rendered":"http:\/\/ppediciones.cl\/?post_type=product&#038;p=967"},"modified":"2024-06-19T18:44:53","modified_gmt":"2024-06-19T18:44:53","slug":"talu-francisco-labarca","status":"publish","type":"product","link":"https:\/\/ppediciones.cl\/?product=talu-francisco-labarca","title":{"rendered":"Tal\u00fa | Francisco Labarca"},"content":{"rendered":"<p>Francisco Labarca, crece al amparo de una familia numerosa en un ambiente rural de la provincia curicana, donde las condiciones socioecon\u00f3micas eran un escollo para que prosperara la aspiraci\u00f3n de continuar capacit\u00e1ndose en las aulas y conocer el mundo a trav\u00e9s de la lectura y la imaginaci\u00f3n.\u00a0 <strong>\u00a0<\/strong><\/p>\n<p>Sin embargo, all\u00ed estaba la vocaci\u00f3n personificada conocida con el t\u00edtulo de Profesores Normalistas, samaritanos de la Educaci\u00f3n, quienes apoyaban e incentivaban m\u00e1s all\u00e1 de su competencia. Tuvo la fortuna el autor de encontrarse en aquella \u00e9poca donde la escuela y los maestros fueron la continuaci\u00f3n del hogar, logrando aprobar su Primaria en una Escuela P\u00fablica de la peque\u00f1a localidad, para luego proseguir la Secundaria en un colegio t\u00e9cnico de la ciudad de Curic\u00f3, de donde, al segundo a\u00f1o, solicita su traslado a la Escuela Normal. All\u00ed sufren un cambio sus intereses y surge la afici\u00f3n por la lectura. La Biblioteca es una de sus mejores amigas haciendo volar su imaginaci\u00f3n y fantas\u00eda, garrapateando sus primeros conatos en letras y versos sueltos que se perdieron en el tiempo\u2026 otros, que en su mente se cobijaron en lo m\u00e1s profundos de sus recuerdos y que ahora de ansias sus ojos asoman como tard\u00edo parto retenido&#8230;<\/p>\n<p>Hoy, en la tranquilidad del hogar y luego de haber cumplido laboralmente la docencia por m\u00e1s de cuatro d\u00e9cadas, renace en \u00e9l el deseo de expresar a trav\u00e9s de la pluma la afici\u00f3n dormida. Esta corta novela nace de la inquietud del autor de crear algo propio y que refleje en gran medida el inmenso aprecio y reconocimiento por la protagonista de la historia.<\/p>\n<p>Ubicado los acontecimientos en un pasado no muy lejano y en un ambiente en que el lector podr\u00e1 deducir a medida que avance en la lectura. Nos cuentan estas letras aspectos de la convivencia en la familia, sus h\u00e1bitos, juegos y entretenciones. De los trabajos y oficios. De la educaci\u00f3n impartida y compartida en la Escuela y la familia.<\/p>\n","protected":false},"excerpt":{"rendered":"<p>Fecha publicaci\u00f3n: Julio 2019<\/p>\n<p>ISBN: 978-956-398-957-1<\/p>\n<p>P\u00e1ginas: 96<\/p>\n<p>Formato: 14 x 21.5 cms.<\/p>\n<p>Valor: $ CLP<\/p>\n","protected":false},"featured_media":968,"comment_status":"open","ping_status":"closed","template":"","meta":[],"product_brand":[],"product_cat":[119,181],"product_tag":[109,110],"class_list":{"0":"post-967","1":"product","2":"type-product","3":"status-publish","4":"has-post-thumbnail","6":"product_cat-119","7":"product_cat-catalogo","8":"product_tag-bitacora","9":"product_tag-diario-de-vida","11":"first","12":"instock","13":"taxable","14":"shipping-taxable","15":"product-type-simple"},"_links":{"self":[{"href":"https:\/\/ppediciones.cl\/index.php?rest_route=\/wp\/v2\/product\/967","targetHints":{"allow":["GET"]}}],"collection":[{"href":"https:\/\/ppediciones.cl\/index.php?rest_route=\/wp\/v2\/product"}],"about":[{"href":"https:\/\/ppediciones.cl\/index.php?rest_route=\/wp\/v2\/types\/product"}],"replies":[{"embeddable":true,"href":"https:\/\/ppediciones.cl\/index.php?rest_route=%2Fwp%2Fv2%2Fcomments&post=967"}],"wp:featuredmedia":[{"embeddable":true,"href":"https:\/\/ppediciones.cl\/index.php?rest_route=\/wp\/v2\/media\/968"}],"wp:attachment":[{"href":"https:\/\/ppediciones.cl\/index.php?rest_route=%2Fwp%2Fv2%2Fmedia&parent=967"}],"wp:term":[{"taxonomy":"product_brand","embeddable":true,"href":"https:\/\/ppediciones.cl\/index.php?rest_route=%2Fwp%2Fv2%2Fproduct_brand&post=967"},{"taxonomy":"product_cat","embeddable":true,"href":"https:\/\/ppediciones.cl\/index.php?rest_route=%2Fwp%2Fv2%2Fproduct_cat&post=967"},{"taxonomy":"product_tag","embeddable":true,"href":"https:\/\/ppediciones.cl\/index.php?rest_route=%2Fwp%2Fv2%2Fproduct_tag&post=967"}],"curies":[{"name":"wp","href":"https:\/\/api.w.org\/{rel}","templated":true}]}}